000
CXUS52 KRAH 010845
CF6GSO
PRELIMINARY LOCAL CLIMATOLOGICAL DATA (WS FORM: F-6)
STATION: GREENSBORO NC
MONTH: APRIL
YEAR: 2022
LATITUDE: 36 4 N
LONGITUDE: 79 57 W
TEMPERATURE IN F: :PCPN: SNOW: WIND :SUNSHINE: SKY :PK WND
================================================================================
1 2 3 4 5 6A 6B 7 8 9 10 11 12 13 14 15 16 17 18
12Z AVG MX 2MIN
DY MAX MIN AVG DEP HDD CDD WTR SNW DPTH SPD SPD DIR MIN PSBL S-S WX SPD DR
================================================================================
1 63 43 53 -2 12 0 0.00 0.0 0 13.4 26 280 M M 1 37 290
2 62 35 49 -6 16 0 0.00 0.0 0 6.2 15 230 M M 5 19 170
3 67 42 55 -1 10 0 T 0.0 0 9.0 22 320 M M 2 29 320
4 67 40 54 -2 11 0 0.00 0.0 0 7.2 18 200 M M 5 24 220
5 70 48 59 3 6 0 0.43 0.0 0 9.8 32 140 M M 8 128 41 140
6 79 54 67 10 0 2 T 0.0 0 10.5 17 190 M M 6 23 200
7 68 52 60 3 5 0 0.12 0.0 0 6.9 17 330 M M 10 1 22 330
8 63 43 53 -4 12 0 T 0.0 0 9.7 25 230 M M 8 33 220
9 52 36 44 -14 21 0 T 0.0 0 11.0 23 310 M M 7 30 320
10 64 35 50 -8 15 0 0.00 0.0 0 9.4 22 260 M M 4 27 280
11 79 40 60 2 5 0 0.00 0.0 0 7.8 22 210 M M 6 27 240
12 77 58 68 10 0 3 T 0.0 0 7.7 21 250 M M 9 29 270
13 81 57 69 10 0 4 0.00 0.0 0 11.3 24 210 M M 9 30 210
14 77 58 68 9 0 3 T 0.0 0 10.1 21 320 M M 9 26 210
15 71 50 61 2 4 0 0.00 0.0 0 6.1 17 170 M M 6 23 70
16 74 52 63 3 2 0 T 0.0 0 10.1 20 220 M M 9 24 220
17 73 51 62 2 3 0 T 0.0 0 9.2 23 100 M M 7 30 80
18 55 38 47 -13 18 0 1.64 0.0 0 11.6 24 70 M M 9 1 30 60
19 57 35 46 -15 19 0 0.00 0.0 M 12.2 28 300 M M 2 35 300
20 64 33 49 -12 16 0 0.00 0.0 0 4.8 14 150 M M 4 17 170
21 70 44 57 -4 8 0 0.00 0.0 0 8.2 17 230 M M 8 24 190
22 82 51 67 6 0 2 0.00 0.0 0 3.6 13 280 M M 4 17 280
23 81 55 68 6 0 3 0.00 0.0 0 6.5 17 210 M M 2 25 210
24 81 59 70 8 0 5 0.00 0.0 0 9.9 18 210 M M 1 22 240
25 82 56 69 7 0 4 0.00 0.0 0 8.1 17 200 M M 1 23 200
26 84 54 69 7 0 4 T 0.0 0 10.7 32 320 M M 5 3 44 320
27 71 44 58 -5 7 0 0.00 0.0 0 8.4 22 320 M M 1 30 320
28 73 49 61 -2 4 0 0.00 0.0 0 6.5 20 330 M M 4 27 320
29 70 49 60 -3 5 0 0.00 0.0 0 6.3 13 80 M M 8 16 130
30 66 51 59 -5 6 0 T 0.0 0 5.5 13 60 M M 8 16 50
================================================================================
SM 2123 1412 205 30 2.19 0.0 257.7 M 168
================================================================================
AV 70.8 47.1 8.6 FASTST M M 6 MAX(MPH)
MISC ----> # 32 140 44 320
================================================================================
NOTES:
# LAST OF SEVERAL OCCURRENCES
COLUMN 17 PEAK WIND IN M.P.H.
PRELIMINARY LOCAL CLIMATOLOGICAL DATA (WS FORM: F-6) , PAGE 2
STATION: GREENSBORO NC
MONTH: APRIL
YEAR: 2022
LATITUDE: 36 4 N
LONGITUDE: 79 57 W
[TEMPERATURE DATA] [PRECIPITATION DATA] SYMBOLS USED IN COLUMN 16
AVERAGE MONTHLY: 58.9 TOTAL FOR MONTH: 2.19 1 = FOG OR MIST
DPTR FM NORMAL: -0.5 DPTR FM NORMAL: -1.59 2 = FOG REDUCING VISIBILITY
HIGHEST: 84 ON 26 GRTST 24HR 1.64 ON 17-18 TO 1/4 MILE OR LESS
LOWEST: 33 ON 20 3 = THUNDER
SNOW, ICE PELLETS, HAIL 4 = ICE PELLETS
TOTAL MONTH: 0.0 INCH 5 = HAIL
GRTST 24HR 0.0 6 = FREEZING RAIN OR DRIZZLE
GRTST DEPTH: 0 7 = DUSTSTORM OR SANDSTORM:
VSBY 1/2 MILE OR LESS
8 = SMOKE OR HAZE
[NO. OF DAYS WITH] [WEATHER - DAYS WITH] 9 = BLOWING SNOW
X = TORNADO
MAX 32 OR BELOW: 0 0.01 INCH OR MORE: 3
MAX 90 OR ABOVE: 0 0.10 INCH OR MORE: 3
MIN 32 OR BELOW: 0 0.50 INCH OR MORE: 1
MIN 0 OR BELOW: 0 1.00 INCH OR MORE: 1
[HDD (BASE 65) ]
TOTAL THIS MO. 205 CLEAR (SCALE 0-3) 7
DPTR FM NORMAL 1 PTCLDY (SCALE 4-7) 15
TOTAL FM JUL 1 3033 CLOUDY (SCALE 8-10) 8
DPTR FM NORMAL -402
[CDD (BASE 65) ]
TOTAL THIS MO. 30
DPTR FM NORMAL -8 [PRESSURE DATA]
TOTAL FM JAN 1 46 HIGHEST SLP 30.47 ON 21
DPTR FM NORMAL 1 LOWEST SLP 29.53 ON 7
[REMARKS]
#FINAL-04-22#