000
CXUS52 KRAH 310118
CF6GSO
PRELIMINARY LOCAL CLIMATOLOGICAL DATA (WS FORM: F-6)
STATION: GREENSBORO NC
MONTH: JUNE
YEAR: 2021
LATITUDE: 36 4 N
LONGITUDE: 79 57 W
TEMPERATURE IN F: :PCPN: SNOW: WIND :SUNSHINE: SKY :PK WND
================================================================================
1 2 3 4 5 6A 6B 7 8 9 10 11 12 13 14 15 16 17 18
12Z AVG MX 2MIN
DY MAX MIN AVG DEP HDD CDD WTR SNW DPTH SPD SPD DIR MIN PSBL S-S WX SPD DR
================================================================================
1 78 54 66 -6 0 1 0.00 0.0 0 5.1 12 190 M M 8 25 200
2 79 62 71 -1 0 6 T 0.0 0 7.9 17 150 M M 10 20 150
3 81 69 75 3 0 10 0.01 0.0 0 7.8 22 160 M M 10 3 26 160
4 85 66 76 4 0 11 0.02 0.0 0 5.9 14 310 M M 8 19 320
5 88 61 75 2 0 10 0.00 0.0 0 5.6 15 190 M M 7 18 190
6 88 67 78 5 0 13 0.15 0.0 0 6.4 29 180 M M 7 1 35 190
7 86 68 77 4 0 12 0.84 0.0 0 8.4 24 250 M M 9 13 32 240
8 84 69 77 3 0 12 0.00 0.0 0 8.3 16 220 M M 9 21 230
9 87 70 79 5 0 14 T 0.0 0 6.7 14 220 M M 10 1 18 270
10 84 71 78 4 0 13 0.86 0.0 0 6.4 15 180 M M 10 13 19 160
11 82 69 76 2 0 11 1.27 0.0 0 5.1 20 340 M M 8 138 27 350
12 79 68 74 -1 0 9 0.01 0.0 0 7.2 16 70 M M 9 1 25 90
13 82 67 75 0 0 10 0.02 0.0 0 5.6 12 70 M M 9 25 140
14 89 64 77 2 0 12 T 0.0 0 4.1 18 320 M M 7 3 25 340
15 83 67 75 0 0 10 0.00 0.0 0 7.2 21 320 M M 3 27 320
16 83 61 72 -4 0 7 0.00 0.0 0 6.1 14 310 M M 3 18 310
17 81 58 70 -6 0 5 0.00 0.0 0 4.5 14 70 M M 1 19 60
18 87 59 73 -3 0 8 0.00 0.0 0 7.5 17 260 M M 2 30 270
19 89 69 79 3 0 14 0.00 0.0 0 10.9 20 230 M M 7 26 220
20 82 68 75 -1 0 10 0.19 0.0 0 5.8 17 190 M M 9 1 21 190
21 90 69 80 3 0 15 0.00 0.0 0 11.3 21 220 M M 6 1 27 210
22 78 61 70 -7 0 5 0.46 0.0 0 8.7 20 320 M M 8 13 27 300
23 78 60 69 -8 0 4 0.00 0.0 0 6.3 14 50 M M 5 17 50
24 78 58 68 -9 0 3 0.00 0.0 0 4.5 13 120 M M 5 16 60
25 78 56 67 -11 0 2 0.00 0.0 0 5.2 13 80 M M 6 18 80
26 85 68 77 -1 0 12 T 0.0 0 7.2 21 140 M M 8 1 25 140
27 87 70 79 1 0 14 T 0.0 0 6.7 14 150 M M 6 1 17 180
28 88 69 79 1 0 14 0.00 0.0 0 6.5 15 130 M M 5 20 150
29 87 69 78 0 0 13 0.00 0.0 0 6.8 14 160 M M 6 1 24 180
30 92 71 82 4 0 17 0.00 0.0 0 8.9 17 220 M M 5 25 100
================================================================================
SM 2518 1958 0 297 3.83 0.0 204.6 M 206
================================================================================
AV 83.9 65.3 6.8 FASTST M M 7 MAX(MPH)
MISC ----> 29 180 35 190
================================================================================
NOTES:
# LAST OF SEVERAL OCCURRENCES
COLUMN 17 PEAK WIND IN M.P.H.
PRELIMINARY LOCAL CLIMATOLOGICAL DATA (WS FORM: F-6) , PAGE 2
STATION: GREENSBORO NC
MONTH: JUNE
YEAR: 2021
LATITUDE: 36 4 N
LONGITUDE: 79 57 W
[TEMPERATURE DATA] [PRECIPITATION DATA] SYMBOLS USED IN COLUMN 16
AVERAGE MONTHLY: 74.6 TOTAL FOR MONTH: 3.83 1 = FOG OR MIST
DPTR FM NORMAL: -0.7 DPTR FM NORMAL: -0.26 2 = FOG REDUCING VISIBILITY
HIGHEST: 92 ON 30 GRTST 24HR 1.33 ON 10-11 TO 1/4 MILE OR LESS
LOWEST: 54 ON 1 3 = THUNDER
SNOW, ICE PELLETS, HAIL 4 = ICE PELLETS
TOTAL MONTH: 0.0 INCH 5 = HAIL
GRTST 24HR 0.0 6 = FREEZING RAIN OR DRIZZLE
GRTST DEPTH: 0 7 = DUSTSTORM OR SANDSTORM:
VSBY 1/2 MILE OR LESS
8 = SMOKE OR HAZE
[NO. OF DAYS WITH] [WEATHER - DAYS WITH] 9 = BLOWING SNOW
X = TORNADO
MAX 32 OR BELOW: 0 0.01 INCH OR MORE: 10
MAX 90 OR ABOVE: 2 0.10 INCH OR MORE: 6
MIN 32 OR BELOW: 0 0.50 INCH OR MORE: 3
MIN 0 OR BELOW: 0 1.00 INCH OR MORE: 1
[HDD (BASE 65) ]
TOTAL THIS MO. 0 CLEAR (SCALE 0-3) 3
DPTR FM NORMAL -5 PTCLDY (SCALE 4-7) 16
TOTAL FM JUL 1 3404 CLOUDY (SCALE 8-10) 11
DPTR FM NORMAL -91
[CDD (BASE 65) ]
TOTAL THIS MO. 297
DPTR FM NORMAL -17 [PRESSURE DATA]
TOTAL FM JAN 1 450 HIGHEST SLP 30.35 ON 24
DPTR FM NORMAL -47 LOWEST SLP 29.71 ON 22
[REMARKS]
#FINAL-06-21#
CORRECTED TO REMOVE MISSING SNOW DEPTH.