000
CXUS52 KGSP 011031
CF6GSP
PRELIMINARY LOCAL CLIMATOLOGICAL DATA (WS FORM: F-6)
STATION: GREENVILLE-SPARTANBURG SC
MONTH: JUNE
YEAR: 2020
LATITUDE: 34 54 N
LONGITUDE: 82 13 W
TEMPERATURE IN F: :PCPN: SNOW: WIND :SUNSHINE: SKY :PK WND
================================================================================
1 2 3 4 5 6A 6B 7 8 9 10 11 12 13 14 15 16 17 18
12Z AVG MX 2MIN
DY MAX MIN AVG DEP HDD CDD WTR SNW DPTH SPD SPD DIR MIN PSBL S-S WX SPD DR
================================================================================
1 79 55 67 -6 0 2 0.00 0.0 0 5.3 16 50 M M 1 21 50
2 84 60 72 -2 0 7 0.00 0.0 0 9.2 18 240 M M 2 23 230
3 90 65 78 4 0 13 0.00 0.0 0 8.6 17 220 M M 0 22 220
4 91 68 80 6 0 15 0.67 0.0 0 7.3 24 210 M M 2 138 33 180
5 86 69 78 4 0 13 0.00 0.0 0 9.0 18 210 M M 7 13 23 210
6 90 68 79 4 0 14 0.00 0.0 0 5.5 17 200 M M 1 1 20 200
7 93 72 83 8 0 18 0.00 0.0 0 6.2 15 200 M M 3 1 17 210
8 87 69 78 3 0 13 0.00 0.0 0 3.8 10 30 M M 3 14 20
9 91 71 81 6 0 16 0.00 0.0 0 6.9 20 210 M M 5 25 200
10 87 71 79 3 0 14 0.11 0.0 0 10.2 23 170 M M 6 13 32 180
11 91 71 81 5 0 16 0.00 0.0 0 4.6 12 220 M M 6 1 16 220
12 84 64 74 -2 0 9 0.00 0.0 0 7.7 21 30 M M 3 26 30
13 85 59 72 -4 0 7 0.00 0.0 0 6.2 14 70 M M 1 20 40
14 83 61 72 -5 0 7 0.16 0.0 0 5.9 14 310 M M 5 13 21 320
15 72 58 65 -12 0 0 0.00 0.0 0 10.5 20 20 M M 6 26 10
16 61 56 59 -18 6 0 0.12 0.0 0 10.6 17 40 M M 10 18 24 10
17 74 59 67 -10 0 2 0.13 0.0 0 4.5 10 20 M M 10 1 14 30
18 82 63 73 -4 0 8 0.05 0.0 0 4.2 12 210 M M 9 1 17 210
19 85 64 75 -3 0 10 0.02 0.0 0 3.2 10 350 M M 5 13 15 360
20 89 61 75 -3 0 10 0.03 0.0 0 2.9 22 50 M M 1 13 31 50
21 93 64 79 1 0 14 0.90 0.0 0 3.5 44 220 M M 2 138 57 220
22 89 65 77 -1 0 12 T 0.0 0 8.5 18 270 M M 1 28 270
23 82 67 75 -3 0 10 T 0.0 0 9.6 23 220 M M 4 29 220
24 87 65 76 -2 0 11 0.60 0.0 0 3.0 24 10 M M 4 138 34 10
25 89 69 79 0 0 14 T 0.0 0 8.2 21 30 M M 5 3 31 40
26 87 64 76 -3 0 11 0.00 0.0 0 6.2 21 250 M M 3 1 28 250
27 86 67 77 -2 0 12 T 0.0 0 7.4 17 220 M M 4 8 22 230
28 92 69 81 2 0 16 T 0.0 0 8.9 23 250 M M 1 3 37 240
29 91 71 81 2 0 16 0.37 0.0 0 4.7 18 360 M M 2 13 25 350
30 86 70 78 -1 0 13 0.01 0.0 0 3.5 13 40 M M 2 15 30
================================================================================
SM 2566 1955 6 323 3.17 0.0 195.8 M 114
================================================================================
AV 85.5 65.2 6.5 FASTST M M 4 MAX(MPH)
MISC ----> 44 220 57 220
================================================================================
NOTES:
# LAST OF SEVERAL OCCURRENCES
COLUMN 17 PEAK WIND IN M.P.H.
PRELIMINARY LOCAL CLIMATOLOGICAL DATA (WS FORM: F-6) , PAGE 2
STATION: GREENVILLE-SPARTANBURG SC
MONTH: JUNE
YEAR: 2020
LATITUDE: 34 54 N
LONGITUDE: 82 13 W
[TEMPERATURE DATA] [PRECIPITATION DATA] SYMBOLS USED IN COLUMN 16
AVERAGE MONTHLY: 75.4 TOTAL FOR MONTH: 3.17 1 = FOG OR MIST
DPTR FM NORMAL: -1.3 DPTR FM NORMAL: -0.63 2 = FOG REDUCING VISIBILITY
HIGHEST: 93 ON 21, 7 GRTST 24HR 0.90 ON 21-21 TO 1/4 MILE OR LESS
LOWEST: 55 ON 1 3 = THUNDER
SNOW, ICE PELLETS, HAIL 4 = ICE PELLETS
TOTAL MONTH: 0.0 INCH 5 = HAIL
GRTST 24HR 0.0 6 = FREEZING RAIN OR DRIZZLE
GRTST DEPTH: 0 7 = DUSTSTORM OR SANDSTORM:
VSBY 1/2 MILE OR LESS
8 = SMOKE OR HAZE
[NO. OF DAYS WITH] [WEATHER - DAYS WITH] 9 = BLOWING SNOW
X = TORNADO
MAX 32 OR BELOW: 0 0.01 INCH OR MORE: 12
MAX 90 OR ABOVE: 9 0.10 INCH OR MORE: 8
MIN 32 OR BELOW: 0 0.50 INCH OR MORE: 3
MIN 0 OR BELOW: 0 1.00 INCH OR MORE: 0
[HDD (BASE 65) ]
TOTAL THIS MO. 6 CLEAR (SCALE 0-3) 15
DPTR FM NORMAL 4 PTCLDY (SCALE 4-7) 12
TOTAL FM JUL 1 2734 CLOUDY (SCALE 8-10) 3
DPTR FM NORMAL -310
[CDD (BASE 65) ]
TOTAL THIS MO. 323
DPTR FM NORMAL -28 [PRESSURE DATA]
TOTAL FM JAN 1 507 HIGHEST SLP 30.29 ON 1
DPTR FM NORMAL -45 LOWEST SLP 29.79 ON 23
[REMARKS]
#FINAL-06-20#