000
CXUS52 KFFC 011010
CF6GVL
PRELIMINARY LOCAL CLIMATOLOGICAL DATA (WS FORM: F-6)
STATION: GAINESVILLE
MONTH: APRIL
YEAR: 2023
LATITUDE: 34 16 N
LONGITUDE: 83 50 W
TEMPERATURE IN F: :PCPN: SNOW: WIND :SUNSHINE: SKY :PK WND
================================================================================
1 2 3 4 5 6A 6B 7 8 9 10 11 12 13 14 15 16 17 18
12Z AVG MX 2MIN
DY MAX MIN AVG DEP HDD CDD WTR SNW DPTH SPD SPD DIR MIN PSBL S-S WX SPD DR
================================================================================
1 79 59 69 12 0 4 0.53 M M 14.3 33 250 M M 4 13 53 240
2 72 46 59 2 6 0 0.00 M M 7.7 18 320 M M 0 29 330
3 58 50 54 -4 11 0 0.03 M M 5.1 14 70 M M 7 17 70
4 77 57 67 9 0 2 0.00 M M 3.8 12 130 M M 8 18 17 140
5 86 63 75 17 0 10 T M M 5.5 13 190 M M 6 12 23 140
6 83 67 75 17 0 10 0.00 M M 3.0 14 250 M M 6 20 250
7 79 49 64 5 1 0 0.09 M M 7.8 24 90 M M 9 13 36 90
8 49 41 45 -14 20 0 2.02 M M 14.3 24 80 M M 10 1 37 40
9 64 41 53 -6 12 0 0.00 M M 11.0 20 80 M M 2 8 34 90
10 65 44 55 -5 10 0 0.00 M M 8.0 20 90 M M 0 29 100
11 73 41 57 -3 8 0 0.00 M M 2.9 14 80 M M 0 23 40
12 78 45 62 2 3 0 0.00 M M 2.6 13 150 M M 0 17 160
13 71 48 60 0 5 0 0.20 M M 7.1 20 100 M M 5 1 31 70
14 67 58 63 3 2 0 0.94 M M 3.7 12 70 M M 10 13 17 80
15 78 57 68 7 0 3 0.00 M M 5.4 20 250 M M 4 1 29 240
16 73 54 64 3 1 0 0.22 M M 8.7 20 270 M M 7 1 32 280
17 69 44 57 -4 8 0 0.00 M M 10.3 22 280 M M 0 34 280
18 77 47 62 0 3 0 0.00 M M 6.3 18 260 M M 0 26 240
19 82 51 67 5 0 2 0.00 M M 3.5 14 240 M M 0 19 230
20 83 54 69 7 0 4 0.00 M M 4.0 14 160 M M 0 8 24 150
21 78 58 68 6 0 3 0.00 M M 4.6 14 140 M M 1 21 150
22 69 51 60 -3 5 0 0.51 M M 8.6 24 310 M M 4 13 37 300
23 68 46 57 -6 8 0 0.00 M M 7.2 18 260 M M 1 31 270
24 68 48 58 -5 7 0 0.00 M M 7.1 14 240 M M 3 19 210
25 67 45 56 -7 9 0 0.02 M M 8.4 16 90 M M 7 24 100
26 55 52 54 -10 11 0 0.20 M M 9.1 15 60 M M 10 1 21 80
27 58 53 56 -8 9 0 0.44 M M 9.0 17 90 M M 10 13 24 90
28 77 57 67 3 0 2 0.01 M M 6.8 18 250 M M 6 12 26 230
29 75 53 64 0 1 0 0.09 M M 3.9 9 150 M M 1 1 14 230
30 71 50 61 -4 4 0 0.53 M M 10.9 29 260 M M 7 1 45 250
================================================================================
SM 2149 1529 144 40 5.83 M 210.6 M 128
================================================================================
AV 71.6 51.0 7.0 FASTST M M 4 MAX(MPH)
MISC ----> 33 250 53 240
================================================================================
NOTES:
# LAST OF SEVERAL OCCURRENCES
COLUMN 17 PEAK WIND IN M.P.H.
PRELIMINARY LOCAL CLIMATOLOGICAL DATA (WS FORM: F-6) , PAGE 2
STATION: GAINESVILLE
MONTH: APRIL
YEAR: 2023
LATITUDE: 34 16 N
LONGITUDE: 83 50 W
[TEMPERATURE DATA] [PRECIPITATION DATA] SYMBOLS USED IN COLUMN 16
AVERAGE MONTHLY: 61.3 TOTAL FOR MONTH: 5.83 1 = FOG OR MIST
DPTR FM NORMAL: 0.4 DPTR FM NORMAL: 1.85 2 = FOG REDUCING VISIBILITY
HIGHEST: 86 ON 5 GRTST 24HR 2.02 ON 8- 8 TO 1/4 MILE OR LESS
LOWEST: 41 ON 11, 9 3 = THUNDER
SNOW, ICE PELLETS, HAIL 4 = ICE PELLETS
TOTAL MONTH: M 5 = HAIL
GRTST 24HR M ON M 6 = FREEZING RAIN OR DRIZZLE
GRTST DEPTH: M ON M 7 = DUSTSTORM OR SANDSTORM:
VSBY 1/2 MILE OR LESS
8 = SMOKE OR HAZE
[NO. OF DAYS WITH] [WEATHER - DAYS WITH] 9 = BLOWING SNOW
X = TORNADO
MAX 32 OR BELOW: 0 0.01 INCH OR MORE: 14
MAX 90 OR ABOVE: 0 0.10 INCH OR MORE: 9
MIN 32 OR BELOW: 0 0.50 INCH OR MORE: 5
MIN 0 OR BELOW: 0 1.00 INCH OR MORE: 1
[HDD (BASE 65) ]
TOTAL THIS MO. 144 CLEAR (SCALE 0-3) 13
DPTR FM NORMAL -18 PTCLDY (SCALE 4-7) 12
TOTAL FM JUL 1 2348 CLOUDY (SCALE 8-10) 5
DPTR FM NORMAL -613
[CDD (BASE 65) ]
TOTAL THIS MO. 40
DPTR FM NORMAL 1 [PRESSURE DATA]
TOTAL FM JAN 1 77 HIGHEST SLP 30.45 ON 10
DPTR FM NORMAL 31 LOWEST SLP 29.46 ON 30
[REMARKS]
#FINAL-04-23#