000
CXUS54 KJAN 012348
CF6GWO
PRELIMINARY LOCAL CLIMATOLOGICAL DATA (WS FORM: F-6)
STATION: GREENWOOD
MONTH: NOVEMBER
YEAR: 2020
LATITUDE: 33 30 N
LONGITUDE: 90 5 W
TEMPERATURE IN F: :PCPN: SNOW: WIND :SUNSHINE: SKY :PK WND
================================================================================
1 2 3 4 5 6A 6B 7 8 9 10 11 12 13 14 15 16 17 18
12Z AVG MX 2MIN
DY MAX MIN AVG DEP HDD CDD WTR SNW DPTH SPD SPD DIR MIN PSBL S-S WX SPD DR
================================================================================
1 70 37 54 -5 11 0 0.00 0.0 0 4.3 18 360 M M 0 1 29 360
2 62 32 47 -12 18 0 0.00 0.0 0 2.4 13 80 M M 0 17 70
3 69 34 52 -7 13 0 0.00 0.0 0 1.5 9 230 M M 0 16 230
4 75 40 58 0 7 0 0.00 0.0 0 1.6 8 220 M M 0 11 210
5 74 47 61 3 4 0 0.00 0.0 0 2.7 10 150 M M 0 14 140
6 79 46 63 5 2 0 0.00 0.0 0 4.9 13 90 M M 1 1 17 40
7 82 56 69 12 0 4 0.00 0.0 0 7.1 16 110 M M 2 22 110
8 82 61 72 15 0 7 0.00 0.0 0 8.7 18 100 M M 4 26 150
9 80 60 70 13 0 5 0.00 0.0 0 5.8 15 100 M M 5 1 21 120
10 78 61 70 14 0 5 0.00 0.0 0 6.0 15 130 M M 9 1 21 130
11 76 52 64 8 1 0 0.00 0.0 0 5.1 13 360 M M 7 1 19 340
12 72 44 58 2 7 0 0.00 0.0 0 2.5 7 350 M M 1 13 320
13 75 45 60 5 5 0 0.00 0.0 0 3.1 12 50 M M 2 15 340
14 81 50 66 11 0 1 0.00 0.0 0 10.4 24 170 M M 3 33 170
15 70 38 54 -1 11 0 0.32 0.0 0 8.5 23 210 M M 2 18 38 330
16 69 32 51 -3 14 0 0.00 0.0 0 1.3 10 70 M M 0 15 50
17 70 35 53 -1 12 0 0.00 0.0 0 5.5 18 50 M M 0 25 60
18 71 36 54 0 11 0 0.00 0.0 0 4.8 12 110 M M 0 16 120
19 74 42 58 5 7 0 0.00 0.0 0 10.2 18 170 M M 0 25 170
20 77 52 65 12 0 0 0.00 0.0 0 5.1 14 180 M M 1 20 180
21 77 51 64 12 1 0 0.00 0.0 0 3.1 9 70 M M 1 13 110
22 71 50 61 9 4 0 T 0.0 0 6.9 20 360 M M 6 31 350
23 63 36 50 -2 15 0 0.00 0.0 0 5.8 16 80 M M 1 22 80
24 71 36 54 3 11 0 0.00 0.0 0 9.5 26 150 M M 1 37 120
25 73 45 59 8 6 0 1.02 0.0 0 10.6 25 200 M M 5 1 34 200
26 69 38 54 3 11 0 0.00 0.0 0 1.6 8 80 M M 0 1 12 90
27 64 47 56 5 9 0 0.06 0.0 0 3.8 20 160 M M 9 1 25 160
28 57 45 51 1 14 0 0.00 0.0 0 4.5 13 40 M M 2 1 17 30
29 53 43 48 -2 17 0 1.13 0.0 0 5.6 17 30 M M 9 1 24 20
30 47 26 37 -13 28 0 0.00 0.0 0 7.1 18 340 M M 5 32 340
================================================================================
SM 2131 1317 239 22 2.53 0.0 160.0 M 76
================================================================================
AV 71.0 43.9 5.3 FASTST M M 3 MAX(MPH)
MISC ----> # 26 150 # 38 330
================================================================================
NOTES:
# LAST OF SEVERAL OCCURRENCES
COLUMN 17 PEAK WIND IN M.P.H.
PRELIMINARY LOCAL CLIMATOLOGICAL DATA (WS FORM: F-6) , PAGE 2
STATION: GREENWOOD
MONTH: NOVEMBER
YEAR: 2020
LATITUDE: 33 30 N
LONGITUDE: 90 5 W
[TEMPERATURE DATA] [PRECIPITATION DATA] SYMBOLS USED IN COLUMN 16
AVERAGE MONTHLY: 57.5 TOTAL FOR MONTH: 2.53 1 = FOG OR MIST
DPTR FM NORMAL: 3.2 DPTR FM NORMAL: -1.99 2 = FOG REDUCING VISIBILITY
HIGHEST: 82 ON 8, 7 GRTST 24HR 1.13 ON 29-29 TO 1/4 MILE OR LESS
LOWEST: 26 ON 30 3 = THUNDER
SNOW, ICE PELLETS, HAIL 4 = ICE PELLETS
TOTAL MONTH: 0.0 INCH 5 = HAIL
GRTST 24HR 0.0 6 = FREEZING RAIN OR DRIZZLE
GRTST DEPTH: 0 7 = DUSTSTORM OR SANDSTORM:
VSBY 1/2 MILE OR LESS
8 = SMOKE OR HAZE
[NO. OF DAYS WITH] [WEATHER - DAYS WITH] 9 = BLOWING SNOW
X = TORNADO
MAX 32 OR BELOW: 0 0.01 INCH OR MORE: 4
MAX 90 OR ABOVE: 0 0.10 INCH OR MORE: 3
MIN 32 OR BELOW: 3 0.50 INCH OR MORE: 2
MIN 0 OR BELOW: 0 1.00 INCH OR MORE: 2
[HDD (BASE 65) ]
TOTAL THIS MO. 239 CLEAR (SCALE 0-3) 21
DPTR FM NORMAL -98 PTCLDY (SCALE 4-7) 6
TOTAL FM JUL 1 331 CLOUDY (SCALE 8-10) 3
DPTR FM NORMAL -137
[CDD (BASE 65) ]
TOTAL THIS MO. 22
DPTR FM NORMAL 5 [PRESSURE DATA]
TOTAL FM JAN 1 2323 HIGHEST SLP M ON M
DPTR FM NORMAL 164 LOWEST SLP 29.83 ON M
[REMARKS]
#FINAL-11-20#