000
CXUS55 KBOU 010813
CF6GXY
PRELIMINARY LOCAL CLIMATOLOGICAL DATA (WS FORM: F-6)
STATION: GREELEY CO
MONTH: APRIL
YEAR: 2020
LATITUDE: 40 25 N
LONGITUDE: 104 38 W
TEMPERATURE IN F: :PCPN: SNOW: WIND :SUNSHINE: SKY :PK WND
================================================================================
1 2 3 4 5 6A 6B 7 8 9 10 11 12 13 14 15 16 17 18
12Z AVG MX 2MIN
DY MAX MIN AVG DEP HDD CDD WTR SNW DPTH SPD SPD DIR MIN PSBL S-S WX SPD DR
================================================================================
1 75 26 51 M 14 0 M M M 8.3 28 40 M M 3 1 36 40
2 33 14 24 M 41 0 M M M 11.6 20 20 M M 10 1 25 20
3 46 13 30 M 35 0 M M M 7.3 16 150 M M 7 21 180
4 64 22 43 M 22 0 M M M 8.5 15 160 M M 0 18 99
5 74 26 50 M 15 0 M M M 5.3 16 140 M M 0 23 140
6 76 28 52 M 13 0 M M M 5.0 13 250 M M 0 20 230
7 76 31 54 M 11 0 M M M 7.6 17 260 M M 0 31 220
8 72 34 53 M 12 0 M M M 8.8 25 350 M M 2 32 350
9 60 26 43 M 22 0 M M M 7.6 14 90 M M 2 21 90
10 76 29 53 M 12 0 M M M 6.0 14 130 M M 1 30 290
11 73 27 50 M 15 0 M M M 9.6 31 10 M M 1 18 44 30
12 30 21 26 M 39 0 M M M 11.4 22 10 M M 10 1 32 10
13 34 18 26 M 39 0 M M M 4.5 12 40 M M 9 1 M M
14 48 15 32 M 33 0 M M M 6.6 12 330 M M 4 22 260
15 52 28 40 M 25 0 M M M 7.6 25 10 M M 0 1 33 360
16 32 7 20 M 45 0 M M M 10.5 18 70 M M 0 1 23 70
17 42 6 24 M 41 0 M M M 2.7 10 320 M M 0 12 M M
18 54 26 40 M 25 0 M M M 3.7 9 260 M M 0 1 M M
19 63 32 48 M 17 0 M M M 9.8 22 320 M M 0 40 340
20 68 30 49 M 16 0 M M M 6.2 18 320 M M 2 23 320
21 72 32 52 M 13 0 M M M 5.5 15 160 M M 1 23 160
22 70 34 52 M 13 0 M M M 8.4 21 30 M M 2 41 320
23 70 38 54 M 11 0 M M M 10.3 22 330 M M 4 3 30 340
24 63 41 52 M 13 0 M M M 14.8 24 360 M M 7 37 350
25 67 37 52 M 13 0 M M M 4.7 15 20 M M 2 23 20
26 78 33 56 M 9 0 M M M 4.5 13 290 M M 2 32 240
27 82 36 59 M 6 0 M M M 5.9 21 330 M M 1 36 340
28 75 42 59 M 6 0 M M M 18.9 30 330 M M 2 40 300
29 74 33 54 M 11 0 M M M 5.0 10 100 M M 0 M M
30 85 37 61 M 4 0 T M 0 5.9 13 210 M M 0 M M
================================================================================
SM 1884 822 591 0 T M 232.5 M 72
================================================================================
AV 62.8 27.4 7.7 FASTST M M 2 MAX(MPH)
MISC ----> # 31 10 # 44 30
================================================================================
NOTES:
# LAST OF SEVERAL OCCURRENCES
COLUMN 17 PEAK WIND IN M.P.H.
PRELIMINARY LOCAL CLIMATOLOGICAL DATA (WS FORM: F-6) , PAGE 2
STATION: GREELEY CO
MONTH: APRIL
YEAR: 2020
LATITUDE: 40 25 N
LONGITUDE: 104 38 W
[TEMPERATURE DATA] [PRECIPITATION DATA] SYMBOLS USED IN COLUMN 16
AVERAGE MONTHLY: 45.1 TOTAL FOR MONTH: T 1 = FOG OR MIST
DPTR FM NORMAL: M DPTR FM NORMAL: M 2 = FOG REDUCING VISIBILITY
HIGHEST: 85 ON 30 GRTST 24HR T ON 30-30 TO 1/4 MILE OR LESS
LOWEST: 6 ON 17 3 = THUNDER
SNOW, ICE PELLETS, HAIL 4 = ICE PELLETS
TOTAL MONTH: M 5 = HAIL
GRTST 24HR M ON M 6 = FREEZING RAIN OR DRIZZLE
GRTST DEPTH: 0 7 = DUSTSTORM OR SANDSTORM:
VSBY 1/2 MILE OR LESS
8 = SMOKE OR HAZE
[NO. OF DAYS WITH] [WEATHER - DAYS WITH] 9 = BLOWING SNOW
X = TORNADO
MAX 32 OR BELOW: 2 0.01 INCH OR MORE: 0
MAX 90 OR ABOVE: 0 0.10 INCH OR MORE: 0
MIN 32 OR BELOW: 20 0.50 INCH OR MORE: 0
MIN 0 OR BELOW: 0 1.00 INCH OR MORE: 0
[HDD (BASE 65) ]
TOTAL THIS MO. 591 CLEAR (SCALE 0-3) 22
DPTR FM NORMAL M PTCLDY (SCALE 4-7) 5
TOTAL FM JUL 1 6154 CLOUDY (SCALE 8-10) 3
DPTR FM NORMAL M
[CDD (BASE 65) ]
TOTAL THIS MO. 0
DPTR FM NORMAL M [PRESSURE DATA]
TOTAL FM JAN 1 0 HIGHEST SLP 30.42 ON 17
DPTR FM NORMAL M LOWEST SLP 29.48 ON 11
[REMARKS]
#FINAL-04-20#