000
CXUS54 KEWX 011110
CF6GYB
PRELIMINARY LOCAL CLIMATOLOGICAL DATA (WS FORM: F-6)
STATION: GIDDINGS-LEE COUNTY AIRPORT
MONTH: DECEMBER
YEAR: 2021
LATITUDE: 30 10 N
LONGITUDE: 96 59 W
TEMPERATURE IN F: :PCPN: SNOW: WIND :SUNSHINE: SKY :PK WND
================================================================================
1 2 3 4 5 6A 6B 7 8 9 10 11 12 13 14 15 16 17 18
12Z AVG MX 2MIN
DY MAX MIN AVG DEP HDD CDD WTR SNW DPTH SPD SPD DIR MIN PSBL S-S WX SPD DR
================================================================================
1 75 49 62 M 3 0 0.00 M M 2.0 8 240 M M 1 12 M M
2 76 50 63 M 2 0 0.00 M M 2.1 9 210 M M 5 12 M M
3 76 63 70 M 0 5 0.00 M M 5.4 9 210 M M 6 12 17 210
4 78 65 72 M 0 7 0.00 M M 3.6 8 240 M M 7 M M
5 79 66 73 M 0 8 0.00 M M 7.7 14 200 M M 7 1 20 190
6 73 49 61 M 4 0 0.05 M M 9.3 20 360 M M 4 1 31 360
7 67 42 55 M 10 0 0.00 M M 3.6 8 20 M M 2 M M
8 75 53 64 M 1 0 0.00 M M 3.1 8 180 M M 4 12 M M
9 79 64 72 M 0 7 0.00 M M 7.3 14 230 M M 8 1 21 220
10 83 72 78 M 0 13 0.00 M M 9.9 21 200 M M 8 1 27 200
11 75 41 58 M 7 0 0.00 M M 10.5 21 360 M M 4 1 32 360
12 61 32 47 M 18 0 0.00 M M 2.5 9 90 M M 0 M M
13 62 42 52 M 13 0 0.04 M M 0.4 4 70 M M 9 1 M M
14 74 58 66 M 0 1 0.22 M M 3.4 9 170 M M 9 12 16 170
15 80 69 75 M 0 10 0.00 M M 8.5 15 180 M M 8 1 23 180
16 82 70 76 M 0 11 0.00 M M 7.7 13 170 M M 8 18 170
17 78 69 74 M 0 9 0.00 M M 7.4 10 160 M M 7 20 180
18 72 48 60 M 5 0 0.68 M M 11.5 20 360 M M 10 30 360
19 54 40 47 M 18 0 0.03 M M 7.8 14 340 M M 3 18 20
20 58 40 49 M 16 0 0.00 M M 2.6 9 90 M M 5 M M
21 63 37 50 M 15 0 0.00 M M 2.1 6 200 M M 0 1 M M
22 72 48 60 M 5 0 0.00 M M 6.9 13 200 M M 0 1 18 190
23 75 56 66 M 0 1 0.00 M M 8.4 15 210 M M 4 1 23 200
24 78 60 69 M 0 4 0.00 M M 11.6 17 200 M M 1 27 210
25 73 60 67 M 0 2 0.00 M M 7.1 15 210 M M 6 1 24 210
26 78 63 71 M 0 6 0.00 M M 9.3 16 210 M M 6 1 26 210
27 79 68 74 M 0 9 0.00 M M 9.6 14 200 M M 7 21 190
28 77 61 69 M 0 4 0.00 M M 7.4 16 190 M M 6 1 22 190
29 80 62 71 M 0 6 0.00 M M 4.0 8 190 M M 5 1 M M
30 79 57 68 M 0 3 0.00 M M 1.8 8 140 M M 1 18 M M
31 82 65 74 M 0 9 0.00 M M 9.0 17 190 M M 8 12 24 190
================================================================================
SM 2293 1719 117 115 1.02 M 193.4 M 159
================================================================================
AV 74.0 55.5 6.2 FASTST M M 5 MAX(MPH)
MISC ----> # 21 200 32 360
================================================================================
NOTES:
# LAST OF SEVERAL OCCURRENCES
COLUMN 17 PEAK WIND IN M.P.H.
PRELIMINARY LOCAL CLIMATOLOGICAL DATA (WS FORM: F-6) , PAGE 2
STATION: GIDDINGS-LEE COUNTY AIRPORT
MONTH: DECEMBER
YEAR: 2021
LATITUDE: 30 10 N
LONGITUDE: 96 59 W
[TEMPERATURE DATA] [PRECIPITATION DATA] SYMBOLS USED IN COLUMN 16
AVERAGE MONTHLY: 64.7 TOTAL FOR MONTH: 1.02 1 = FOG OR MIST
DPTR FM NORMAL: 0.0 DPTR FM NORMAL: M 2 = FOG REDUCING VISIBILITY
HIGHEST: 83 ON 10 GRTST 24HR 0.68 ON 18-18 TO 1/4 MILE OR LESS
LOWEST: 32 ON 12 3 = THUNDER
SNOW, ICE PELLETS, HAIL 4 = ICE PELLETS
TOTAL MONTH: M 5 = HAIL
GRTST 24HR M ON M 6 = FREEZING RAIN OR DRIZZLE
GRTST DEPTH: M ON M 7 = DUSTSTORM OR SANDSTORM:
VSBY 1/2 MILE OR LESS
8 = SMOKE OR HAZE
[NO. OF DAYS WITH] [WEATHER - DAYS WITH] 9 = BLOWING SNOW
X = TORNADO
MAX 32 OR BELOW: 0 0.01 INCH OR MORE: 5
MAX 90 OR ABOVE: 0 0.10 INCH OR MORE: 2
MIN 32 OR BELOW: 1 0.50 INCH OR MORE: 1
MIN 0 OR BELOW: 0 1.00 INCH OR MORE: 0
[HDD (BASE 65) ]
TOTAL THIS MO. 117 CLEAR (SCALE 0-3) 8
DPTR FM NORMAL M PTCLDY (SCALE 4-7) 19
TOTAL FM JUL 1 325 CLOUDY (SCALE 8-10) 4
DPTR FM NORMAL M
[CDD (BASE 65) ]
TOTAL THIS MO. 115
DPTR FM NORMAL M [PRESSURE DATA]
TOTAL FM JAN 1 2805 HIGHEST SLP M ON M
DPTR FM NORMAL M LOWEST SLP M ON M
[REMARKS]
#FINAL-12-21#