000
CXUS54 KFWD 010832
CF6GYI
PRELIMINARY LOCAL CLIMATOLOGICAL DATA (WS FORM: F-6)
STATION: SHERMAN/DENISON
MONTH: NOVEMBER
YEAR: 2023
LATITUDE: 33 42 N
LONGITUDE: 96 40 W
TEMPERATURE IN F: :PCPN: SNOW: WIND :SUNSHINE: SKY :PK WND
================================================================================
1 2 3 4 5 6A 6B 7 8 9 10 11 12 13 14 15 16 17 18
12Z AVG MX 2MIN
DY MAX MIN AVG DEP HDD CDD WTR SNW DPTH SPD SPD DIR MIN PSBL S-S WX SPD DR
================================================================================
1 57 29 43 -16 22 0 0.00 M M 5.1 8 140 M M 0 M M
2 64 35 50 -9 15 0 0.00 M M 8.6 12 140 M M 0 M M
3 73 45 59 0 6 0 0.00 M M 11.4 21 180 M M 0 25 190
4 76 53 65 7 0 0 0.00 M M 9.8 17 210 M M 0 23 180
5 81 62 72 14 0 7 0.00 M M 12.3 20 190 M M 3 25 190
6 83 63 73 16 0 8 0.00 M M 14.9 21 190 M M 0 26 190
7 86 62 74 17 0 9 0.00 M M 14.6 20 190 M M 0 26 200
8 86 65 76 19 0 11 0.00 M M 14.0 18 190 M M 1 29 200
9 66 50 58 2 7 0 0.15 M M 11.8 16 360 M M 10 1 21 360
10 67 46 57 1 8 0 0.00 M M 8.2 14 50 M M 2 23 20
11 68 49 59 4 6 0 0.00 M M 4.5 10 80 M M 7 16 90
12 72 44 58 3 7 0 0.00 M M 2.3 8 100 M M 1 M M
13 72 43 58 4 7 0 0.00 M M 2.9 10 50 M M 0 M M
14 73 41 57 3 8 0 0.00 M M 0.9 7 40 M M 1 M M
15 75 43 59 5 6 0 0.00 M M 3.3 7 80 M M 0 M M
16 61 50 56 3 9 0 0.00 M M 8.9 13 170 M M 8 1 18 170
17 62 54 58 5 7 0 0.00 M M 6.3 13 180 M M 10 1 M M
18 75 44 60 8 5 0 0.00 M M 0.9 6 130 M M 3 12 M M
19 66 53 60 8 5 0 M M M 11.5 17 140 M M 7 1 22 140
20 74 53 64 13 1 0 0.00 M M 14.0 24 310 M M 6 1 32 330
21 58 38 48 -3 17 0 0.00 M M 15.4 26 330 M M 7 32 350
22 62 30 46 -5 19 0 0.00 M M 3.7 10 300 M M 0 M M
23 66 37 52 2 13 0 0.00 M M 7.8 13 180 M M 0 18 180
24 65 39 52 2 13 0 0.00 M M 5.5 8 60 M M 0 M M
25 63 37 50 1 15 0 0.10 M M 6.4 12 110 M M 3 1 17 110
26 51 32 42 -7 23 0 0.00 M M 10.3 17 320 M M 1 23 320
27 56 26 41 -7 24 0 0.00 M M 1.7 6 320 M M 0 M M
28 63 31 47 -1 18 0 0.00 M M 4.6 10 200 M M 0 M M
29 66 43 55 7 10 0 0.00 M M 10.3 17 190 M M 2 23 190
30 58 52 55 8 10 0 0.02 M M 7.4 13 180 M M 10 12 18 180
================================================================================
SM 2045 1349 281 35 0.27 M 239.1 M 82
================================================================================
AV 68.2 45.0 8.0 FASTST M M 3 MAX(MPH)
MISC ----> 26 330 # 32 330
================================================================================
NOTES:
# LAST OF SEVERAL OCCURRENCES
COLUMN 17 PEAK WIND IN M.P.H.
PRELIMINARY LOCAL CLIMATOLOGICAL DATA (WS FORM: F-6) , PAGE 2
STATION: SHERMAN/DENISON
MONTH: NOVEMBER
YEAR: 2023
LATITUDE: 33 42 N
LONGITUDE: 96 40 W
[TEMPERATURE DATA] [PRECIPITATION DATA] SYMBOLS USED IN COLUMN 16
AVERAGE MONTHLY: 56.6 TOTAL FOR MONTH: 0.27 1 = FOG OR MIST
DPTR FM NORMAL: 3.2 DPTR FM NORMAL: -3.43 2 = FOG REDUCING VISIBILITY
HIGHEST: 86 ON 8, 7 GRTST 24HR 0.15 ON 9- 9 TO 1/4 MILE OR LESS
LOWEST: 26 ON 27 3 = THUNDER
SNOW, ICE PELLETS, HAIL 4 = ICE PELLETS
TOTAL MONTH: M 5 = HAIL
GRTST 24HR M ON M 6 = FREEZING RAIN OR DRIZZLE
GRTST DEPTH: M ON M 7 = DUSTSTORM OR SANDSTORM:
VSBY 1/2 MILE OR LESS
8 = SMOKE OR HAZE
[NO. OF DAYS WITH] [WEATHER - DAYS WITH] 9 = BLOWING SNOW
X = TORNADO
MAX 32 OR BELOW: 0 0.01 INCH OR MORE: 3
MAX 90 OR ABOVE: 0 0.10 INCH OR MORE: 2
MIN 32 OR BELOW: 5 0.50 INCH OR MORE: 0
MIN 0 OR BELOW: 0 1.00 INCH OR MORE: 0
[HDD (BASE 65) ]
TOTAL THIS MO. 281 CLEAR (SCALE 0-3) 20
DPTR FM NORMAL -80 PTCLDY (SCALE 4-7) 7
TOTAL FM JUL 1 398 CLOUDY (SCALE 8-10) 3
DPTR FM NORMAL -81
[CDD (BASE 65) ]
TOTAL THIS MO. 35
DPTR FM NORMAL 22 [PRESSURE DATA]
TOTAL FM JAN 1 3093 HIGHEST SLP M ON M
DPTR FM NORMAL 928 LOWEST SLP M ON M
[REMARKS]
#FINAL-11-23#