000
CXUS54 KJAN 072344
CLSHBG
CLIMATE REPORT
NATIONAL WEATHER SERVICE JACKSON MS
634 PM CDT MON SEP 7 2020
...................................
...THE HATTIESBURG CLIMATE SUMMARY FOR THE SEASON, FROM
6/1/2020 TO 8/31/2020...
CLIMATE NORMAL PERIOD 1981 TO 2010
CLIMATE RECORD PERIOD 1893 TO 2020
WEATHER OBSERVED NORMAL DEPART LAST YEAR`S
VALUE DATE(S) VALUE FROM VALUE DATE(S)
NORMAL
................................................................
TEMPERATURE (F)
RECORD
HIGH 106 06/14/1963
08/30/1951
LOW 49 06/01/1984
06/02/1972
06/03/1956
HIGHEST 96 08/11 MM MM 99 07/09
07/13
07/12
LOWEST 63 06/17 MM MM 58 06/14
06/12
06/13
AVG. MAXIMUM 90.2 91.4 -1.2 91.3
AVG. MINIMUM 71.4 70.3 1.1 71.5
MEAN 80.8 80.8 0.0 81.4
DAYS MAX >= 90 60 61.7 -1.7 70
DAYS MAX <= 32 0 0.0 0.0 0
DAYS MIN <= 32 0 0.0 0.0 0
DAYS MIN <= 0 0 0.0 0.0 0
PRECIPITATION (INCHES)
RECORD
MAXIMUM 26.53 1993
MINIMUM 7.63 2009
TOTALS 14.41 15.62 -1.21 21.32
DAILY AVG. 0.16 0.17 -0.01 0.23
DAYS >= .01 47 MM MM 33
DAYS >= .10 29 MM MM 24
DAYS >= .50 9 MM MM 14
DAYS >= 1.00 4 MM MM 8
SNOWFALL (INCHES)
TOTALS 0.0
GREATEST
SNOW DEPTH 0
DEGREE_DAYS
HEATING TOTAL 0 0 0 0
SINCE 7/1 0 0 0 0
COOLING TOTAL 1479 1456 23 1527
SINCE 1/1 2002 1871 131 2046
FREEZE DATES
RECORD
EARLIEST MM
LATEST MM
.................................................................
WIND (MPH)
AVERAGE WIND SPEED 4.2
HIGHEST WIND SPEED/DIRECTION 35/120 DATE 08/25
HIGHEST GUST SPEED/DIRECTION 46/140 DATE 08/25
SKY COVER
POSSIBLE SUNSHINE (PERCENT) MM
AVERAGE SKY COVER 0.30
NUMBER OF DAYS FAIR 64
NUMBER OF DAYS PC 23
NUMBER OF DAYS CLOUDY 5
AVERAGE RH (PERCENT) 73
WEATHER CONDITIONS. NUMBER OF DAYS WITH
THUNDERSTORM 45 MIXED PRECIP 0
HEAVY RAIN 31 RAIN 37
LIGHT RAIN 46 FREEZING RAIN 0
LT FREEZING RAIN 0 HAIL 0
HEAVY SNOW 0 SNOW 0
LIGHT SNOW 0 SLEET 0
FOG 53 FOG W/VIS <= 1/4 MILE 3
HAZE 10
- INDICATES NEGATIVE NUMBERS.
R INDICATES RECORD WAS SET OR TIED.
MM INDICATES DATA IS MISSING.
T INDICATES TRACE AMOUNT.
$$