000
CXUS54 KOUN 010910
CF6HBR
PRELIMINARY LOCAL CLIMATOLOGICAL DATA (WS FORM: F-6)
STATION: HOBART
MONTH: FEBRUARY
YEAR: 2022
LATITUDE: 35 0 N
LONGITUDE: 99 3 W
TEMPERATURE IN F: :PCPN: SNOW: WIND :SUNSHINE: SKY :PK WND
================================================================================
1 2 3 4 5 6A 6B 7 8 9 10 11 12 13 14 15 16 17 18
12Z AVG MX 2MIN
DY MAX MIN AVG DEP HDD CDD WTR SNW DPTH SPD SPD DIR MIN PSBL S-S WX SPD DR
================================================================================
1 63 36 50 9 15 0 0.00 0.0 M 17.2 32 40 M M 5 1 39 40
2 36 16 26 -15 39 0 M M M 24.4 33 40 M M 10 16 39 50
3 18 13 16 -25 49 0 M M M 24.9 30 30 M M 10 18 37 30
4 35 8 22 -19 43 0 0.00 M M 8.4 13 210 M M 1 18 230
5 43 13 28 -13 37 0 0.00 M M 16.0 26 190 M M 0 33 180
6 55 22 39 -3 26 0 0.00 M M 11.1 24 30 M M 0 29 20
7 59 23 41 -1 24 0 0.00 M M 9.8 18 280 M M 0 23 280
8 67 26 47 5 18 0 0.00 M M 11.5 23 230 M M 0 28 230
9 68 24 46 4 19 0 0.00 M M 8.9 20 250 M M 0 24 250
10 66 39 53 11 12 0 0.00 M M 8.4 18 20 M M 1 22 10
11 64 34 49 7 16 0 0.00 M M 16.4 33 30 M M 0 40 30
12 45 28 37 -6 28 0 0.00 M M 17.0 35 50 M M 3 43 40
13 60 20 40 -3 25 0 0.00 M M 8.8 15 190 M M 0 18 30
14 69 27 48 5 17 0 0.00 M M 10.5 21 180 M M 0 27 170
15 72 40 56 13 9 0 0.00 M M 23.7 36 180 M M 0 43 200
16 78 45 62 18 3 0 0.10 M M 19.6 32 200 M M 0 13 39 190
17 45 23 34 -10 31 0 0.44 M M 20.2 43 360 M M 7 138 52 350
18 51 19 35 -9 30 0 0.00 M M 11.2 24 220 M M 0 28 210
19 62 25 44 0 21 0 0.00 M M 9.7 24 190 M M 0 30 200
20 73 37 55 11 10 0 0.00 M M 20.7 29 210 M M 0 36 190
21 77 46 62 17 3 0 T M M 17.5 30 190 M M 1 40 220
22 58 15 37 -8 28 0 0.00 M M 20.3 32 10 M M 1 40 10
23 20 12 16 -29 49 0 0.05 M M 18.4 31 30 M M 8 9 40 40
24 27 16 22 -24 43 0 T M M 8.9 17 30 M M 7 168 20 30
25 31 12 22 -24 43 0 0.00 M M 8.1 16 80 M M 0 20 60
26 41 19 30 -16 35 0 0.00 M M 6.9 12 40 M M 3 16 20
27 58 17 38 -8 27 0 0.00 M M 9.1 15 200 M M 0 21 230
28 65 25 45 -2 20 0 0.00 M M 11.0 22 220 M M 0 28 210
================================================================================
SM 1506 680 720 0 0.59 0.0 398.6 M 57
================================================================================
AV 53.8 24.3 14.2 FASTST M M 2 MAX(MPH)
MISC ----> 43 360 52 350
================================================================================
NOTES:
# LAST OF SEVERAL OCCURRENCES
COLUMN 17 PEAK WIND IN M.P.H.
PRELIMINARY LOCAL CLIMATOLOGICAL DATA (WS FORM: F-6) , PAGE 2
STATION: HOBART
MONTH: FEBRUARY
YEAR: 2022
LATITUDE: 35 0 N
LONGITUDE: 99 3 W
[TEMPERATURE DATA] [PRECIPITATION DATA] SYMBOLS USED IN COLUMN 16
AVERAGE MONTHLY: 39.0 TOTAL FOR MONTH: 0.59 1 = FOG OR MIST
DPTR FM NORMAL: -4.4 DPTR FM NORMAL: -0.39 2 = FOG REDUCING VISIBILITY
HIGHEST: 78 ON 16 GRTST 24HR 0.54 ON 16-17 TO 1/4 MILE OR LESS
LOWEST: 8 ON 4 3 = THUNDER
SNOW, ICE PELLETS, HAIL 4 = ICE PELLETS
TOTAL MONTH: 0.0 INCH 5 = HAIL
GRTST 24HR 0.0 6 = FREEZING RAIN OR DRIZZLE
GRTST DEPTH: M ON M 7 = DUSTSTORM OR SANDSTORM:
VSBY 1/2 MILE OR LESS
8 = SMOKE OR HAZE
[NO. OF DAYS WITH] [WEATHER - DAYS WITH] 9 = BLOWING SNOW
X = TORNADO
MAX 32 OR BELOW: 4 0.01 INCH OR MORE: 3
MAX 90 OR ABOVE: 0 0.10 INCH OR MORE: 2
MIN 32 OR BELOW: 21 0.50 INCH OR MORE: 0
MIN 0 OR BELOW: 0 1.00 INCH OR MORE: 0
[HDD (BASE 65) ]
TOTAL THIS MO. 720 CLEAR (SCALE 0-3) 21
DPTR FM NORMAL 114 PTCLDY (SCALE 4-7) 5
TOTAL FM JUL 1 2470 CLOUDY (SCALE 8-10) 2
DPTR FM NORMAL -289
[CDD (BASE 65) ]
TOTAL THIS MO. 0
DPTR FM NORMAL -1 [PRESSURE DATA]
TOTAL FM JAN 1 0 HIGHEST SLP 30.70 ON 4
DPTR FM NORMAL 0 LOWEST SLP 29.56 ON 21
[REMARKS]
#FINAL-02-22#