000
CXUS53 KGID 011304
CF6HDE
PRELIMINARY LOCAL CLIMATOLOGICAL DATA (WS FORM: F-6)
STATION: HOLDREGE NE
MONTH: SEPTEMBER
YEAR: 2022
LATITUDE: 40 27 N
LONGITUDE: 99 20 W
TEMPERATURE IN F: :PCPN: SNOW: WIND :SUNSHINE: SKY :PK WND
================================================================================
1 2 3 4 5 6A 6B 7 8 9 10 11 12 13 14 15 16 17 18
12Z AVG MX 2MIN
DY MAX MIN AVG DEP HDD CDD WTR SNW DPTH SPD SPD DIR MIN PSBL S-S WX SPD DR
================================================================================
1 90 58 74 M 0 9 0.00 M M 4.0 9 260 M M 0 M M
2 94 59 77 M 0 12 0.00 M M 6.1 12 10 M M 0 3 25 10
3 82 54 68 M 0 3 0.00 M M 6.6 15 40 M M 0 16 40
4 82 47 65 M 0 0 0.00 M M 4.2 10 90 M M 0 M M
5 88 49 69 M 0 4 0.00 M M 6.8 13 170 M M 0 22 170
6 92 60 76 M 0 11 0.00 M M 7.2 10 200 M M 0 16 200
7 92 54 73 M 0 8 0.00 M M 6.7 13 140 M M 1 12 17 110
8 95 64 80 M 0 15 0.00 M M 12.2 18 170 M M 0 23 180
9 72 52 62 M 3 0 0.72 M M 13.3 20 20 M M 4 3 29 20
10 64 50 57 M 8 0 0.19 M M 7.0 12 30 M M 7 20 10
11 74 46 60 M 5 0 0.00 M M 4.9 12 310 M M 1 M M
12 86 48 67 M 0 2 0.00 M M 6.1 12 250 M M 0 16 200
13 91 53 72 M 0 7 0.00 M M 5.8 10 180 M M 0 M M
14 92 60 76 M 0 11 0.00 M M 10.6 18 160 M M 1 25 160
15 88 62 75 M 0 10 1.18 M M 10.3 17 160 M M 5 3 27 190
16 83 60 72 M 0 7 T M M 6.8 13 180 M M 1 1 20 300
17 82 62 72 M 0 7 0.01 M M 3.8 12 40 M M 2 M M
18 81 62 72 M 0 7 0.00 M M 8.2 13 70 M M 3 1 21 70
19 96 63 80 M 0 15 0.00 M M 8.2 18 180 M M 2 128 22 180
20 96 63 80 M 0 15 0.00 M M 7.6 10 80 M M 0 27 80
21 70 50 60 M 5 0 0.64 M M 11.8 18 30 M M 5 28 30
22 56 50 53 M 12 0 0.03 M M 5.8 10 130 M M 8 M M
23 76 50 63 M 2 0 0.00 M M 6.2 13 220 M M 5 1 16 220
24 83 48 66 M 0 1 0.00 M M 4.9 9 10 M M 0 20 310
25 76 48 62 M 3 0 0.00 M M 8.4 17 330 M M 1 21 350
26 76 42 59 M 6 0 0.00 M M 4.5 12 200 M M 0 M M
27 80 47 64 M 1 0 0.00 M M 7.4 13 60 M M 0 18 350
28 75 44 60 M 5 0 0.00 M M 9.7 14 140 M M 2 18 24 140
29 78 46 62 M 3 0 0.00 M M 13.4 22 160 M M 0 28 150
30 84 53 69 M 0 4 0.00 M M 14.5 21 170 M M 0 25 170
================================================================================
SM 2474 1604 53 148 2.77 M 233.0 M 48
================================================================================
AV 82.5 53.5 7.8 FASTST M M 2 MAX(MPH)
MISC ----> 22 160 M M
================================================================================
NOTES:
# LAST OF SEVERAL OCCURRENCES
COLUMN 17 PEAK WIND IN M.P.H.
PRELIMINARY LOCAL CLIMATOLOGICAL DATA (WS FORM: F-6) , PAGE 2
STATION: HOLDREGE NE
MONTH: SEPTEMBER
YEAR: 2022
LATITUDE: 40 27 N
LONGITUDE: 99 20 W
[TEMPERATURE DATA] [PRECIPITATION DATA] SYMBOLS USED IN COLUMN 16
AVERAGE MONTHLY: 68.0 TOTAL FOR MONTH: 2.77 1 = FOG OR MIST
DPTR FM NORMAL: M DPTR FM NORMAL: M 2 = FOG REDUCING VISIBILITY
HIGHEST: 96 ON 20,19 GRTST 24HR 1.18 ON 15-15 TO 1/4 MILE OR LESS
LOWEST: 42 ON 26 3 = THUNDER
SNOW, ICE PELLETS, HAIL 4 = ICE PELLETS
TOTAL MONTH: M 5 = HAIL
GRTST 24HR M ON M 6 = FREEZING RAIN OR DRIZZLE
GRTST DEPTH: M ON M 7 = DUSTSTORM OR SANDSTORM:
VSBY 1/2 MILE OR LESS
8 = SMOKE OR HAZE
[NO. OF DAYS WITH] [WEATHER - DAYS WITH] 9 = BLOWING SNOW
X = TORNADO
MAX 32 OR BELOW: 0 0.01 INCH OR MORE: 6
MAX 90 OR ABOVE: 9 0.10 INCH OR MORE: 4
MIN 32 OR BELOW: 0 0.50 INCH OR MORE: 3
MIN 0 OR BELOW: 0 1.00 INCH OR MORE: 1
[HDD (BASE 65) ]
TOTAL THIS MO. 53 CLEAR (SCALE 0-3) 23
DPTR FM NORMAL M PTCLDY (SCALE 4-7) 7
TOTAL FM JUL 1 56 CLOUDY (SCALE 8-10) 0
DPTR FM NORMAL M
[CDD (BASE 65) ]
TOTAL THIS MO. 148
DPTR FM NORMAL M [PRESSURE DATA]
TOTAL FM JAN 1 1121 HIGHEST SLP M ON M
DPTR FM NORMAL M LOWEST SLP M ON M
[REMARKS]
#FINAL-09-22#