000
CXUS56 KPQR 281201
CF6HIO
PRELIMINARY LOCAL CLIMATOLOGICAL DATA (WS FORM: F-6)
STATION: HILLSBORO OR
MONTH: MARCH
YEAR: 2024
LATITUDE: 45 32 N
LONGITUDE: 122 57 W
TEMPERATURE IN F: :PCPN: SNOW: WIND :SUNSHINE: SKY :PK WND
================================================================================
1 2 3 4 5 6A 6B 7 8 9 10 11 12 13 14 15 16 17 18
12Z AVG MX 2MIN
DY MAX MIN AVG DEP HDD CDD WTR SNW DPTH SPD SPD DIR MIN PSBL S-S WX SPD DR
================================================================================
1 43 33 38 -6 27 0 0.41 M M 10.4 21 170 M M 10 1 27 160
2 41 34 38 -6 27 0 0.31 M M 7.9 20 160 M M 9 1 28 160
3 41 34 38 -6 27 0 0.28 M M 8.1 15 180 M M 9 1 22 180
4 42 33 38 -7 27 0 0.11 M M 5.3 13 180 M M 9 1 19 230
5 45 31 38 -7 27 0 T M M 4.7 12 330 M M 7 13 330
6 48 25 37 -8 28 0 0.00 M M 2.8 13 320 M M 4 12 19 330
7 50 26 38 -7 27 0 0.00 M M 1.4 7 200 M M 1 10 190
8 61 30 46 1 19 0 0.00 M M 1.5 8 160 M M 0 10 160
9 52 36 44 -1 21 0 0.06 M M 11.2 25 180 M M 8 38 230
10 52 42 47 1 18 0 0.34 M M 11.9 29 190 M M 9 1 50 200
11 49 39 44 -2 21 0 0.30 M M 10.2 23 160 M M 9 1 32 160
12 52 34 43 -3 22 0 0.25 M M 6.9 18 250 M M 8 1 27 270
13 54 32 43 -3 22 0 0.00 M M 1.9 7 320 M M 5 10 330
14 64 31 48 2 17 0 0.00 M M 4.3 15 50 M M 0 20 50
15 70 37 54 8 11 0 0.00 M M 8.1 25 60 M M 0 33 60
16 75 38 57 11 8 0 0.00 M M 3.2 15 120 M M 0 18 110
17 75 38 57 11 8 0 0.00 M M 1.9 8 310 M M 0 10 300
18 77 40 59 12 6 0 0.00 M M 1.1 8 310 M M 0 9 310
19 68 41 55 8 10 0 0.00 M M 2.8 14 290 M M 1 1 18 290
20 55 47 51 4 14 0 T M M 5.3 13 190 M M 10 18 190
21 61 45 53 6 12 0 0.08 M M 3.3 13 270 M M 8 1 18 280
22 57 44 51 4 14 0 0.15 M M 3.2 17 10 M M 8 1 22 360
23 54 45 50 3 15 0 0.09 M M 3.5 16 180 M M 10 12 22 180
24 55 39 47 0 18 0 0.11 M M 2.6 9 180 M M 8 18 13 200
25 54 41 48 1 17 0 0.23 M M 2.4 12 10 M M 9 12 16 20
26 56 39 48 1 17 0 0.09 M M 3.5 15 240 M M 8 12 21 200
27 54 44 49 2 16 0 0.31 M M 10.3 22 170 M M 8 138 31 260
================================================================================
SM 1505 998 496 0 3.12 M 139.7 M 158
================================================================================
AV 55.7 37.0 5.2 FASTST M M 6 MAX(MPH)
MISC ----> 29 190 50 200
================================================================================
NOTES:
# LAST OF SEVERAL OCCURRENCES
COLUMN 17 PEAK WIND IN M.P.H.
PRELIMINARY LOCAL CLIMATOLOGICAL DATA (WS FORM: F-6) , PAGE 2
STATION: HILLSBORO OR
MONTH: MARCH
YEAR: 2024
LATITUDE: 45 32 N
LONGITUDE: 122 57 W
[TEMPERATURE DATA] [PRECIPITATION DATA] SYMBOLS USED IN COLUMN 16
AVERAGE MONTHLY: 46.4 TOTAL FOR MONTH: 3.12 1 = FOG OR MIST
DPTR FM NORMAL: 0.4 DPTR FM NORMAL: -0.16 2 = FOG REDUCING VISIBILITY
HIGHEST: 77 ON 18 GRTST 24HR 0.76 ON 29- 1 TO 1/4 MILE OR LESS
LOWEST: 25 ON 6 3 = THUNDER
SNOW, ICE PELLETS, HAIL 4 = ICE PELLETS
TOTAL MONTH: M 5 = HAIL
GRTST 24HR M ON M 6 = FREEZING RAIN OR DRIZZLE
GRTST DEPTH: M ON M 7 = DUSTSTORM OR SANDSTORM:
VSBY 1/2 MILE OR LESS
8 = SMOKE OR HAZE
[NO. OF DAYS WITH] [WEATHER - DAYS WITH] 9 = BLOWING SNOW
X = TORNADO
MAX 32 OR BELOW: 0 0.01 INCH OR MORE: 15
MAX 90 OR ABOVE: 0 0.10 INCH OR MORE: 11
MIN 32 OR BELOW: 6 0.50 INCH OR MORE: 0
MIN 0 OR BELOW: 0 1.00 INCH OR MORE: 0
[HDD (BASE 65) ]
TOTAL THIS MO. 496 CLEAR (SCALE 0-3) 8
DPTR FM NORMAL -17 PTCLDY (SCALE 4-7) 8
TOTAL FM JUL 1 3557 CLOUDY (SCALE 8-10) 11
DPTR FM NORMAL -342
[CDD (BASE 65) ]
TOTAL THIS MO. 0
DPTR FM NORMAL 0 [PRESSURE DATA]
TOTAL FM JAN 1 0 HIGHEST SLP M ON M
DPTR FM NORMAL 0 LOWEST SLP 29.29 ON 1
[REMARKS]