000
CXUS54 KJAN 020307
CF6HKS
PRELIMINARY LOCAL CLIMATOLOGICAL DATA (WS FORM: F-6)
STATION: JACKSON HAWKINS
MONTH: APRIL
YEAR: 2021
LATITUDE: 32 20 N
LONGITUDE: 90 14 W
TEMPERATURE IN F: :PCPN: SNOW: WIND :SUNSHINE: SKY :PK WND
================================================================================
1 2 3 4 5 6A 6B 7 8 9 10 11 12 13 14 15 16 17 18
12Z AVG MX 2MIN
DY MAX MIN AVG DEP HDD CDD WTR SNW DPTH SPD SPD DIR MIN PSBL S-S WX SPD DR
================================================================================
1 60 39 50 -11 15 0 0.00 0.0 0 7.3 20 10 M M 0 32 10
2 62 38 50 -11 15 0 0.00 0.0 0 4.2 17 80 M M 0 25 70
3 70 37 54 -8 11 0 0.00 0.0 0 2.5 10 150 M M 1 8 16 190
4 76 50 63 1 2 0 0.00 0.0 0 1.7 10 160 M M 3 15 180
5 81 51 66 4 0 1 0.00 0.0 0 4.8 13 140 M M 4 18 160
6 78 55 67 5 0 2 0.00 0.0 0 6.9 12 150 M M 2 18 170
7 82 61 72 9 0 7 0.17 0.0 0 11.2 24 170 M M M 36 170
8 83 60 72 9 0 7 T 0.0 0 5.6 20 260 M M 0 2 27 230
9 89 59 74 11 0 9 2.87 0.0 0 7.0 18 320 M M 4 13 46 330
10 78 59 69 6 0 4 0.81 0.0 0 8.2 23 290 M M 2 13 35 280
11 77 48 63 -1 2 0 0.00 0.0 0 2.6 13 300 M M 0 19 310
12 86 49 68 4 0 3 0.00 0.0 0 3.0 12 170 M M 0 17 180
13 77 54 66 2 0 1 0.00 0.0 0 5.5 23 160 M M 0 33 170
14 64 54 59 -5 6 0 1.06 0.0 0 2.5 20 160 M M 7 13 28 160
15 74 58 66 1 0 1 0.00 0.0 0 5.4 13 50 M M 4 1 22 40
16 67 57 62 -3 3 0 0.17 0.0 0 5.0 13 100 M M 7 21 90
17 64 53 59 -6 6 0 T 0.0 0 2.8 9 330 M M 7 1 15 350
18 70 47 59 -7 6 0 0.00 0.0 0 4.2 15 310 M M 1 22 310
19 72 44 58 -8 7 0 0.00 0.0 0 3.4 13 290 M M 0 1 19 300
20 77 49 63 -3 2 0 0.00 0.0 0 4.6 15 350 M M 0 27 320
21 61 42 52 -14 13 0 0.00 0.0 0 6.5 14 10 M M 2 27 340
22 70 40 55 -12 10 0 0.00 0.0 0 4.0 14 150 M M 1 8 20 140
23 67 54 61 -6 4 0 1.61 0.0 0 7.2 21 130 M M 8 13 28 110
24 80 58 69 2 0 4 1.43 0.0 0 10.7 35 300 M M 5 13 48 290
25 78 51 65 -2 0 0 0.00 0.0 0 3.9 10 360 M M 0 15 60
26 81 51 66 -2 0 1 0.00 0.0 0 5.4 13 160 M M 0 17 130
27 83 60 72 4 0 7 0.00 0.0 0 9.7 18 170 M M 5 1 26 180
28 88 71 80 12 0 15 T 0.0 0 11.0 20 170 M M 5 1 26 170
29 85 69 77 9 0 12 0.04 0.0 0 5.6 13 220 M M 4 1 20 170
30 74 61 68 -1 0 3 0.47 0.0 0 3.7 12 60 M M 7 13 19 50
================================================================================
SM 2254 1579 102 77 8.63 0.0 166.1 M 79
================================================================================
AV 75.1 52.6 5.5 FASTST M M 3 MAX(MPH)
MISC ----> 35 300 48 290
================================================================================
NOTES:
# LAST OF SEVERAL OCCURRENCES
COLUMN 17 PEAK WIND IN M.P.H.
PRELIMINARY LOCAL CLIMATOLOGICAL DATA (WS FORM: F-6) , PAGE 2
STATION: JACKSON HAWKINS
MONTH: APRIL
YEAR: 2021
LATITUDE: 32 20 N
LONGITUDE: 90 14 W
[TEMPERATURE DATA] [PRECIPITATION DATA] SYMBOLS USED IN COLUMN 16
AVERAGE MONTHLY: 63.9 TOTAL FOR MONTH: 8.63 1 = FOG OR MIST
DPTR FM NORMAL: -1.0 DPTR FM NORMAL: 3.52 2 = FOG REDUCING VISIBILITY
HIGHEST: 89 ON 9 GRTST 24HR 3.04 ON 23-24 TO 1/4 MILE OR LESS
LOWEST: 37 ON 3 3 = THUNDER
SNOW, ICE PELLETS, HAIL 4 = ICE PELLETS
TOTAL MONTH: 0.0 INCH 5 = HAIL
GRTST 24HR 0.0 6 = FREEZING RAIN OR DRIZZLE
GRTST DEPTH: 0 7 = DUSTSTORM OR SANDSTORM:
VSBY 1/2 MILE OR LESS
8 = SMOKE OR HAZE
[NO. OF DAYS WITH] [WEATHER - DAYS WITH] 9 = BLOWING SNOW
X = TORNADO
MAX 32 OR BELOW: 0 0.01 INCH OR MORE: 9
MAX 90 OR ABOVE: 0 0.10 INCH OR MORE: 8
MIN 32 OR BELOW: 0 0.50 INCH OR MORE: 5
MIN 0 OR BELOW: 0 1.00 INCH OR MORE: 4
[HDD (BASE 65) ]
TOTAL THIS MO. 102 CLEAR (SCALE 0-3) 16
DPTR FM NORMAL 12 PTCLDY (SCALE 4-7) 12
TOTAL FM JUL 1 2100 CLOUDY (SCALE 8-10) 2
DPTR FM NORMAL -108
[CDD (BASE 65) ]
TOTAL THIS MO. 77
DPTR FM NORMAL -9 [PRESSURE DATA]
TOTAL FM JAN 1 180 HIGHEST SLP 30.50 ON 2
DPTR FM NORMAL 55 LOWEST SLP 29.59 ON 10
[REMARKS]
#FINAL-04-21#