000
CXUS52 KGSP 010917
CF6HKY
PRELIMINARY LOCAL CLIMATOLOGICAL DATA (WS FORM: F-6)
STATION: HICKORY NC
MONTH: JANUARY
YEAR: 2023
LATITUDE: 35 45 N
LONGITUDE: 81 23 W
TEMPERATURE IN F: :PCPN: SNOW: WIND :SUNSHINE: SKY :PK WND
================================================================================
1 2 3 4 5 6A 6B 7 8 9 10 11 12 13 14 15 16 17 18
12Z AVG MX 2MIN
DY MAX MIN AVG DEP HDD CDD WTR SNW DPTH SPD SPD DIR MIN PSBL S-S WX SPD DR
================================================================================
1 62 43 53 13 12 0 0.00 M M 2.0 10 200 M M 8 12 14 190
2 68 48 58 18 7 0 0.00 M M 2.3 9 220 M M 7 12 11 190
3 63 55 59 19 6 0 0.22 M M 8.1 18 300 M M 9 1 25 300
4 62 55 59 19 6 0 0.93 M M 5.5 13 200 M M 8 13 19 210
5 65 40 53 13 12 0 0.00 M M 4.6 14 210 M M 2 12 20 220
6 57 39 48 8 17 0 0.00 M M 5.7 14 280 M M 0 19 290
7 53 34 44 4 21 0 0.00 M M 2.2 8 210 M M 5 11 230
8 44 38 41 1 24 0 0.36 M M 2.4 8 60 M M 10 1 10 50
9 55 32 44 5 21 0 T M M 4.7 15 350 M M 4 12 22 350
10 57 30 44 5 21 0 0.00 M M 2.0 9 180 M M 0 12 180
11 58 33 46 7 19 0 0.00 M M 2.4 8 190 M M 4 13 180
12 57 48 53 14 12 0 1.24 M M 2.5 20 310 M M 10 138 30 320
13 52 36 44 5 21 0 0.10 M M 9.9 20 350 M M 6 1 30 360
14 43 30 37 -2 28 0 0.00 M M 9.9 22 330 M M 1 31 350
15 57 24 41 2 24 0 0.00 M M 4.5 14 310 M M 0 18 310
16 55 28 42 3 23 0 0.00 M M 2.3 7 190 M M 0 10 310
17 50 41 46 7 19 0 0.01 M M 3.4 10 200 M M 8 12 14 190
18 59 39 49 10 16 0 0.00 M M 0.8 6 180 M M 5 12 8 200
19 65 52 59 20 6 0 0.16 M M 9.2 25 200 M M 7 12 35 200
20 59 39 49 9 16 0 0.00 M M 6.8 15 290 M M 0 21 290
21 49 29 39 -1 26 0 0.00 M M 0.7 8 200 M M 0 10 200
22 40 37 39 -1 26 0 0.56 M M 3.1 9 80 M M 9 1 12 80
23 49 30 40 0 25 0 0.00 M M 6.9 23 310 M M 4 1 33 290
24 53 25 39 -1 26 0 0.00 M M 2.1 9 190 M M 0 13 190
25 43 35 39 -1 26 0 1.28 M M 3.4 12 20 M M 9 12 17 310
26 49 34 42 2 23 0 0.00 M M 8.5 18 300 M M 2 1 29 320
27 49 27 38 -2 27 0 0.00 M M 6.1 20 270 M M 1 24 270
28 58 25 42 2 23 0 0.00 M M 4.0 13 200 M M 0 17 200
29 45 37 41 1 24 0 0.08 M M 2.2 7 350 M M 8 1 10 190
30 65 39 52 12 13 0 0.16 M M 2.0 8 310 M M 6 12 10 180
31 56 47 52 12 13 0 0.05 M M 1.1 8 230 M M 9 12 10 240
================================================================================
SM 1697 1149 583 0 5.15 M 131.3 M 142
================================================================================
AV 54.7 37.1 4.2 FASTST M M 5 MAX(MPH)
MISC ----> 25 200 35 200
================================================================================
NOTES:
# LAST OF SEVERAL OCCURRENCES
COLUMN 17 PEAK WIND IN M.P.H.
PRELIMINARY LOCAL CLIMATOLOGICAL DATA (WS FORM: F-6) , PAGE 2
STATION: HICKORY NC
MONTH: JANUARY
YEAR: 2023
LATITUDE: 35 45 N
LONGITUDE: 81 23 W
[TEMPERATURE DATA] [PRECIPITATION DATA] SYMBOLS USED IN COLUMN 16
AVERAGE MONTHLY: 45.9 TOTAL FOR MONTH: 5.15 1 = FOG OR MIST
DPTR FM NORMAL: 6.2 DPTR FM NORMAL: 1.34 2 = FOG REDUCING VISIBILITY
HIGHEST: 68 ON 2 GRTST 24HR 1.90 ON 3- 4 TO 1/4 MILE OR LESS
LOWEST: 24 ON 15 3 = THUNDER
SNOW, ICE PELLETS, HAIL 4 = ICE PELLETS
TOTAL MONTH: M 5 = HAIL
GRTST 24HR M ON M 6 = FREEZING RAIN OR DRIZZLE
GRTST DEPTH: M ON M 7 = DUSTSTORM OR SANDSTORM:
VSBY 1/2 MILE OR LESS
8 = SMOKE OR HAZE
[NO. OF DAYS WITH] [WEATHER - DAYS WITH] 9 = BLOWING SNOW
X = TORNADO
MAX 32 OR BELOW: 0 0.01 INCH OR MORE: 12
MAX 90 OR ABOVE: 0 0.10 INCH OR MORE: 9
MIN 32 OR BELOW: 10 0.50 INCH OR MORE: 4
MIN 0 OR BELOW: 0 1.00 INCH OR MORE: 2
[HDD (BASE 65) ]
TOTAL THIS MO. 583 CLEAR (SCALE 0-3) 12
DPTR FM NORMAL -203 PTCLDY (SCALE 4-7) 13
TOTAL FM JUL 1 1974 CLOUDY (SCALE 8-10) 6
DPTR FM NORMAL -219
[CDD (BASE 65) ]
TOTAL THIS MO. 0
DPTR FM NORMAL 0 [PRESSURE DATA]
TOTAL FM JAN 1 0 HIGHEST SLP 30.39 ON 28
DPTR FM NORMAL 0 LOWEST SLP 29.63 ON 13
[REMARKS]
#FINAL-01-23#