000
CXUS52 KGSP 011551
CF6HKY
PRELIMINARY LOCAL CLIMATOLOGICAL DATA (WS FORM: F-6)
STATION: HICKORY NC
MONTH: JULY
YEAR: 2022
LATITUDE: 35 45 N
LONGITUDE: 81 23 W
TEMPERATURE IN F: :PCPN: SNOW: WIND :SUNSHINE: SKY :PK WND
================================================================================
1 2 3 4 5 6A 6B 7 8 9 10 11 12 13 14 15 16 17 18
12Z AVG MX 2MIN
DY MAX MIN AVG DEP HDD CDD WTR SNW DPTH SPD SPD DIR MIN PSBL S-S WX SPD DR
================================================================================
1 90 69 80 3 0 15 0.01 M M 2.7 12 200 M M 2 3 15 200
2 92 68 80 3 0 15 0.04 M M 3.8 14 200 M M 3 3 19 210
3 91 68 80 3 0 15 T M M 3.3 17 20 M M 2 13 23 20
4 91 70 81 3 0 16 0.01 M M 3.8 9 290 M M 5 13 14 80
5 93 70 82 4 0 17 0.09 M M 4.1 22 360 M M 5 123 31 350
6 93 68 81 3 0 16 1.69 M M 4.2 22 70 M M 1 13 28 70
7 94 71 83 5 0 18 0.00 M M 4.5 13 50 M M 2 13 17 20
8 93 71 82 4 0 17 1.69 M M 2.1 22 40 M M 3 13 32 50
9 87 70 79 1 0 14 0.41 M M 3.9 10 10 M M 5 1 14 20
10 75 65 70 -8 0 5 0.62 M M 8.5 16 50 M M 10 1 23 50
11 81 64 73 -5 0 8 0.00 M M 2.4 8 20 M M 8 11 10
12 87 67 77 -1 0 12 0.00 M M 4.7 15 190 M M 0 18 200
13 88 70 79 1 0 14 0.11 M M 3.1 9 80 M M 4 13 13 260
14 85 70 78 0 0 13 0.00 M M 2.4 8 230 M M 2 1 11 190
15 91 68 80 2 0 15 0.05 M M 3.2 14 300 M M 2 18 18 310
16 90 69 80 2 0 15 0.00 M M 2.7 9 190 M M 3 1 13 210
17 88 71 80 2 0 15 0.13 M M 2.7 18 240 M M 2 13 24 340
18 90 70 80 2 0 15 0.65 M M 5.8 21 260 M M 2 123 27 250
19 87 68 78 0 0 13 0.26 M M 2.3 16 60 M M 2 138 24 330
20 89 68 79 1 0 14 0.99 M M 3.8 25 270 M M 3 123 36 270
21 91 72 82 4 0 17 0.00 M M 4.6 14 260 M M 3 1 19 260
22 91 71 81 3 0 16 0.00 M M 2.9 9 200 M M 0 13 210
23 94 70 82 4 0 17 0.17 M M 2.4 14 60 M M 1 13 19 60
24 91 67 79 1 0 14 T M M 4.1 12 240 M M 1 15 210
25 87 71 79 1 0 14 0.74 M M 3.1 24 290 M M 2 13 31 250
26 90 71 81 3 0 16 T M M 5.0 15 230 M M 3 123 23 230
27 92 73 83 5 0 18 0.58 M M 3.6 16 300 M M 1 123 23 330
28 92 72 82 4 0 17 0.15 M M 4.6 22 350 M M 2 13 32 350
29 91 72 82 4 0 17 0.19 M M 2.4 22 310 M M 2 13 28 310
30 88 71 80 2 0 15 1.59 M M 2.5 15 220 M M 5 13 23 350
31 86 71 79 1 0 14 0.01 M M 3.4 16 190 M M 7 13 22 190
================================================================================
SM 2768 2156 0 457 10.18 M 112.6 M 93
================================================================================
AV 89.3 69.5 3.6 FASTST M M 3 MAX(MPH)
MISC ----> 25 270 36 270
================================================================================
NOTES:
# LAST OF SEVERAL OCCURRENCES
COLUMN 17 PEAK WIND IN M.P.H.
PRELIMINARY LOCAL CLIMATOLOGICAL DATA (WS FORM: F-6) , PAGE 2
STATION: HICKORY NC
MONTH: JULY
YEAR: 2022
LATITUDE: 35 45 N
LONGITUDE: 81 23 W
[TEMPERATURE DATA] [PRECIPITATION DATA] SYMBOLS USED IN COLUMN 16
AVERAGE MONTHLY: 79.4 TOTAL FOR MONTH: 10.18 1 = FOG OR MIST
DPTR FM NORMAL: 1.7 DPTR FM NORMAL: 5.89 2 = FOG REDUCING VISIBILITY
HIGHEST: 94 ON 23, 7 GRTST 24HR 2.10 ON 8- 9 TO 1/4 MILE OR LESS
LOWEST: 64 ON 11 3 = THUNDER
SNOW, ICE PELLETS, HAIL 4 = ICE PELLETS
TOTAL MONTH: M 5 = HAIL
GRTST 24HR M ON M 6 = FREEZING RAIN OR DRIZZLE
GRTST DEPTH: M ON M 7 = DUSTSTORM OR SANDSTORM:
VSBY 1/2 MILE OR LESS
8 = SMOKE OR HAZE
[NO. OF DAYS WITH] [WEATHER - DAYS WITH] 9 = BLOWING SNOW
X = TORNADO
MAX 32 OR BELOW: 0 0.01 INCH OR MORE: 21
MAX 90 OR ABOVE: 19 0.10 INCH OR MORE: 15
MIN 32 OR BELOW: 0 0.50 INCH OR MORE: 8
MIN 0 OR BELOW: 0 1.00 INCH OR MORE: 3
[HDD (BASE 65) ]
TOTAL THIS MO. 0 CLEAR (SCALE 0-3) 22
DPTR FM NORMAL 0 PTCLDY (SCALE 4-7) 8
TOTAL FM JUL 1 0 CLOUDY (SCALE 8-10) 1
DPTR FM NORMAL 0
[CDD (BASE 65) ]
TOTAL THIS MO. 457
DPTR FM NORMAL 62 [PRESSURE DATA]
TOTAL FM JAN 1 1006 HIGHEST SLP 30.17 ON 30
DPTR FM NORMAL 178 LOWEST SLP 29.75 ON 21
[REMARKS]
#FINAL-07-22#