000
CXUS53 KGLD 011617
CLMHLC
CLIMATE REPORT
NATIONAL WEATHER SERVICE
917 AM MST MON JAN 01 2024
...................................
...THE HILL CITY KS CLIMATE SUMMARY FOR THE MONTH OF DECEMBER 2023...
CLIMATE NORMAL PERIOD: 1991 TO 2020
CLIMATE RECORD PERIOD: 1896 TO 2023
WEATHER OBSERVED NORMAL DEPART LAST YEAR`S
VALUE DATE(S) VALUE FROM VALUE DATE(S)
NORMAL
................................................................
TEMPERATURE (F)
RECORD
HIGH 83 12/23/1964
12/06/1939
LOW -26 12/22/1989
HIGHEST 78 12/06 66 12 78 12/02
LOWEST 16 12/10 1 15 -11 12/22
AVG. MAXIMUM 49.3 43.9 5.4 43.9
AVG. MINIMUM 25.9 19.0 6.9 14.3
MEAN 37.6 31.4 6.2 29.1
DAYS MAX >= 90 0 0.0 0.0 0
DAYS MAX <= 32 2 6.2 -4.2 6
DAYS MIN <= 32 28 29.7 -1.7 30
DAYS MIN <= 0 0 1.2 -1.2 5
PRECIPITATION (INCHES)
RECORD
MAXIMUM 5.59 2006
MINIMUM 0.00 2004
TOTALS 0.87 0.66 0.21 0.31
DAILY AVG. 0.03 0.02 0.01 0.01
DAYS >= .01 5 2.9 2.1 3
DAYS >= .10 1 1.2 -0.2 1
DAYS >= .50 1 0.3 0.7 0
DAYS >= 1.00 0 0.2 -0.2 0
GREATEST
24 HR. TOTAL 0.78 12/14 TO 12/14 0.18
STORM TOTAL 0.78
(MM/DD(HH))
................................................................
- INDICATES NEGATIVE NUMBERS.
R INDICATES RECORD WAS SET OR TIED.
MM INDICATES DATA IS MISSING.
T INDICATES TRACE AMOUNT.
$$