000
CXUS53 KFSD 011545
CF6HON
PRELIMINARY LOCAL CLIMATOLOGICAL DATA (WS FORM: F-6)
STATION: HURON
MONTH: JUNE
YEAR: 2022
LATITUDE: 44 22 N
LONGITUDE: 98 13 W
TEMPERATURE IN F: :PCPN: SNOW: WIND :SUNSHINE: SKY :PK WND
================================================================================
1 2 3 4 5 6A 6B 7 8 9 10 11 12 13 14 15 16 17 18
12Z AVG MX 2MIN
DY MAX MIN AVG DEP HDD CDD WTR SNW DPTH SPD SPD DIR MIN PSBL S-S WX SPD DR
================================================================================
1 70 42 56 -8 9 0 0.00 0.0 0 6.2 14 270 M M 0 20 250
2 77 49 63 -1 2 0 0.00 0.0 0 12.1 25 310 M M 1 35 300
3 74 38 56 -9 9 0 0.03 0.0 0 5.0 12 220 M M 3 14 170
4 72 56 64 -1 1 0 0.01 0.0 0 7.0 15 150 M M 8 22 150
5 70 53 62 -3 3 0 0.23 0.0 0 5.7 16 120 M M 6 1 26 130
6 69 57 63 -3 2 0 0.06 0.0 0 8.3 16 20 M M 10 1 21 30
7 73 55 64 -2 1 0 0.02 0.0 0 4.9 13 260 M M 8 13 17 260
8 75 53 64 -2 1 0 0.01 0.0 0 6.2 17 270 M M 5 23 280
9 72 51 62 -5 3 0 0.07 0.0 0 5.1 13 190 M M 5 1 18 190
10 78 54 66 -1 0 1 0.00 0.0 0 4.0 10 190 M M 4 12 16 190
11 87 65 76 9 0 11 T 0.0 0 7.6 22 30 M M 2 27 40
12 87 63 75 7 0 10 0.02 0.0 0 7.9 22 220 M M 2 3 34 200
13 88 64 76 8 0 11 0.66 0.0 0 13.0 31 120 M M 3 13 46 110
14 82 65 74 6 0 9 T 0.0 0 12.5 29 280 M M 2 1 44 300
15 80 61 71 3 0 6 0.00 0.0 0 10.5 24 180 M M 1 33 260
16 82 58 70 1 0 5 0.00 0.0 0 12.2 25 280 M M 0 35 290
17 86 54 70 1 0 5 0.00 0.0 0 9.1 18 130 M M 0 25 140
18 97 71 84 15 0 19 0.00 0.0 0 18.5 29 190 M M 0 42 190
19 97 78 88 18 0 23 0.00 0.0 0 18.5 31 190 M M 0 44 190
20 96 67 82 12 0 17 0.19 0.0 0 13.7 51 290 M M 1 13 65 290
21 84 61 73 3 0 8 0.00 0.0 0 13.3 30 280 M M 1 38 280
22 87 56 72 2 0 7 0.00 0.0 0 8.1 16 160 M M 0 26 220
23 94 69 82 12 0 17 0.00 0.0 0 11.6 20 180 M M 0 28 180
24 95 68 82 11 0 17 0.01 0.0 0 10.5 30 290 M M 0 3 40 290
25 76 59 68 -3 0 3 0.02 0.0 0 16.8 29 300 M M M 38 340
26 79 51 65 -6 0 0 0.00 0.0 0 10.8 23 320 M M 0 32 300
27 87 52 70 -1 0 5 0.00 0.0 0 9.4 20 200 M M 2 27 200
28 89 57 73 1 0 8 0.00 0.0 0 7.2 16 20 M M 0 22 40
29 105 64 85 13 0 20 0.03 0.0 0 16.9 36 210 M M 1 3 57 240
30 89 65 77 5 0 12 0.00 0.0 0 10.9 23 360 M M 0 36 30
================================================================================
SM 2497 1756 31 214 1.36 0.0 303.5 M 65
================================================================================
AV 83.2 58.5 10.1 FASTST M M 2 MAX(MPH)
MISC ----> 51 290 65 290
================================================================================
NOTES:
# LAST OF SEVERAL OCCURRENCES
-COLUMN 17 PEAK WIND IN M.P.H.
-PRECIPITATION AMOUNTS IN COLUMNS 7,8 AND 9 ARE THE OFFICIAL
PRECIPITATION AMOUNTS FOR HURON, SD.
-SNOW DEPTH IN COLUMN 9 IS RECORDED AT 6 AM CST (12Z).
PRELIMINARY LOCAL CLIMATOLOGICAL DATA (WS FORM: F-6) , PAGE 2
STATION: HURON
MONTH: JUNE
YEAR: 2022
LATITUDE: 44 22 N
LONGITUDE: 98 13 W
[TEMPERATURE DATA] [PRECIPITATION DATA] SYMBOLS USED IN COLUMN 16
AVERAGE MONTHLY: 70.9 TOTAL FOR MONTH: 1.36 1 = FOG OR MIST
DPTR FM NORMAL: 2.6 DPTR FM NORMAL: -2.53 2 = FOG REDUCING VISIBILITY
HIGHEST: 105 ON 29 GRTST 24HR 0.66 ON 13-13 TO 1/4 MILE OR LESS
LOWEST: 38 ON 3 3 = THUNDER
SNOW, ICE PELLETS, HAIL 4 = ICE PELLETS
TOTAL MONTH: 0.0 INCH 5 = HAIL
GRTST 24HR 0.0 6 = FREEZING RAIN OR DRIZZLE
GRTST DEPTH: 0 7 = DUSTSTORM OR SANDSTORM:
VSBY 1/2 MILE OR LESS
8 = SMOKE OR HAZE
[NO. OF DAYS WITH] [WEATHER - DAYS WITH] 9 = BLOWING SNOW
X = TORNADO
MAX 32 OR BELOW: 0 0.01 INCH OR MORE: 13
MAX 90 OR ABOVE: 6 0.10 INCH OR MORE: 3
MIN 32 OR BELOW: 0 0.50 INCH OR MORE: 1
MIN 0 OR BELOW: 0 1.00 INCH OR MORE: 0
[HDD (BASE 65) ]
TOTAL THIS MO. 31 CLEAR (SCALE 0-3) 22
DPTR FM NORMAL -13 PTCLDY (SCALE 4-7) 6
TOTAL FM JUL 1 7279 CLOUDY (SCALE 8-10) 2
DPTR FM NORMAL -404
[CDD (BASE 65) ]
TOTAL THIS MO. 214
DPTR FM NORMAL 69 [PRESSURE DATA]
TOTAL FM JAN 1 243 HIGHEST SLP 30.32 ON 26
DPTR FM NORMAL 63 LOWEST SLP 29.27 ON 14
[REMARKS]
RECORD WARM MINIMUM TEMPERATURE WAS TIED ON THE 18TH WITH 71
DEGREES. THE PREVIOUS RECORD WAS 71 IN 1995.
RECORD WARM MINIMUM TEMPERATURE WAS ESTABLISHED ON THE 19TH WITH 78
DEGREES. THE PREVIOUS RECORD WAS 76 IN 1933.
RECORD DAILY MAXIMUM TEMPERATURE WAS ESTABLISHED ON THE 29TH WITH 105
DEGREES. THE PREVIOUS RECORD WAS 104 IN 1931.
#FINAL-06-22#