000
CXUS54 KHGX 030046
CF6HOU
PRELIMINARY LOCAL CLIMATOLOGICAL DATA (WS FORM: F-6)
STATION: HOUSTON/HOBBY AIRPORT
MONTH: MARCH
YEAR: 2024
LATITUDE: 29 38 N
LONGITUDE: 95 17 W
TEMPERATURE IN F: :PCPN: SNOW: WIND :SUNSHINE: SKY :PK WND
================================================================================
1 2 3 4 5 6A 6B 7 8 9 10 11 12 13 14 15 16 17 18
12Z AVG MX 2MIN
DY MAX MIN AVG DEP HDD CDD WTR SNW DPTH SPD SPD DIR MIN PSBL S-S WX SPD DR
================================================================================
1 73 53 63 1 2 0 0.00 0.0 0 6.5 14 180 M M 8 16 10
2 73 55 64 2 1 0 0.00 0.0 0 5.2 14 170 M M 8 1 18 130
3 78 63 71 9 0 6 0.00 0.0 0 7.6 17 120 M M 9 18 21 120
4 83 67 75 13 0 10 T 0.0 0 8.1 15 130 M M 10 1 20 170
5 89 67 78 16 0 13 0.01 0.0 0 7.4 22 110 M M 7 1 26 120
6 81 64 73 10 0 8 0.00 0.0 0 6.1 14 110 M M 8 12 20 120
7 81 64 73 10 0 8 0.05 0.0 0 9.9 21 180 M M 9 1 29 170
8 85 68 77 14 0 12 0.08 0.0 0 10.6 18 20 M M 8 1 30 30
9 69 51 60 -3 5 0 0.00 0.0 0 14.3 28 340 M M 7 41 350
10 70 48 59 -5 6 0 0.00 0.0 0 5.6 13 180 M M 6 18 60
11 72 55 64 0 1 0 0.00 0.0 0 6.4 15 130 M M 7 21 120
12 78 56 67 3 0 2 0.00 0.0 0 7.6 18 160 M M 7 24 180
13 80 66 73 9 0 8 T 0.0 0 11.4 20 160 M M 9 26 170
14 82 72 77 13 0 12 T 0.0 0 13.4 24 150 M M 9 1 33 140
15 84 67 76 12 0 11 T 0.0 0 10.0 21 20 M M 9 13 26 10
16 73 65 69 4 0 4 0.05 0.0 0 10.4 25 110 M M 9 13 32 110
17 76 64 70 5 0 5 0.31 0.0 0 6.9 18 10 M M 9 13 23 10
18 72 58 65 0 0 0 T 0.0 0 15.7 22 30 M M 8 38 20
19 65 48 57 -8 8 0 T 0.0 0 7.9 17 20 M M 6 23 30
20 72 55 64 -1 1 0 0.04 0.0 0 4.3 14 120 M M 9 19 110
21 69 59 64 -2 1 0 1.97 0.0 0 13.1 31 280 M M 10 13 48 270
22 79 56 68 2 0 3 0.04 0.0 0 10.5 28 350 M M 5 13 37 360
23 79 54 67 1 0 2 0.00 0.0 0 6.2 16 50 M M 4 20 50
24 73 61 67 1 0 2 0.00 0.0 0 13.8 26 150 M M 8 37 150
25 79 58 69 3 0 4 0.07 0.0 0 9.2 23 300 M M 7 1 32 280
26 73 56 65 -2 0 0 0.00 0.0 0 8.5 18 360 M M 2 32 360
27 69 50 60 -7 5 0 0.01 0.0 0 7.2 16 20 M M 7 22 20
28 77 49 63 -4 2 0 0.00 0.0 0 5.8 16 130 M M 1 21 140
29 78 57 68 1 0 3 0.00 0.0 0 11.5 23 170 M M 4 31 170
30 78 61 70 3 0 5 0.00 0.0 0 9.3 17 160 M M 8 24 140
31 82 68 75 7 0 10 0.00 0.0 0 11.4 21 180 M M 9 18 28 170
================================================================================
SM 2372 1835 32 128 2.63 0.0 281.8 M 227
================================================================================
AV 76.5 59.2 9.1 FASTST M M 7 MAX(MPH)
MISC ----> 31 280 48 270
================================================================================
NOTES:
# LAST OF SEVERAL OCCURRENCES
COLUMN 17 PEAK WIND IN M.P.H.
PRELIMINARY LOCAL CLIMATOLOGICAL DATA (WS FORM: F-6) , PAGE 2
STATION: HOUSTON/HOBBY AIRPORT
MONTH: MARCH
YEAR: 2024
LATITUDE: 29 38 N
LONGITUDE: 95 17 W
[TEMPERATURE DATA] [PRECIPITATION DATA] SYMBOLS USED IN COLUMN 16
AVERAGE MONTHLY: 67.9 TOTAL FOR MONTH: 2.63 1 = FOG OR MIST
DPTR FM NORMAL: 3.2 DPTR FM NORMAL: -0.65 2 = FOG REDUCING VISIBILITY
HIGHEST: 89 ON 5 GRTST 24HR 1.97 ON 21-21 TO 1/4 MILE OR LESS
LOWEST: 48 ON 19,10 3 = THUNDER
SNOW, ICE PELLETS, HAIL 4 = ICE PELLETS
TOTAL MONTH: 0.0 INCH 5 = HAIL
GRTST 24HR 0.0 6 = FREEZING RAIN OR DRIZZLE
GRTST DEPTH: 0 7 = DUSTSTORM OR SANDSTORM:
VSBY 1/2 MILE OR LESS
8 = SMOKE OR HAZE
[NO. OF DAYS WITH] [WEATHER - DAYS WITH] 9 = BLOWING SNOW
X = TORNADO
MAX 32 OR BELOW: 0 0.01 INCH OR MORE: 10
MAX 90 OR ABOVE: 0 0.10 INCH OR MORE: 2
MIN 32 OR BELOW: 0 0.50 INCH OR MORE: 1
MIN 0 OR BELOW: 0 1.00 INCH OR MORE: 1
[HDD (BASE 65) ]
TOTAL THIS MO. 32 CLEAR (SCALE 0-3) 2
DPTR FM NORMAL -69 PTCLDY (SCALE 4-7) 14
TOTAL FM JUL 1 874 CLOUDY (SCALE 8-10) 15
DPTR FM NORMAL -202
[CDD (BASE 65) ]
TOTAL THIS MO. 128
DPTR FM NORMAL 38 [PRESSURE DATA]
TOTAL FM JAN 1 186 HIGHEST SLP 30.32 ON 10
DPTR FM NORMAL 44 LOWEST SLP 29.51 ON 25
[REMARKS]
#FINAL-03-24#