000
CXUS54 KBRO 010900
CF6HRL
PRELIMINARY LOCAL CLIMATOLOGICAL DATA (WS FORM: F-6)
STATION: HARLINGEN
MONTH: DECEMBER
YEAR: 2020
LATITUDE: 26 13 N
LONGITUDE: 97 40 W
TEMPERATURE IN F: :PCPN: SNOW: WIND :SUNSHINE: SKY :PK WND
================================================================================
1 2 3 4 5 6A 6B 7 8 9 10 11 12 13 14 15 16 17 18
12Z AVG MX 2MIN
DY MAX MIN AVG DEP HDD CDD WTR SNW DPTH SPD SPD DIR MIN PSBL S-S WX SPD DR
================================================================================
1 73 35 54 -10 11 0 0.00 0.0 0 7.2 20 150 M M 0 26 180
2 79 52 66 3 0 1 0.00 0.0 0 6.4 28 350 M M 6 32 360
3 64 49 57 -6 8 0 0.00 0.0 0 16.5 30 360 M M 7 8 38 360
4 62 49 56 -7 9 0 T 0.0 0 9.6 17 350 M M 8 21 330
5 56 49 53 -9 12 0 0.51 0.0 0 9.9 18 350 M M 10 1 24 360
6 66 45 56 -6 9 0 T 0.0 0 9.2 25 330 M M 3 1 33 330
7 73 39 56 -6 9 0 0.00 0.0 0 6.5 15 10 M M 0 19 360
8 78 42 60 -2 5 0 0.00 0.0 0 5.0 10 200 M M 0 11 320
9 80 44 62 0 3 0 0.00 0.0 0 6.7 13 160 M M 0 1 16 160
10 81 48 65 4 0 0 0.00 0.0 0 11.2 25 150 M M 3 12 30 150
11 86 64 75 14 0 10 0.00 0.0 0 14.6 35 180 M M 1 1 42 200
12 85 63 74 13 0 9 T 0.0 0 8.4 20 50 M M 7 128 23 60
13 87 59 73 12 0 8 0.00 0.0 0 13.7 31 340 M M 5 18 37 340
14 59 43 51 -10 14 0 0.00 0.0 0 9.1 24 350 M M 1 29 350
15 79 43 61 1 4 0 0.00 0.0 0 6.6 20 190 M M 6 24 200
16 67 43 55 -5 10 0 0.00 0.0 0 10.3 21 340 M M 0 26 340
17 70 37 54 -6 11 0 0.00 0.0 0 7.6 18 80 M M 0 22 80
18 76 47 62 2 3 0 T 0.0 0 12.8 26 160 M M 8 1 31 150
19 84 61 73 13 0 8 0.02 0.0 0 9.4 21 320 M M 6 1 31 280
20 77 48 63 3 2 0 0.00 0.0 0 5.7 12 100 M M 2 12 13 90
21 80 42 61 1 4 0 0.00 0.0 0 7.0 18 130 M M 1 12 25 110
22 80 56 68 8 0 3 0.00 0.0 0 10.4 22 130 M M 5 26 130
23 88 62 75 15 0 10 0.00 0.0 0 12.8 28 180 M M 3 1 33 180
24 73 40 57 -3 8 0 T 0.0 0 17.7 38 360 M M 3 1 46 360
25 70 32 51 -8 14 0 0.00 0.0 0 5.2 14 100 M M 0 8 16 100
26 76 40 58 -1 7 0 0.00 0.0 0 7.6 18 160 M M 1 23 180
27 83 47 65 6 0 0 0.00 0.0 0 10.8 25 170 M M 2 29 180
28 83 61 72 13 0 7 0.00 0.0 0 14.4 26 150 M M 4 36 140
29 82 65 74 15 0 9 0.15 0.0 0 16.3 32 160 M M 3 18 39 150
30 83 70 77 18 0 12 0.00 0.0 0 19.0 35 180 M M 5 44 160
31 72 41 57 -2 8 0 0.15 0.0 0 17.4 32 310 M M 6 1 39 310
================================================================================
SM 2352 1516 151 77 0.83 0.0 325.1 M 106
================================================================================
AV 75.9 48.9 10.5 FASTST M M 3 MAX(MPH)
MISC ----> 38 360 46 360
================================================================================
NOTES:
# LAST OF SEVERAL OCCURRENCES
COLUMN 17 PEAK WIND IN M.P.H.
PRELIMINARY LOCAL CLIMATOLOGICAL DATA (WS FORM: F-6) , PAGE 2
STATION: HARLINGEN
MONTH: DECEMBER
YEAR: 2020
LATITUDE: 26 13 N
LONGITUDE: 97 40 W
[TEMPERATURE DATA] [PRECIPITATION DATA] SYMBOLS USED IN COLUMN 16
AVERAGE MONTHLY: 62.4 TOTAL FOR MONTH: 0.83 1 = FOG OR MIST
DPTR FM NORMAL: 1.7 DPTR FM NORMAL: -0.43 2 = FOG REDUCING VISIBILITY
HIGHEST: 88 ON 23 GRTST 24HR 0.51 ON 5- 5 TO 1/4 MILE OR LESS
LOWEST: 32 ON 25 3 = THUNDER
SNOW, ICE PELLETS, HAIL 4 = ICE PELLETS
TOTAL MONTH: 0.0 INCH 5 = HAIL
GRTST 24HR 0.0 6 = FREEZING RAIN OR DRIZZLE
GRTST DEPTH: 0 7 = DUSTSTORM OR SANDSTORM:
VSBY 1/2 MILE OR LESS
8 = SMOKE OR HAZE
[NO. OF DAYS WITH] [WEATHER - DAYS WITH] 9 = BLOWING SNOW
X = TORNADO
MAX 32 OR BELOW: 0 0.01 INCH OR MORE: 4
MAX 90 OR ABOVE: 0 0.10 INCH OR MORE: 3
MIN 32 OR BELOW: 1 0.50 INCH OR MORE: 1
MIN 0 OR BELOW: 0 1.00 INCH OR MORE: 0
[HDD (BASE 65) ]
TOTAL THIS MO. 151 CLEAR (SCALE 0-3) 14
DPTR FM NORMAL -40 PTCLDY (SCALE 4-7) 14
TOTAL FM JUL 1 173 CLOUDY (SCALE 8-10) 3
DPTR FM NORMAL -75
[CDD (BASE 65) ]
TOTAL THIS MO. 77
DPTR FM NORMAL 19 [PRESSURE DATA]
TOTAL FM JAN 1 4552 HIGHEST SLP 30.46 ON 24
DPTR FM NORMAL 560 LOWEST SLP 29.67 ON 31
[REMARKS]
#FINAL-12-20#