000
CXUS54 KBRO 031417
CF6HRL
PRELIMINARY LOCAL CLIMATOLOGICAL DATA (WS FORM: F-6)
STATION: HARLINGEN
MONTH: OCTOBER
YEAR: 2020
LATITUDE: 26 13 N
LONGITUDE: 97 40 W
TEMPERATURE IN F: :PCPN: SNOW: WIND :SUNSHINE: SKY :PK WND
================================================================================
1 2 3 4 5 6A 6B 7 8 9 10 11 12 13 14 15 16 17 18
12Z AVG MX 2MIN
DY MAX MIN AVG DEP HDD CDD WTR SNW DPTH SPD SPD DIR MIN PSBL S-S WX SPD DR
================================================================================
1 87 59 73 -6 0 8 0.00 0.0 0 5.6 13 60 M M 0 17 50
2 87 60 74 -5 0 9 0.00 0.0 0 7.8 17 80 M M 1 25 70
3 89 61 75 -3 0 10 0.00 0.0 0 5.7 17 100 M M 0 1 23 110
4 87 62 75 -3 0 10 0.00 0.0 0 5.1 16 50 M M 0 21 50
5 87 60 74 -4 0 9 0.00 0.0 0 5.8 13 70 M M 1 1 17 90
6 89 65 77 -1 0 12 0.00 0.0 0 6.1 20 60 M M 0 1 24 60
7 87 61 74 -4 0 9 T 0.0 0 9.7 22 70 M M 3 1 26 60
8 92 72 82 4 0 17 T 0.0 0 13.4 26 30 M M 5 35 40
9 94 74 84 7 0 19 0.00 0.0 0 11.5 21 320 M M 3 26 320
10 97 71 84 7 0 19 0.00 0.0 0 9.9 18 160 M M 0 1 23 160
11 95 73 84 7 0 19 0.00 0.0 0 11.5 20 140 M M 2 1 25 140
12 94 73 84 7 0 19 0.00 0.0 0 8.2 20 110 M M 1 1 24 120
13 91 71 81 4 0 16 0.00 0.0 0 6.8 15 90 M M 4 128 17 90
14 92 67 80 4 0 15 0.00 0.0 0 8.0 16 120 M M 3 12 23 130
15 94 73 84 8 0 19 0.00 0.0 0 11.6 20 150 M M 1 24 150
16 81 62 72 -4 0 7 0.00 0.0 0 11.1 23 350 M M 6 1 28 360
17 88 62 75 -1 0 10 0.02 0.0 0 8.1 18 130 M M 5 12 22 130
18 92 66 79 3 0 14 0.00 0.0 0 10.6 22 140 M M 1 28 130
19 92 73 83 7 0 18 T 0.0 0 12.3 23 130 M M 3 27 140
20 91 70 81 6 0 16 0.00 0.0 0 8.4 17 100 M M 1 21 100
21 91 69 80 5 0 15 T 0.0 0 7.8 20 80 M M 2 1 26 70
22 91 71 81 6 0 16 0.03 0.0 0 7.0 18 110 M M 3 1 23 80
23 95 70 83 8 0 18 0.00 0.0 0 6.3 18 100 M M 3 128 23 90
24 81 64 73 -2 0 8 0.00 0.0 0 10.8 24 40 M M 5 29 30
25 92 69 81 7 0 16 0.00 0.0 0 12.7 23 150 M M 6 28 160
26 92 73 83 9 0 18 T 0.0 0 14.6 26 150 M M 2 32 160
27 73 51 62 -12 3 0 T 0.0 0 13.2 23 320 M M 7 27 310
28 73 46 60 -14 5 0 0.00 0.0 0 16.5 28 320 M M 5 1 35 330
29 81 46 64 -10 1 0 0.00 0.0 0 13.4 33 330 M M 0 40 330
30 77 49 63 -10 2 0 0.00 0.0 0 10.7 18 70 M M 1 23 50
31 83 47 65 -8 0 0 0.00 0.0 0 5.6 16 80 M M 0 23 80
================================================================================
SM 2735 1990 11 366 0.05 0.0 295.8 M 74
================================================================================
AV 88.2 64.2 9.5 FASTST M M 2 MAX(MPH)
MISC ----> # 33 330 # 40 330
================================================================================
NOTES:
# LAST OF SEVERAL OCCURRENCES
COLUMN 17 PEAK WIND IN M.P.H.
PRELIMINARY LOCAL CLIMATOLOGICAL DATA (WS FORM: F-6) , PAGE 2
STATION: HARLINGEN
MONTH: OCTOBER
YEAR: 2020
LATITUDE: 26 13 N
LONGITUDE: 97 40 W
[TEMPERATURE DATA] [PRECIPITATION DATA] SYMBOLS USED IN COLUMN 16
AVERAGE MONTHLY: 76.2 TOTAL FOR MONTH: 0.05 1 = FOG OR MIST
DPTR FM NORMAL: 0.1 DPTR FM NORMAL: -2.94 2 = FOG REDUCING VISIBILITY
HIGHEST: 97 ON 10 GRTST 24HR 0.03 ON 22-22 TO 1/4 MILE OR LESS
LOWEST: 46 ON 29,28 3 = THUNDER
SNOW, ICE PELLETS, HAIL 4 = ICE PELLETS
TOTAL MONTH: 0.0 INCH 5 = HAIL
GRTST 24HR 0.0 6 = FREEZING RAIN OR DRIZZLE
GRTST DEPTH: 0 7 = DUSTSTORM OR SANDSTORM:
VSBY 1/2 MILE OR LESS
8 = SMOKE OR HAZE
[NO. OF DAYS WITH] [WEATHER - DAYS WITH] 9 = BLOWING SNOW
X = TORNADO
MAX 32 OR BELOW: 0 0.01 INCH OR MORE: 2
MAX 90 OR ABOVE: 16 0.10 INCH OR MORE: 0
MIN 32 OR BELOW: 0 0.50 INCH OR MORE: 0
MIN 0 OR BELOW: 0 1.00 INCH OR MORE: 0
[HDD (BASE 65) ]
TOTAL THIS MO. 11 CLEAR (SCALE 0-3) 21
DPTR FM NORMAL 8 PTCLDY (SCALE 4-7) 10
TOTAL FM JUL 1 11 CLOUDY (SCALE 8-10) 0
DPTR FM NORMAL 8
[CDD (BASE 65) ]
TOTAL THIS MO. 366
DPTR FM NORMAL 19 [PRESSURE DATA]
TOTAL FM JAN 1 4226 HIGHEST SLP 30.30 ON 30
DPTR FM NORMAL 450 LOWEST SLP 29.72 ON 9
[REMARKS]
#FINAL-10-20#