000
CXUS52 KMHX 012129
CF6HSE
PRELIMINARY LOCAL CLIMATOLOGICAL DATA (WS FORM: F-6)
STATION: CAPE HATTERAS NC
MONTH: NOVEMBER
YEAR: 2023
LATITUDE: 35 13 N
LONGITUDE: 75 37 W
TEMPERATURE IN F: :PCPN: SNOW: WIND :SUNSHINE: SKY :PK WND
================================================================================
1 2 3 4 5 6A 6B 7 8 9 10 11 12 13 14 15 16 17 18
12Z AVG MX 2MIN
DY MAX MIN AVG DEP HDD CDD WTR SNW DPTH SPD SPD DIR MIN PSBL S-S WX SPD DR
================================================================================
1 57 49 53 -10 12 0 0.03 0.0 0 9.7 16 330 M M 6 1 30 330
2 58 48 53 -9 12 0 0.00 0.0 0 7.3 13 340 M M 1 23 20
3 64 52 58 -4 7 0 0.00 0.0 0 6.3 13 20 M M 1 21 20
4 66 60 63 1 2 0 0.08 0.0 0 6.8 13 30 M M 8 1 21 40
5 68 58 63 1 2 0 0.00 0.0 0 5.9 12 10 M M 2 17 20
6 72 54 63 2 2 0 0.00 0.0 0 5.0 10 50 M M 0 15 40
7 71 54 63 2 2 0 0.02 0.0 0 6.6 12 250 M M 2 1 20 250
8 70 59 65 4 0 0 0.00 0.0 0 5.8 12 40 M M 0 19 30
9 74 57 66 6 0 1 0.00 0.0 0 9.2 15 230 M M 0 1 21 230
10 70 56 63 3 2 0 T 0.0 0 7.9 15 30 M M 4 1 29 30
11 59 54 57 -3 8 0 0.25 0.0 0 9.7 15 30 M M 10 1 26 20
12 57 54 56 -3 9 0 0.70 0.0 0 13.5 21 30 M M 10 1 33 30
13 59 40 50 -9 15 0 0.00 0.0 0 6.9 15 30 M M 1 27 30
14 62 42 52 -7 13 0 0.00 0.0 0 5.9 12 30 M M 0 21 20
15 62 52 57 -2 8 0 0.00 0.0 0 6.9 13 30 M M 0 20 30
16 72 53 63 5 2 0 0.00 0.0 0 5.2 10 110 M M 0 13 70
17 74 61 68 10 0 3 0.01 0.0 0 6.3 17 120 M M 3 18 23 120
18 68 55 62 4 3 0 0.00 0.0 0 6.2 14 20 M M 0 25 20
19 61 52 57 -1 8 0 0.00 0.0 0 7.8 14 30 M M 0 23 40
20 63 54 59 2 6 0 T 0.0 0 8.3 13 40 M M 1 22 30
21 69 59 64 7 1 0 T 0.0 0 15.9 28 170 M M 8 38 180
22 71 55 63 6 2 0 2.12 0.0 0 11.6 31 190 M M 9 128 42 220
23 58 43 51 -6 14 0 0.00 0.0 0 5.3 14 330 M M 1 25 330
24 60 43 52 -4 13 0 0.00 0.0 0 3.0 10 20 M M 2 22 20
25 56 51 54 -2 11 0 T 0.0 0 12.2 18 30 M M 10 36 40
26 66 51 59 3 6 0 1.18 0.0 0 10.7 25 120 M M 10 1 32 120
27 58 50 54 -2 11 0 0.17 0.0 0 7.7 14 300 M M 5 1 22 310
28 51 41 46 -10 19 0 0.00 0.0 0 10.9 17 300 M M 0 28 310
29 43 31 37 -18 28 0 0.00 0.0 0 5.5 10 360 M M 0 18 10
30 59 32 46 -9 19 0 0.00 0.0 0 3.6 8 320 M M 0 12 310
================================================================================
SM 1898 1520 237 4 4.56 0.0 233.6 M 94
================================================================================
AV 63.3 50.7 7.8 FASTST M M 3 MAX(MPH)
MISC ----> 31 190 42 220
================================================================================
NOTES:
# LAST OF SEVERAL OCCURRENCES
COLUMN 17 PEAK WIND IN M.P.H.
PRELIMINARY LOCAL CLIMATOLOGICAL DATA (WS FORM: F-6) , PAGE 2
STATION: CAPE HATTERAS NC
MONTH: NOVEMBER
YEAR: 2023
LATITUDE: 35 13 N
LONGITUDE: 75 37 W
[TEMPERATURE DATA] [PRECIPITATION DATA] SYMBOLS USED IN COLUMN 16
AVERAGE MONTHLY: 57.0 TOTAL FOR MONTH: 4.56 1 = FOG OR MIST
DPTR FM NORMAL: -1.7 DPTR FM NORMAL: -0.20 2 = FOG REDUCING VISIBILITY
HIGHEST: 74 ON 17, 9 GRTST 24HR 2.12 ON 21-22 TO 1/4 MILE OR LESS
LOWEST: 31 ON 29 3 = THUNDER
SNOW, ICE PELLETS, HAIL 4 = ICE PELLETS
TOTAL MONTH: 0.0 INCH 5 = HAIL
GRTST 24HR 0.0 6 = FREEZING RAIN OR DRIZZLE
GRTST DEPTH: 0 7 = DUSTSTORM OR SANDSTORM:
VSBY 1/2 MILE OR LESS
8 = SMOKE OR HAZE
[NO. OF DAYS WITH] [WEATHER - DAYS WITH] 9 = BLOWING SNOW
X = TORNADO
MAX 32 OR BELOW: 0 0.01 INCH OR MORE: 9
MAX 90 OR ABOVE: 0 0.10 INCH OR MORE: 5
MIN 32 OR BELOW: 2 0.50 INCH OR MORE: 3
MIN 0 OR BELOW: 0 1.00 INCH OR MORE: 2
[HDD (BASE 65) ]
TOTAL THIS MO. 237 CLEAR (SCALE 0-3) 19
DPTR FM NORMAL 21 PTCLDY (SCALE 4-7) 5
TOTAL FM JUL 1 273 CLOUDY (SCALE 8-10) 6
DPTR FM NORMAL 11
[CDD (BASE 65) ]
TOTAL THIS MO. 4
DPTR FM NORMAL -22 [PRESSURE DATA]
TOTAL FM JAN 1 1580 HIGHEST SLP 30.48 ON 2
DPTR FM NORMAL -541 LOWEST SLP 29.63 ON 22
[REMARKS]
#FINAL-11-23#