000
CXUS52 KMHX 011320
CLMHSE
CLIMATE REPORT
NATIONAL WEATHER SERVICE NEWPORT/MOREHEAD CITY
920 AM EDT MON MAY 01 2023
...................................
...THE CAPE HATTERAS NC CLIMATE SUMMARY FOR THE MONTH OF APRIL 2023...
CLIMATE NORMAL PERIOD 1991 TO 2020
CLIMATE RECORD PERIOD 1874 TO 2023
WEATHER OBSERVED NORMAL DEPART LAST YEAR`S
VALUE DATE(S) VALUE FROM VALUE DATE(S)
NORMAL
................................................................
TEMPERATURE (F)
RECORD
HIGH 89 04/27/1990
04/23/1985
LOW 26 04/10/1972
04/02/1964
HIGHEST 77 04/20 79
04/21
LOWEST 44 04/11 40
AVG. MAXIMUM 69.9 69.4 0.5 70.3
AVG. MINIMUM 57.2 54.1 3.1 55.9
MEAN 63.6 61.8 1.8 63.1
DAYS MAX >= 90 0 0.0 0.0 0
DAYS MAX <= 32 0 0.0 0.0 0
DAYS MIN <= 32 0 0.0 0.0 0
DAYS MIN <= 0 0 0.0 0.0 0
PRECIPITATION (INCHES)
RECORD
MAXIMUM 9.94 2003
MINIMUM MM MM
TOTALS 8.03 3.92 4.11 2.93
DAYS >= .01 12 8.9 3.1 7
DAYS >= .10 8 5.7 2.3 4
DAYS >= .50 3 2.6 0.4 3
DAYS >= 1.00 3 1.1 1.9 1
SNOWFALL (INCHES)
RECORDS
TOTAL MM 5
SNOW DEPTH MM MM
TOTALS 0.0 MM MM 0.0
LIQUID EQUIV 0.00 MM MM 0.00
SINCE 7/1 0.0 MM MM MM
LIQUID 7/1 0.00 MM MM MM
SNOWDEPTH AVG. 0 0
DAYS >= TRACE 0 MM MM 0
DAYS >= 1.0 0 MM MM 0
GREATEST
SNOW DEPTH 0 0 MM
STORM TOTAL 0.0
(MM/DD(HH))
DEGREE DAYS
HEATING TOTAL 88 143 -55 101
SINCE 7/1 1893 2141 -248 MM
................................................................
WIND (MPH)
AVERAGE WIND SPEED 9.4
HIGHEST WIND SPEED/DIRECTION 31/190 DATE 04/30
HIGHEST GUST SPEED/DIRECTION 46/240 DATE 04/30
SKY COVER
POSSIBLE SUNSHINE (PERCENT) MM
AVERAGE SKY COVER 0.30
NUMBER OF DAYS FAIR 19
NUMBER OF DAYS PC 7
NUMBER OF DAYS CLOUDY 4
AVERAGE RH (PERCENT) 80
WEATHER CONDITIONS. NUMBER OF DAYS WITH
THUNDERSTORM 3 MIXED PRECIP 0
HEAVY RAIN 5 RAIN 9
LIGHT RAIN 12 FREEZING RAIN 0
LT FREEZING RAIN 0 HAIL 0
HEAVY SNOW 0 SNOW 0
LIGHT SNOW 0 SLEET 0
FOG 18 FOG W/VIS <= 1/4 MILE 1
HAZE 9
- INDICATES NEGATIVE NUMBERS.
R INDICATES RECORD WAS SET OR TIED.
MM INDICATES DATA IS MISSING.
T INDICATES TRACE AMOUNT.
$$