000
CXUS54 KHUN 011500
CLMHSV
CLIMATE REPORT
NATIONAL WEATHER SERVICE HUNTSVILLE AL
1000 AM CDT WED NOV 01 2023
...................................
...THE HUNTSVILLE CLIMATE SUMMARY FOR THE MONTH OF OCTOBER 2023...
CLIMATE NORMAL PERIOD 1991 TO 2020
CLIMATE RECORD PERIOD 1894 TO 2023
WEATHER OBSERVED NORMAL DEPART LAST YEAR`S
VALUE DATE(S) VALUE FROM VALUE
NORMAL
..............................................................
TEMPERATURE (F)
RECORD
HIGH 100 10/02/2019
LOW 23 10/30/1963
10/30/1952
10/29/1910
HIGHEST 91 10/01 MM MM 84
LOWEST 37 10/31 MM MM 31
AVG. MAXIMUM 77.3 76.0 1.3 74.0
AVG. MINIMUM 52.0 51.8 0.2 46.0
MEAN 64.6 63.9 0.7 60.0
DAYS MAX >= 90 1 0.7 0.3 0
DAYS MAX <= 32 0 0.0 0.0 0
DAYS MIN <= 32 0 0.6 -0.6 2
DAYS MIN <= 0 0 0.0 0.0 0
PRECIPITATION (INCHES)
RECORD
MAXIMUM 12.06 1975
MINIMUM 0.00 1924
TOTALS 0.46 3.56 -3.10 2.37
DAILY AVG. 0.01 0.11 -0.10 0.08
DAYS >= .01 4 7.7 -3.7 6
DAYS >= .10 1 4.9 -3.9 4
DAYS >= .50 0 2.4 -2.4 1
DAYS >= 1.00 0 1.0 -1.0 1
GREATEST
24 HR. TOTAL 0.30 10/06 TO 10/06 1.47
SNOWFALL (INCHES)
RECORDS
TOTAL T 1993
1989
1910
24 HR TOTAL MM
TOTALS 0.0 0.0 0.0 0.0
SINCE 7/1 0.0 0.0 MM MM
DAYS >= TRACE 0 0.0 MM 0
DAYS >= 1.0 0 0.0 MM 0
GREATEST
SNOW DEPTH 0 0
24 HR TOTAL 0.0
DEGREE DAYS
HEATING TOTAL 95 122 -27 158
SINCE 7/1 95 129 -34 MM
COOLING TOTAL 91 88 3 11
SINCE 1/1 2011 2094 -83 MM
FREEZE DATES
RECORD
EARLIEST 10/09/2000
LATEST 05/07/1944
EARLIEST 10/19 (2022) 11/08
LATEST 03/13 03/24
..............................................................
WIND (MPH)
AVERAGE WIND SPEED 6.4
HIGHEST WIND SPEED/DIRECTION 23/110 DATE 10/12
23/010 10/31
HIGHEST GUST SPEED/DIRECTION 35/300 DATE 10/20
35/010 10/31
SKY COVER
POSSIBLE SUNSHINE (PERCENT) MM
WEATHER CONDITIONS. NUMBER OF DAYS WITH
THUNDERSTORM 0 MIXED PRECIP 0
HEAVY RAIN 1 RAIN 3
LIGHT RAIN 6 FREEZING RAIN 0
LT FREEZING RAIN 0 HAIL 0
HEAVY SNOW 0 SNOW 0
LIGHT SNOW 0 SLEET 0
FOG 5 FOG W/VIS <= 1/4 MILE 0
- INDICATES NEGATIVE NUMBERS.
R INDICATES RECORD WAS SET OR TIED.
MM INDICATES DATA IS MISSING.
T INDICATES TRACE AMOUNT.
$$