000
CXUS51 KRLX 011805
CF6HTS
PRELIMINARY LOCAL CLIMATOLOGICAL DATA (WS FORM: F-6)
STATION: HUNTINGTON WV
MONTH: DECEMBER
YEAR: 2022
LATITUDE: 38 22 N
LONGITUDE: 82 33 W
TEMPERATURE IN F: :PCPN: SNOW: WIND :SUNSHINE: SKY :PK WND
================================================================================
1 2 3 4 5 6A 6B 7 8 9 10 11 12 13 14 15 16 17 18
12Z AVG MX 2MIN
DY MAX MIN AVG DEP HDD CDD WTR SNW DPTH SPD SPD DIR MIN PSBL S-S WX SPD DR
================================================================================
1 42 25 34 -8 31 0 0.00 0.0 0 3.9 14 260 M M 0 20 260
2 59 23 41 -1 24 0 0.02 0.0 0 5.2 17 190 M M 4 25 190
3 62 34 48 7 17 0 0.10 0.0 0 8.8 25 300 M M 6 13 34 300
4 44 25 35 -6 30 0 0.00 0.0 0 2.5 9 180 M M 0 13 230
5 53 22 38 -3 27 0 T 0.0 0 2.9 12 170 M M 4 15 150
6 61 47 54 13 11 0 0.13 0.0 0 5.5 14 190 M M 10 12 18 190
7 67 53 60 20 5 0 0.05 0.0 0 6.7 14 190 M M 9 1 17 190
8 54 46 50 10 15 0 0.17 0.0 0 5.6 12 40 M M 10 1 17 40
9 53 44 49 9 16 0 0.00 0.0 0 3.7 9 50 M M 10 1 12 40
10 55 43 49 9 16 0 0.00 0.0 0 3.2 8 310 M M 5 1 11 310
11 50 42 46 6 19 0 0.00 0.0 0 4.1 13 340 M M 10 18 16 350
12 46 38 42 3 23 0 0.00 0.0 0 4.8 12 50 M M 10 15 60
13 48 33 41 2 24 0 0.00 0.0 0 6.2 13 50 M M 1 17 50
14 53 37 45 6 20 0 0.55 0.0 0 5.1 10 110 M M 8 1 15 100
15 54 42 48 9 17 0 0.36 0.0 0 5.9 14 270 M M 8 1 19 300
16 46 36 41 3 24 0 0.00 0.0 0 8.2 17 220 M M 5 23 220
17 40 32 36 -2 29 0 0.00 0.0 0 7.6 17 230 M M 7 24 210
18 34 23 29 -9 36 0 0.01 T 0 6.4 16 250 M M 7 8 26 260
19 38 19 29 -9 36 0 0.00 0.0 0 3.8 8 80 M M 0 14 60
20 43 25 34 -4 31 0 0.00 0.0 0 3.3 8 50 M M 3 13 40
21 47 20 34 -3 31 0 0.00 0.0 0 4.0 9 30 M M 2 1 14 360
22 47 36 42 5 23 0 0.12 0.0 0 3.4 9 190 M M 9 128 15 190
23 46 -2 22 -15 43 0 0.13 1.7 2 17.1 28 260 M M 10 128 44 270
24 14 0 7 -30 58 0 0.00 T 2 12.1 21 240 M M 10 89 31 240
25 24 8 16 -21 49 0 0.00 0.0 2 7.7 16 230 M M 1 25 230
26 28 13 21 -15 44 0 0.00 0.0 1 3.8 10 200 M M 7 13 190
27 35 23 29 -7 36 0 0.00 0.0 1 3.5 8 200 M M 7 10 190
28 52 22 37 1 28 0 0.00 0.0 T 5.1 15 200 M M 0 18 200
29 67 27 47 11 18 0 0.00 0.0 0 6.1 16 190 M M 4 22 190
30 69 49 59 23 6 0 0.00 0.0 0 6.8 15 190 M M 1 24 180
31 60 48 54 18 11 0 0.13 0.0 0 6.1 14 190 M M 8 1 21 190
================================================================================
SM 1491 933 798 0 1.77 1.7 179.1 M 176
================================================================================
AV 48.1 30.1 5.8 FASTST M M 6 MAX(MPH)
MISC ----> 28 260 44 270
================================================================================
NOTES:
# LAST OF SEVERAL OCCURRENCES
COLUMN 17 PEAK WIND IN M.P.H.
PRELIMINARY LOCAL CLIMATOLOGICAL DATA (WS FORM: F-6) , PAGE 2
STATION: HUNTINGTON WV
MONTH: DECEMBER
YEAR: 2022
LATITUDE: 38 22 N
LONGITUDE: 82 33 W
[TEMPERATURE DATA] [PRECIPITATION DATA] SYMBOLS USED IN COLUMN 16
AVERAGE MONTHLY: 39.1 TOTAL FOR MONTH: 1.77 1 = FOG OR MIST
DPTR FM NORMAL: 0.5 DPTR FM NORMAL: -1.80 2 = FOG REDUCING VISIBILITY
HIGHEST: 69 ON 30 GRTST 24HR 0.91 ON 14-15 TO 1/4 MILE OR LESS
LOWEST: -2 ON 23 3 = THUNDER
SNOW, ICE PELLETS, HAIL 4 = ICE PELLETS
TOTAL MONTH: 1.7 INCHES 5 = HAIL
GRTST 24HR 1.7 ON 23-23 6 = FREEZING RAIN OR DRIZZLE
GRTST DEPTH: 2 ON 25,24 7 = DUSTSTORM OR SANDSTORM:
VSBY 1/2 MILE OR LESS
8 = SMOKE OR HAZE
[NO. OF DAYS WITH] [WEATHER - DAYS WITH] 9 = BLOWING SNOW
X = TORNADO
MAX 32 OR BELOW: 3 0.01 INCH OR MORE: 11
MAX 90 OR ABOVE: 0 0.10 INCH OR MORE: 8
MIN 32 OR BELOW: 16 0.50 INCH OR MORE: 1
MIN 0 OR BELOW: 2 1.00 INCH OR MORE: 0
[HDD (BASE 65) ]
TOTAL THIS MO. 798 CLEAR (SCALE 0-3) 8
DPTR FM NORMAL -22 PTCLDY (SCALE 4-7) 13
TOTAL FM JUL 1 1686 CLOUDY (SCALE 8-10) 10
DPTR FM NORMAL 5
[CDD (BASE 65) ]
TOTAL THIS MO. 0
DPTR FM NORMAL 0 [PRESSURE DATA]
TOTAL FM JAN 1 1277 HIGHEST SLP 30.59 ON 1
DPTR FM NORMAL 43 LOWEST SLP 29.38 ON 23
[REMARKS]
#FINAL-12-22#