000
CXUS53 KIND 010700
CF6HUF
PRELIMINARY LOCAL CLIMATOLOGICAL DATA (WS FORM: F-6)
STATION: TERRE HAUTE IN
MONTH: FEBRUARY
YEAR: 2024
LATITUDE: 39 27 N
LONGITUDE: 87 18 W
TEMPERATURE IN F: :PCPN: SNOW: WIND :SUNSHINE: SKY :PK WND
================================================================================
1 2 3 4 5 6A 6B 7 8 9 10 11 12 13 14 15 16 17 18
12Z AVG MX 2MIN
DY MAX MIN AVG DEP HDD CDD WTR SNW DPTH SPD SPD DIR MIN PSBL S-S WX SPD DR
================================================================================
1 54 33 44 14 21 0 0.00 M M 5.7 14 210 M M 0 20 220
2 51 31 41 11 24 0 0.00 M M 8.3 16 80 M M 4 1 21 70
3 53 25 39 9 26 0 0.00 M M 9.0 18 70 M M 0 23 70
4 57 30 44 14 21 0 0.00 M M 10.0 16 40 M M 0 21 50
5 54 30 42 12 23 0 0.00 M M 8.0 16 360 M M 0 21 360
6 50 28 39 9 26 0 0.00 M M 5.4 13 60 M M 3 1 16 100
7 55 27 41 10 24 0 0.00 M M 4.3 10 130 M M 0 1 13 160
8 62 41 52 21 13 0 T M M 15.1 29 180 M M 4 44 170
9 66 55 61 30 4 0 0.00 M M 12.1 21 200 M M 5 28 210
10 56 35 46 15 19 0 0.10 M M 8.6 20 200 M M 3 13 28 200
11 49 30 40 8 25 0 0.00 M M 6.2 15 60 M M 0 19 40
12 49 30 40 8 25 0 0.00 M M 7.4 16 30 M M 3 21 360
13 51 24 38 6 27 0 0.00 M M 5.2 16 270 M M 4 25 270
14 54 31 43 11 22 0 0.00 M M 6.3 10 80 M M 3 14 80
15 50 29 40 7 25 0 0.01 M M 9.8 23 310 M M 3 37 300
16 35 22 29 -4 36 0 0.17 M M 7.6 15 350 M M 7 12 21 340
17 24 11 18 -15 47 0 0.00 M M 9.9 17 320 M M 1 26 310
18 37 13 25 -9 40 0 0.00 M M 8.1 18 240 M M 0 25 240
19 49 18 34 0 31 0 0.00 M M 3.6 10 190 M M 0 15 250
20 59 24 42 8 23 0 0.00 M M 5.2 16 200 M M 0 22 200
21 69 33 51 16 14 0 0.00 M M 10.6 24 190 M M 0 35 180
22 61 40 51 16 14 0 0.09 M M 7.9 18 340 M M 7 13 26 340
23 54 32 43 8 22 0 0.00 M M 8.5 20 320 M M 4 12 28 330
24 48 29 39 3 26 0 0.00 M M 9.6 21 350 M M 5 29 330
25 61 28 45 9 20 0 0.00 M M 8.8 22 190 M M 0 29 190
26 75 32 54 18 11 0 0.00 M M 7.8 17 180 M M 1 32 190
27 73 54 64 27 1 0 0.00 M M 13.6 21 190 M M 6 39 190
28 70 25 48 11 17 0 0.69 M M 14.9 29 280 M M 5 136 47 290
29 46 21 34 -3 31 0 0.00 M M 5.1 13 190 M M 0 17 180
================================================================================
SM 1572 861 658 0 1.06 M 242.6 M 68
================================================================================
AV 54.2 29.7 8.4 FASTST M M 2 MAX(MPH)
MISC ----> # 29 180 47 290
================================================================================
NOTES:
# LAST OF SEVERAL OCCURRENCES
COLUMN 17 PEAK WIND IN M.P.H.
PRELIMINARY LOCAL CLIMATOLOGICAL DATA (WS FORM: F-6) , PAGE 2
STATION: TERRE HAUTE IN
MONTH: FEBRUARY
YEAR: 2024
LATITUDE: 39 27 N
LONGITUDE: 87 18 W
[TEMPERATURE DATA] [PRECIPITATION DATA] SYMBOLS USED IN COLUMN 16
AVERAGE MONTHLY: 41.9 TOTAL FOR MONTH: 1.06 1 = FOG OR MIST
DPTR FM NORMAL: 9.0 DPTR FM NORMAL: -0.96 2 = FOG REDUCING VISIBILITY
HIGHEST: 75 ON 26 GRTST 24HR 0.69 ON 28-28 TO 1/4 MILE OR LESS
LOWEST: 11 ON 17 3 = THUNDER
SNOW, ICE PELLETS, HAIL 4 = ICE PELLETS
TOTAL MONTH: M 5 = HAIL
GRTST 24HR M ON M 6 = FREEZING RAIN OR DRIZZLE
GRTST DEPTH: M ON M 7 = DUSTSTORM OR SANDSTORM:
VSBY 1/2 MILE OR LESS
8 = SMOKE OR HAZE
[NO. OF DAYS WITH] [WEATHER - DAYS WITH] 9 = BLOWING SNOW
X = TORNADO
MAX 32 OR BELOW: 1 0.01 INCH OR MORE: 5
MAX 90 OR ABOVE: 0 0.10 INCH OR MORE: 3
MIN 32 OR BELOW: 22 0.50 INCH OR MORE: 1
MIN 0 OR BELOW: 0 1.00 INCH OR MORE: 0
[HDD (BASE 65) ]
TOTAL THIS MO. 658 CLEAR (SCALE 0-3) 19
DPTR FM NORMAL -242 PTCLDY (SCALE 4-7) 10
TOTAL FM JUL 1 3344 CLOUDY (SCALE 8-10) 0
DPTR FM NORMAL -774
[CDD (BASE 65) ]
TOTAL THIS MO. 0
DPTR FM NORMAL 0 [PRESSURE DATA]
TOTAL FM JAN 1 0 HIGHEST SLP M ON M
DPTR FM NORMAL 0 LOWEST SLP 29.32 ON 28
[REMARKS]
#FINAL-02-24#