000
CXUS56 KTFX 241829
CF6HVR
PRELIMINARY LOCAL CLIMATOLOGICAL DATA (WS FORM: F-6)
STATION: HAVRE MT
MONTH: FEBRUARY
YEAR: 2024
LATITUDE: 48 32 N
LONGITUDE: 109 46 W
TEMPERATURE IN F: :PCPN: SNOW: WIND :SUNSHINE: SKY :PK WND
================================================================================
1 2 3 4 5 6A 6B 7 8 9 10 11 12 13 14 15 16 17 18
12Z AVG MX 2MIN
DY MAX MIN AVG DEP HDD CDD WTR SNW DPTH SPD SPD DIR MIN PSBL S-S WX SPD DR
================================================================================
1 47 24 36 17 29 0 0.00 0.0 0 4.3 14 70 M M 2 12 16 80
2 45 25 35 16 30 0 0.00 0.0 0 4.3 14 60 M M 3 1 17 60
3 42 28 35 16 30 0 0.01 0.0 0 4.8 15 40 M M 6 1 20 30
4 35 11 23 4 42 0 0.53 5.8 3 9.2 18 300 M M 9 1 22 300
5 27 6 17 -3 48 0 0.01 T 5 3.3 14 80 M M 9 12 17 80
6 33 18 26 6 39 0 0.01 0.0 5 4.6 21 100 M M 10 126 27 90
7 33 27 30 10 35 0 0.11 1.2 4 9.6 18 320 M M 10 12 25 330
8 29 25 27 7 38 0 0.16 0.9 6 7.0 15 310 M M 10 1 20 300
9 28 12 20 0 45 0 0.04 0.4 6 4.9 16 310 M M 10 18 19 300
10 29 2 16 -4 49 0 T T 6 7.9 26 220 M M 6 128 34 230
11 33 22 28 8 37 0 0.01 T 6 13.2 28 220 M M 5 1 35 220
12 36 21 29 9 36 0 0.00 0.0 5 8.4 18 300 M M 10 12 23 290
13 30 12 21 0 44 0 0.02 0.3 5 7.0 16 330 M M 9 18 20 340
14 22 2 12 -9 53 0 0.00 0.0 5 6.6 14 220 M M 6 1 16 220
15 12 -7 3 -18 62 0 0.00 0.0 5 7.0 17 100 M M 3 22 100
16 12 -15 -1 -22 66 0 0.00 0.0 5 13.6 28 230 M M 1 18 32 230
17 24 1 13 -9 52 0 0.00 0.0 4 13.4 26 230 M M 0 31 230
18 30 -5 13 -9 52 0 0.00 0.0 4 8.2 23 230 M M 0 28 230
19 34 8 21 -1 44 0 0.00 0.0 4 6.8 21 230 M M 0 28 240
20 42 20 31 9 34 0 0.00 0.0 3 7.2 17 220 M M 6 21 230
21 39 24 32 10 33 0 0.00 0.0 2 9.8 17 220 M M 1 22 220
22 39 25 32 9 33 0 0.00 0.0 1 12.3 20 230 M M 0 26 220
23 42 32 37 14 28 0 0.00 0.0 0 20.0 29 220 M M 0 40 220
24 40 26 33 10 32 0 0.00 0.0 0 10.3 25 230 M M 5 31 240
25 46 27 37 13 28 0 0.00 0.0 0 8.6 28 210 M M 5 36 210
26 44 2 23 -1 42 0 0.00 0.0 0 16.7 33 220 M M 5 47 230
27 12 -2 5 -19 60 0 0.01 0.1 0 6.4 12 50 M M 5 8 15 90
28 47 9 28 3 37 0 0.00 0.0 T 15.3 31 230 M M 2 40 230
29 60 38 49 24 16 0 0.00 0.0 0 20.7 41 270 M M 1 59 280
================================================================================
SM 992 418 1174 0 0.91 8.7 271.4 M 139
================================================================================
AV 34.2 14.4 9.4 FASTST M M 5 MAX(MPH)
MISC ----> 41 270 59 280
================================================================================
NOTES:
# LAST OF SEVERAL OCCURRENCES
COLUMN 17 PEAK WIND IN M.P.H.
PRELIMINARY LOCAL CLIMATOLOGICAL DATA (WS FORM: F-6) , PAGE 2
STATION: HAVRE MT
MONTH: FEBRUARY
YEAR: 2024
LATITUDE: 48 32 N
LONGITUDE: 109 46 W
[TEMPERATURE DATA] [PRECIPITATION DATA] SYMBOLS USED IN COLUMN 16
AVERAGE MONTHLY: 24.3 TOTAL FOR MONTH: 0.91 1 = FOG OR MIST
DPTR FM NORMAL: 3.0 DPTR FM NORMAL: 0.53 2 = FOG REDUCING VISIBILITY
HIGHEST: 60 ON 29 GRTST 24HR 0.54 ON 3- 4 TO 1/4 MILE OR LESS
LOWEST: -15 ON 16 3 = THUNDER
SNOW, ICE PELLETS, HAIL 4 = ICE PELLETS
TOTAL MONTH: 8.7 INCHES 5 = HAIL
GRTST 24HR 5.8 ON 4- 4 6 = FREEZING RAIN OR DRIZZLE
GRTST DEPTH: 6 ON 11,10 7 = DUSTSTORM OR SANDSTORM:
VSBY 1/2 MILE OR LESS
8 = SMOKE OR HAZE
[NO. OF DAYS WITH] [WEATHER - DAYS WITH] 9 = BLOWING SNOW
X = TORNADO
MAX 32 OR BELOW: 11 0.01 INCH OR MORE: 10
MAX 90 OR ABOVE: 0 0.10 INCH OR MORE: 3
MIN 32 OR BELOW: 28 0.50 INCH OR MORE: 1
MIN 0 OR BELOW: 4 1.00 INCH OR MORE: 0
[HDD (BASE 65) ]
TOTAL THIS MO. 1174 CLEAR (SCALE 0-3) 11
DPTR FM NORMAL -50 PTCLDY (SCALE 4-7) 10
TOTAL FM JUL 1 5473 CLOUDY (SCALE 8-10) 8
DPTR FM NORMAL -645
[CDD (BASE 65) ]
TOTAL THIS MO. 0
DPTR FM NORMAL 0 [PRESSURE DATA]
TOTAL FM JAN 1 0 HIGHEST SLP 30.71 ON 16
DPTR FM NORMAL 0 LOWEST SLP 29.20 ON 26
[REMARKS]
#FINAL-02-24#