000
CXUS56 KTFX 161542
CF6HVR
PRELIMINARY LOCAL CLIMATOLOGICAL DATA (WS FORM: F-6)
STATION: HAVRE MT
MONTH: DECEMBER
YEAR: 2023
LATITUDE: 48 32 N
LONGITUDE: 109 46 W
TEMPERATURE IN F: :PCPN: SNOW: WIND :SUNSHINE: SKY :PK WND
================================================================================
1 2 3 4 5 6A 6B 7 8 9 10 11 12 13 14 15 16 17 18
12Z AVG MX 2MIN
DY MAX MIN AVG DEP HDD CDD WTR SNW DPTH SPD SPD DIR MIN PSBL S-S WX SPD DR
================================================================================
1 40 12 26 0 39 0 0.00 0.0 0 7.4 16 220 M M 4 21 220
2 47 22 35 10 30 0 0.00 0.0 0 15.5 32 270 M M 4 45 280
3 43 31 37 12 28 0 T 0.0 0 13.7 22 230 M M 5 29 260
4 49 25 37 12 28 0 0.00 0.0 0 11.4 26 280 M M 2 34 290
5 63 42 53 29 12 0 T 0.0 0 18.9 35 230 M M 3 48 230
6 62 37 50 26 15 0 0.00 0.0 0 6.3 21 220 M M 1 27 220
7 46 27 37 13 28 0 0.02 M 0 11.5 25 290 M M 7 1 32 300
8 34 30 32 9 33 0 0.10 1.0 1 5.4 17 300 M M 10 1 23 300
9 36 22 29 6 36 0 T T T 12.5 21 220 M M 3 1 28 210
10 47 29 38 15 27 0 0.00 0.0 0 12.5 25 230 M M 1 32 220
11 36 24 30 8 35 0 T T 0 6.1 16 20 M M 9 1 23 40
12 41 15 28 6 37 0 0.00 0.0 0 8.2 21 220 M M 1 25 220
13 50 19 35 13 30 0 0.00 0.0 0 9.9 21 230 M M 0 27 220
14 43 17 30 9 35 0 0.00 0.0 0 7.2 20 230 M M 1 24 230
15 39 15 27 6 38 0 0.00 0.0 0 4.0 13 70 M M 2 15 80
16 52 16 34 13 31 0 0.00 0.0 0 10.8 32 230 M M 1 42 230
17 43 15 29 9 36 0 0.00 0.0 0 5.6 17 320 M M 1 26 290
18 39 14 27 7 38 0 0.00 0.0 0 2.8 9 130 M M 2 11 80
19 45 25 35 15 30 0 T 0.0 0 5.0 14 80 M M 7 17 80
20 54 22 38 18 27 0 0.00 0.0 0 8.4 21 220 M M 1 28 230
21 52 29 41 22 24 0 0.00 0.0 0 10.4 16 220 M M 0 21 230
22 56 25 41 22 24 0 0.00 0.0 0 10.3 26 230 M M 0 35 230
23 40 16 28 9 37 0 0.09 T 0 8.2 22 290 M M 6 1 30 300
24 34 11 23 4 42 0 0.00 0.0 T 4.6 17 220 M M 0 22 220
25 38 6 22 3 43 0 0.00 0.0 T 4.3 20 220 M M 0 26 220
26 44 7 26 8 39 0 0.00 0.0 T 5.6 15 220 M M 0 19 220
27 43 15 29 11 36 0 0.00 0.0 0 8.4 16 240 M M 0 21 230
28 54 12 33 15 32 0 0.00 0.0 0 8.6 24 230 M M 0 33 230
29 46 21 34 16 31 0 0.00 0.0 0 7.5 17 220 M M 0 22 230
30 38 16 27 9 38 0 0.00 0.0 0 6.9 17 80 M M 0 24 80
31 37 14 26 8 39 0 0.00 0.0 0 4.7 14 220 M M 1 19 210
================================================================================
SM 1391 631 998 0 0.21 1.0 262.6 M 72
================================================================================
AV 44.9 20.4 8.5 FASTST M M 2 MAX(MPH)
MISC ----> 35 230 48 230
================================================================================
NOTES:
# LAST OF SEVERAL OCCURRENCES
COLUMN 17 PEAK WIND IN M.P.H.
PRELIMINARY LOCAL CLIMATOLOGICAL DATA (WS FORM: F-6) , PAGE 2
STATION: HAVRE MT
MONTH: DECEMBER
YEAR: 2023
LATITUDE: 48 32 N
LONGITUDE: 109 46 W
[TEMPERATURE DATA] [PRECIPITATION DATA] SYMBOLS USED IN COLUMN 16
AVERAGE MONTHLY: 32.6 TOTAL FOR MONTH: 0.21 1 = FOG OR MIST
DPTR FM NORMAL: 11.5 DPTR FM NORMAL: -0.19 2 = FOG REDUCING VISIBILITY
HIGHEST: 63 ON 5 GRTST 24HR 0.12 ON 7- 8 TO 1/4 MILE OR LESS
LOWEST: 6 ON 25 3 = THUNDER
SNOW, ICE PELLETS, HAIL 4 = ICE PELLETS
TOTAL MONTH: 1.0 INCH 5 = HAIL
GRTST 24HR 1.0 ON 8- 8 6 = FREEZING RAIN OR DRIZZLE
GRTST DEPTH: 1 ON 8 7 = DUSTSTORM OR SANDSTORM:
VSBY 1/2 MILE OR LESS
8 = SMOKE OR HAZE
[NO. OF DAYS WITH] [WEATHER - DAYS WITH] 9 = BLOWING SNOW
X = TORNADO
MAX 32 OR BELOW: 0 0.01 INCH OR MORE: 3
MAX 90 OR ABOVE: 0 0.10 INCH OR MORE: 1
MIN 32 OR BELOW: 29 0.50 INCH OR MORE: 0
MIN 0 OR BELOW: 0 1.00 INCH OR MORE: 0
[HDD (BASE 65) ]
TOTAL THIS MO. 998 CLEAR (SCALE 0-3) 22
DPTR FM NORMAL -363 PTCLDY (SCALE 4-7) 7
TOTAL FM JUL 1 2670 CLOUDY (SCALE 8-10) 2
DPTR FM NORMAL -678
[CDD (BASE 65) ]
TOTAL THIS MO. 0
DPTR FM NORMAL 0 [PRESSURE DATA]
TOTAL FM JAN 1 513 HIGHEST SLP 30.50 ON 15
DPTR FM NORMAL 109 LOWEST SLP 29.41 ON 2
[REMARKS]
#FINAL-12-23#