000
CXUS56 KMTR 010900
CF6HWD
PRELIMINARY LOCAL CLIMATOLOGICAL DATA (WS FORM: F-6)
STATION: HAYWARD AIRPORT
MONTH: MARCH
YEAR: 2023
LATITUDE: 37 39 N
LONGITUDE: 122 7 W
TEMPERATURE IN F: :PCPN: SNOW: WIND :SUNSHINE: SKY :PK WND
================================================================================
1 2 3 4 5 6A 6B 7 8 9 10 11 12 13 14 15 16 17 18
12Z AVG MX 2MIN
DY MAX MIN AVG DEP HDD CDD WTR SNW DPTH SPD SPD DIR MIN PSBL S-S WX SPD DR
================================================================================
1 57 37 47 -8 18 0 T M M 9.4 22 320 M M 1 1 29 310
2 58 37 48 -7 17 0 0.00 M M 6.5 16 280 M M 1 21 300
3 57 45 51 -4 14 0 0.00 M M 7.2 18 290 M M 5 24 300
4 53 46 50 -5 15 0 0.08 M M 9.7 24 260 M M 4 138 34 270
5 54 40 47 -8 18 0 0.33 M M 9.2 25 240 M M 5 1 39 240
6 56 40 48 -7 17 0 0.22 M M 8.4 15 250 M M 5 1 20 250
7 55 41 48 -7 17 0 0.01 M M 6.9 15 290 M M 3 22 290
8 55 42 49 -6 16 0 0.22 M M 6.7 13 290 M M 5 1 17 260
9 56 40 48 -7 17 0 0.83 M M 11.2 25 150 M M 7 1 40 140
10 59 50 55 -1 10 0 0.64 M M 5.3 24 150 M M 8 1 36 170
11 63 51 57 1 8 0 T M M 4.4 15 250 M M 9 18 20 260
12 62 54 58 2 7 0 0.77 M M 9.3 21 210 M M 10 13 28 220
13 69 54 62 6 3 0 0.01 M M 8.6 17 190 M M 8 23 180
14 65 48 57 1 8 0 0.42 M M 14.8 31 160 M M 10 1 49 170
15 59 42 51 -5 14 0 0.00 M M 5.9 15 280 M M 1 25 230
16 61 43 52 -4 13 0 0.00 M M 5.9 17 290 M M 1 23 270
17 67 44 56 0 9 0 0.00 M M 5.1 17 280 M M 2 22 280
18 70 46 58 2 7 0 0.02 M M 3.1 14 200 M M 1 19 190
19 60 51 56 0 9 0 0.38 M M 9.8 21 150 M M 10 1 31 180
20 56 48 52 -4 13 0 0.01 M M 7.9 17 290 M M 6 1 23 290
21 58 47 53 -3 12 0 1.15 M M 15.7 41 130 M M 9 1 57 120
22 59 48 54 -2 11 0 0.17 M M 9.2 17 150 M M 9 25 140
23 57 48 53 -3 12 0 T M M 13.9 23 290 M M 7 31 270
24 59 42 51 -5 14 0 0.00 M M 10.5 24 290 M M 0 32 290
25 58 37 48 -8 17 0 0.00 M M 9.5 22 290 M M 0 28 300
26 57 38 48 -9 17 0 0.00 M M 7.4 18 290 M M 0 25 290
27 62 38 50 -7 15 0 0.00 M M 6.5 18 290 M M 1 23 280
28 53 43 48 -9 17 0 0.55 M M 13.1 36 160 M M 9 1 50 170
29 53 45 49 -8 16 0 0.51 M M 9.0 20 190 M M 7 138 29 140
30 58 42 50 -7 15 0 0.00 M M 6.4 17 270 M M 6 24 260
31 60 42 51 -6 14 0 0.00 M M 6.7 16 280 M M 2 21 290
================================================================================
SM 1826 1369 410 0 6.32 M 263.2 M 152
================================================================================
AV 58.9 44.2 8.5 FASTST M M 5 MAX(MPH)
MISC ----> 41 130 57 120
================================================================================
NOTES:
# LAST OF SEVERAL OCCURRENCES
COLUMN 17 PEAK WIND IN M.P.H.
PRELIMINARY LOCAL CLIMATOLOGICAL DATA (WS FORM: F-6) , PAGE 2
STATION: HAYWARD AIRPORT
MONTH: MARCH
YEAR: 2023
LATITUDE: 37 39 N
LONGITUDE: 122 7 W
[TEMPERATURE DATA] [PRECIPITATION DATA] SYMBOLS USED IN COLUMN 16
AVERAGE MONTHLY: 51.5 TOTAL FOR MONTH: 6.32 1 = FOG OR MIST
DPTR FM NORMAL: -4.4 DPTR FM NORMAL: 3.97 2 = FOG REDUCING VISIBILITY
HIGHEST: 70 ON 18 GRTST 24HR 1.47 ON 9-10 TO 1/4 MILE OR LESS
LOWEST: 37 ON 25, 2 3 = THUNDER
SNOW, ICE PELLETS, HAIL 4 = ICE PELLETS
TOTAL MONTH: M 5 = HAIL
GRTST 24HR M ON M 6 = FREEZING RAIN OR DRIZZLE
GRTST DEPTH: M ON M 7 = DUSTSTORM OR SANDSTORM:
VSBY 1/2 MILE OR LESS
8 = SMOKE OR HAZE
[NO. OF DAYS WITH] [WEATHER - DAYS WITH] 9 = BLOWING SNOW
X = TORNADO
MAX 32 OR BELOW: 0 0.01 INCH OR MORE: 17
MAX 90 OR ABOVE: 0 0.10 INCH OR MORE: 12
MIN 32 OR BELOW: 0 0.50 INCH OR MORE: 6
MIN 0 OR BELOW: 0 1.00 INCH OR MORE: 1
[HDD (BASE 65) ]
TOTAL THIS MO. 410 CLEAR (SCALE 0-3) 12
DPTR FM NORMAL 126 PTCLDY (SCALE 4-7) 12
TOTAL FM JUL 1 2198 CLOUDY (SCALE 8-10) 7
DPTR FM NORMAL 309
[CDD (BASE 65) ]
TOTAL THIS MO. 0
DPTR FM NORMAL -2 [PRESSURE DATA]
TOTAL FM JAN 1 0 HIGHEST SLP M ON M
DPTR FM NORMAL -2 LOWEST SLP 29.23 ON 21
[REMARKS]
#FINAL-03-23#