000
CXUS52 KMFL 011030
CF6HWO
PRELIMINARY LOCAL CLIMATOLOGICAL DATA (WS FORM: F-6)
STATION: NORTH PERRY ARPT
MONTH: OCTOBER
YEAR: 2022
LATITUDE: 26 0 N
LONGITUDE: 80 14 W
TEMPERATURE IN F: :PCPN: SNOW: WIND :SUNSHINE: SKY :PK WND
================================================================================
1 2 3 4 5 6A 6B 7 8 9 10 11 12 13 14 15 16 17 18
12Z AVG MX 2MIN
DY MAX MIN AVG DEP HDD CDD WTR SNW DPTH SPD SPD DIR MIN PSBL S-S WX SPD DR
================================================================================
1 86 72 79 -3 0 14 T 0.0 0 6.7 14 90 M M 6 16 90
2 84 74 79 -3 0 14 0.04 0.0 0 6.9 15 10 M M 9 1 20 330
3 89 69 79 -3 0 14 0.00 0.0 0 6.9 14 350 M M 3 21 290
4 87 72 80 -2 0 15 0.00 0.0 0 8.1 15 60 M M 3 20 60
5 85 71 78 -4 0 13 0.00 0.0 0 7.6 16 60 M M 4 22 90
6 86 70 78 -4 0 13 T 0.0 0 8.1 18 70 M M 2 27 50
7 86 70 78 -4 0 13 0.00 0.0 0 7.5 16 70 M M 2 21 70
8 85 71 78 -3 0 13 0.06 0.0 0 11.3 21 50 M M 8 26 60
9 82 75 79 -2 0 14 2.68 0.0 0 3.7 18 120 M M 8 13 22 110
10 89 74 82 1 0 17 0.00 0.0 M 4.9 12 90 M M 2 1 16 120
11 89 76 83 2 0 18 0.00 0.0 M 8.0 15 70 M M 3 19 70
12 89 75 82 1 0 17 0.34 0.0 M 7.3 16 10 M M 2 1 20 100
13 87 75 81 0 0 16 1.09 M M 4.9 22 240 M M 4 13 29 240
14 86 75 81 0 0 16 T M M 4.4 10 80 M M 2 3 14 110
15 86 75 81 1 0 16 0.02 M M 9.0 21 60 M M 3 3 26 60
16 86 78 82 2 0 17 0.00 M M 9.9 17 60 M M 3 22 50
17 87 75 81 1 0 16 0.02 0.0 0 6.8 16 160 M M 4 20 140
18 86 76 81 1 0 16 T 0.0 0 7.5 16 260 M M 2 3 22 210
19 77 60 69 -11 0 4 1.16 0.0 0 10.3 18 330 M M 8 1 23 330
20 81 62 72 -8 0 7 T 0.0 0 9.2 18 330 M M 7 24 320
21 81 66 74 -5 0 9 T 0.0 0 12.5 20 360 M M 7 24 330
22 84 65 75 -4 0 10 0.00 0.0 0 8.9 18 60 M M 1 22 50
23 84 65 75 -4 0 10 0.00 0.0 0 7.4 18 60 M M 2 24 50
24 84 68 76 -3 0 11 0.00 0.0 0 7.5 17 80 M M 2 21 60
25 86 67 77 -2 0 12 0.00 M M 6.0 16 60 M M 1 18 50
26 86 66 76 -2 0 11 0.00 0.0 0 2.9 12 340 M M 0 15 290
27 87 69 78 0 0 13 0.00 M M 4.3 14 80 M M 1 18 90
28 86 69 78 0 0 13 0.00 M M 7.1 17 60 M M 1 20 40
29 86 70 78 0 0 13 0.02 M M 10.4 20 60 M M 3 24 70
30 86 71 79 1 0 14 T M M 9.2 16 60 M M 3 21 60
31 87 73 80 3 0 15 0.02 M M 5.7 15 110 M M 3 22 110
================================================================================
SM 2650 2194 0 414 5.45 0.0 230.9 M 109
================================================================================
AV 85.5 70.8 7.4 FASTST M M 4 MAX(MPH)
MISC ----> 22 240 29 240
================================================================================
NOTES:
# LAST OF SEVERAL OCCURRENCES
COLUMN 17 PEAK WIND IN M.P.H.
PRELIMINARY LOCAL CLIMATOLOGICAL DATA (WS FORM: F-6) , PAGE 2
STATION: NORTH PERRY ARPT
MONTH: OCTOBER
YEAR: 2022
LATITUDE: 26 0 N
LONGITUDE: 80 14 W
[TEMPERATURE DATA] [PRECIPITATION DATA] SYMBOLS USED IN COLUMN 16
AVERAGE MONTHLY: 78.1 TOTAL FOR MONTH: 5.45 1 = FOG OR MIST
DPTR FM NORMAL: -2.0 DPTR FM NORMAL: -2.20 2 = FOG REDUCING VISIBILITY
HIGHEST: 89 ON 12,11 GRTST 24HR 2.71 ON 8- 9 TO 1/4 MILE OR LESS
LOWEST: 60 ON 19 3 = THUNDER
SNOW, ICE PELLETS, HAIL 4 = ICE PELLETS
TOTAL MONTH: 0.0 INCH 5 = HAIL
GRTST 24HR 0.0 6 = FREEZING RAIN OR DRIZZLE
GRTST DEPTH: 0 7 = DUSTSTORM OR SANDSTORM:
VSBY 1/2 MILE OR LESS
8 = SMOKE OR HAZE
[NO. OF DAYS WITH] [WEATHER - DAYS WITH] 9 = BLOWING SNOW
X = TORNADO
MAX 32 OR BELOW: 0 0.01 INCH OR MORE: 10
MAX 90 OR ABOVE: 0 0.10 INCH OR MORE: 4
MIN 32 OR BELOW: 0 0.50 INCH OR MORE: 3
MIN 0 OR BELOW: 0 1.00 INCH OR MORE: 3
[HDD (BASE 65) ]
TOTAL THIS MO. 0 CLEAR (SCALE 0-3) 20
DPTR FM NORMAL 0 PTCLDY (SCALE 4-7) 9
TOTAL FM JUL 1 0 CLOUDY (SCALE 8-10) 2
DPTR FM NORMAL 0
[CDD (BASE 65) ]
TOTAL THIS MO. 414
DPTR FM NORMAL -54 [PRESSURE DATA]
TOTAL FM JAN 1 4198 HIGHEST SLP 30.13 ON 11
DPTR FM NORMAL 63 LOWEST SLP 29.79 ON 1
[REMARKS]
#FINAL-10-22#