000
CXUS53 KUNR 011534
CLMICR
CLIMATE REPORT
NATIONAL WEATHER SERVICE RAPID CITY SD
934 AM MDT SAT JUL 01 2023
...................................
...THE WINNER REGIONAL AIRPORT SD CLIMATE SUMMARY FOR THE MONTH OF JUNE 2023...
CLIMATE NORMAL PERIOD 1991 TO 2020
CLIMATE RECORD PERIOD 9999 TO 9999
WEATHER OBSERVED NORMAL DEPART LAST YEAR`S
VALUE DATE(S) VALUE FROM VALUE DATE(S)
NORMAL
................................................................
TEMPERATURE (F)
HIGHEST 102 06/19 109 06/29
LOWEST 47 06/12 44 06/01
AVG. MAXIMUM 84.6 81.7 2.9 83.7
AVG. MINIMUM 59.3 58.0 1.3 59.0
MEAN 71.9 69.8 2.1 71.3
DAYS MAX >= 90 7 10
DAYS MAX <= 32 0 0
DAYS MIN <= 32 0 0
DAYS MIN <= 0 0 0
PRECIPITATION (INCHES)
TOTALS MM 3.72 MM 4.24
DAILY AVG. 0.05 0.12 -0.07 0.15
DAYS >= .01 MM 8
DAYS >= .10 MM 6
DAYS >= .50 MM 3
DAYS >= 1.00 MM 2
GREATEST
24 HR. TOTAL MM 1.47
DEGREE DAYS
HEATING TOTAL 10 39 -29 31
SINCE 7/1 6877 6419 458 MM
COOLING TOTAL 206 184 22 222
SINCE 1/1 295 230 65 MM
................................................................
WIND (MPH)
AVERAGE WIND SPEED 8.6
HIGHEST WIND SPEED/DIRECTION 40/310 DATE 06/24
HIGHEST GUST SPEED/DIRECTION 55/310 DATE 06/24
AVERAGE RH (PERCENT) 61
WEATHER CONDITIONS. NUMBER OF DAYS WITH
THUNDERSTORM 8 MIXED PRECIP 0
HEAVY RAIN MM RAIN MM
LIGHT RAIN MM FREEZING RAIN 0
LT FREEZING RAIN 0 HAIL 0
HEAVY SNOW 0 SNOW 0
LIGHT SNOW 0 SLEET 0
FOG 12 FOG W/VIS <= 1/4 MILE 0
HAZE 10
- INDICATES NEGATIVE NUMBERS.
R INDICATES RECORD WAS SET OR TIED.
MM INDICATES DATA IS MISSING.
T INDICATES TRACE AMOUNT.
$$