000
CXUS55 KVEF 010910
CF6IGM
PRELIMINARY LOCAL CLIMATOLOGICAL DATA (WS FORM: F-6)
STATION: KINGMAN AZ
MONTH: NOVEMBER
YEAR: 2023
LATITUDE: 35 16 N
LONGITUDE: 113 57 W
TEMPERATURE IN F: :PCPN: SNOW: WIND :SUNSHINE: SKY :PK WND
================================================================================
1 2 3 4 5 6A 6B 7 8 9 10 11 12 13 14 15 16 17 18
12Z AVG MX 2MIN
DY MAX MIN AVG DEP HDD CDD WTR SNW DPTH SPD SPD DIR MIN PSBL S-S WX SPD DR
================================================================================
1 75 36 56 -1 9 0 0.00 M M 5.3 10 140 M M 0 13 130
2 78 34 56 -1 9 0 0.00 M M 3.6 13 230 M M 0 17 240
3 80 37 59 3 6 0 0.00 M M 3.3 12 140 M M 0 15 270
4 83 38 61 5 4 0 0.00 M M 3.9 12 160 M M 0 14 150
5 82 45 64 8 1 0 0.00 M M 8.5 22 240 M M 0 29 240
6 81 47 64 9 1 0 0.00 M M 11.5 24 230 M M 0 36 210
7 72 46 59 4 6 0 0.00 M M 11.9 26 250 M M 0 34 210
8 62 42 52 -2 13 0 0.00 M M 13.7 26 350 M M 0 38 360
9 63 35 49 -5 16 0 0.00 M M 12.5 23 350 M M 0 30 360
10 65 32 49 -5 16 0 0.00 M M 8.8 15 20 M M 0 19 20
11 69 33 51 -2 14 0 0.00 M M 6.0 12 10 M M 0 16 40
12 75 36 56 3 9 0 0.00 M M 5.2 13 30 M M 0 17 30
13 76 38 57 5 8 0 0.00 M M 6.2 21 230 M M 0 27 260
14 76 48 62 10 3 0 0.00 M M 9.2 24 240 M M 0 29 240
15 74 51 63 12 2 0 0.00 M M 6.7 21 230 M M 3 8 27 230
16 67 46 57 6 8 0 T M M 5.8 15 250 M M 6 20 260
17 69 40 55 4 10 0 0.00 M M 5.6 13 200 M M 1 12 17 250
18 67 47 57 7 8 0 0.01 M M 8.3 18 230 M M 3 31 250
19 64 45 55 5 10 0 0.00 M M 13.9 31 230 M M 2 39 220
20 57 38 48 -1 17 0 0.00 M M 16.0 26 360 M M 0 34 360
21 64 34 49 0 16 0 0.00 M M 9.6 15 70 M M 0 22 30
22 67 30 49 1 16 0 0.00 M M 3.7 10 30 M M 0 12 30
23 65 36 51 3 14 0 0.00 M M 8.3 22 220 M M 0 29 210
24 58 33 46 -2 19 0 0.00 M M 6.8 16 210 M M 2 21 210
25 52 28 40 -7 25 0 0.00 M M 8.6 16 360 M M 0 23 20
26 55 27 41 -6 24 0 0.00 M M 8.1 15 20 M M 0 20 20
27 57 33 45 -2 20 0 0.00 M M 7.6 16 20 M M 0 21 30
28 62 29 46 0 19 0 0.00 M M 3.5 10 40 M M 1 14 30
29 61 37 49 3 16 0 0.00 M M 5.2 16 250 M M 8 8 19 250
30 57 32 45 -1 20 0 0.00 M M 7.5 21 240 M M 4 8 26 230
================================================================================
SM 2033 1133 359 0 0.01 M 234.8 M 30
================================================================================
AV 67.8 37.8 7.8 FASTST M M 1 MAX(MPH)
MISC ----> 31 230 39 220
================================================================================
NOTES:
# LAST OF SEVERAL OCCURRENCES
COLUMN 17 PEAK WIND IN M.P.H.
PRELIMINARY LOCAL CLIMATOLOGICAL DATA (WS FORM: F-6) , PAGE 2
STATION: KINGMAN AZ
MONTH: NOVEMBER
YEAR: 2023
LATITUDE: 35 16 N
LONGITUDE: 113 57 W
[TEMPERATURE DATA] [PRECIPITATION DATA] SYMBOLS USED IN COLUMN 16
AVERAGE MONTHLY: 52.8 TOTAL FOR MONTH: 0.01 1 = FOG OR MIST
DPTR FM NORMAL: 1.5 DPTR FM NORMAL: -0.61 2 = FOG REDUCING VISIBILITY
HIGHEST: 83 ON 4 GRTST 24HR 0.01 ON 18-18 TO 1/4 MILE OR LESS
LOWEST: 27 ON 26 3 = THUNDER
SNOW, ICE PELLETS, HAIL 4 = ICE PELLETS
TOTAL MONTH: M 5 = HAIL
GRTST 24HR M ON M 6 = FREEZING RAIN OR DRIZZLE
GRTST DEPTH: M ON M 7 = DUSTSTORM OR SANDSTORM:
VSBY 1/2 MILE OR LESS
8 = SMOKE OR HAZE
[NO. OF DAYS WITH] [WEATHER - DAYS WITH] 9 = BLOWING SNOW
X = TORNADO
MAX 32 OR BELOW: 0 0.01 INCH OR MORE: 1
MAX 90 OR ABOVE: 0 0.10 INCH OR MORE: 0
MIN 32 OR BELOW: 6 0.50 INCH OR MORE: 0
MIN 0 OR BELOW: 0 1.00 INCH OR MORE: 0
[HDD (BASE 65) ]
TOTAL THIS MO. 359 CLEAR (SCALE 0-3) 26
DPTR FM NORMAL -54 PTCLDY (SCALE 4-7) 4
TOTAL FM JUL 1 453 CLOUDY (SCALE 8-10) 0
DPTR FM NORMAL -83
[CDD (BASE 65) ]
TOTAL THIS MO. 0
DPTR FM NORMAL -2 [PRESSURE DATA]
TOTAL FM JAN 1 2181 HIGHEST SLP 30.45 ON 21
DPTR FM NORMAL 8 LOWEST SLP 29.63 ON 23
[REMARKS]
#FINAL-11-23#