963
CXUS55 KVEF 030124
CLAIGM
CLIMATE REPORT
NATIONAL WEATHER SERVICE LAS VEGAS, NV
523 PM PST SAT JAN 2 2021
...................................
...THE KINGMAN AZ CLIMATE SUMMARY FOR THE YEAR OF 2020...
CLIMATE NORMAL PERIOD 1981 TO 2010
CLIMATE RECORD PERIOD 1901 TO 2020
WEATHER OBSERVED NORMAL DEPART LAST YEAR`S
VALUE DATE(S) VALUE FROM VALUE DATE(S)
NORMAL
................................................................
TEMPERATURE (F)
RECORD
HIGH 113 06/20/2017
07/17/2005
06/20/2016
LOW 4 01/29/1979
HIGHEST 112 07/31 76 36 107 08/05
LOWEST 19 02/05 47 -28 9 02/23
12/30
AVG. MAXIMUM 79.8 76.0 3.8 75.7
AVG. MINIMUM 48.4 48.4 0.0 47.8
MEAN 64.1 62.2 1.9 61.8
DAYS MAX >= 90 149 104.6 44.4 105
DAYS MAX <= 32 0 0.1 -0.1 0
DAYS MIN <= 32 82 59.0 23.0 53
DAYS MIN <= 0 0 0.0 0.0 0
PRECIPITATION (INCHES)
RECORD
MAXIMUM 18.93 1931
MINIMUM 3.58 1947
TOTALS 4.67 8.39 -3.72 11.80
DAILY AVG. T 0.02 -0.02 0.03
DAYS >= .01 24 MM MM 47
DAYS >= .10 11 MM MM 28
DAYS >= .50 3 MM MM 6
DAYS >= 1.00 0 MM MM 2
GREATEST
24 HR. TOTAL 1.08 04/12 TO 04/13 1.25 11/28 TO 11/28
STORM TOTAL 1.08 MM
(MM/DD(HH)) 04/12(18) TO 04/13(2)
SNOWFALL (INCHES)
RECORDS
TOTAL 198.0 2017
24 HR TOTAL 99.0 MM
SNOW DEPTH 99 MM
TOTALS MM MM MM MM
LIQUID EQUIV MM MM MM MM
SINCE 7/1 MM MM MM MM
LIQUID 7/1 MM MM MM MM
SNOWDEPTH AVG. MM MM
DAYS >= TRACE MM MM MM MM
DAYS >= 1.0 MM MM MM MM
GREATEST
SNOW DEPTH MM MM MM
24 HR TOTAL MM MM 9.9
STORM TOTAL MM MM
(MM/DD(HH)) MM
DEGREE DAYS
HEATING TOTAL 2507 3103 -596 3119
SINCE 7/1 1128 1252 -124 1180
COOLING TOTAL 2709 2095 614 2098
SINCE 1/1 2709 2093 616 2098
FREEZE DATES
RECORD
EARLIEST 09/24/1920
LATEST 05/21/1975
EARLIEST 10/27
LATEST 04/03
................................................................
WIND (MPH)
AVERAGE WIND SPEED 9.4
RESULTANT WIND SPEED/DIRECTION 3/200
HIGHEST WIND SPEED/DIRECTION 51/190 DATE 11/06
HIGHEST GUST SPEED/DIRECTION 73/190 DATE 11/06
SKY COVER
POSSIBLE SUNSHINE (PERCENT) MM
AVERAGE SKY COVER 0.04
NUMBER OF DAYS FAIR 345
NUMBER OF DAYS PC 18
NUMBER OF DAYS CLOUDY 3
AVERAGE RH (PERCENT) 30
WEATHER CONDITIONS. NUMBER OF DAYS WITH
THUNDERSTORM 19 MIXED PRECIP 0
HEAVY RAIN 8 RAIN 13
LIGHT RAIN 39 FREEZING RAIN 0
LT FREEZING RAIN 0 HAIL 0
HEAVY SNOW 0 SNOW 0
LIGHT SNOW 0 SLEET 0
FOG 12 FOG W/VIS <= 1/4 MILE 1
HAZE 19
- INDICATES NEGATIVE NUMBERS.
R INDICATES RECORD WAS SET OR TIED.
MM INDICATES DATA IS MISSING.
T INDICATES TRACE AMOUNT.
$$