000
CXUS51 KPHI 010853
CLMILG
CLIMATE REPORT
NATIONAL WEATHER SERVICE MOUNT HOLLY NJ
453 AM EDT THU JUN 01 2023
...................................
...THE WILMINGTON DE CLIMATE SUMMARY FOR THE MONTH OF MAY 2023...
CLIMATE NORMAL PERIOD: 1991 TO 2020
CLIMATE RECORD PERIOD: 1894 TO 2023
WEATHER OBSERVED NORMAL DEPART LAST YEAR`S
VALUE DATE(S) VALUE FROM VALUE DATE(S)
NORMAL
................................................................
TEMPERATURE (F)
RECORD
HIGH 98 05/30/1895
05/10/1895
LOW 30 05/01/1978
HIGHEST 88 88 0 95
LOWEST 41 39 2 38
AVG. MAXIMUM 74.9 73.5 1.4 75.4
AVG. MINIMUM 50.5 53.4 -2.9 56.2
MEAN 62.7 63.5 -0.8 65.8
DAYS MAX >= 90 0 1.1 -1.1 2
DAYS MAX <= 32 0 0.0 0.0 0
DAYS MIN <= 32 0 0.0 0.0 0
DAYS MIN <= 0 0 0.0 0.0 0
PRECIPITATION (INCHES)
RECORD
MAXIMUM 11.99 1894
MINIMUM 0.22 1964
TOTALS 0.20R 3.57 -3.37 2.96
DAILY AVG. 0.01 0.12 -0.11 0.10
DAYS >= .01 5 11.7 -6.7 16
DAYS >= .10 1 6.7 -5.7 8
DAYS >= .50 0 2.3 -2.3 2
DAYS >= 1.00 0 0.7 -0.7 0
GREATEST
24 HR. TOTAL 0.10 05/03 TO 05/03 0.72
SNOWFALL (INCHES)
RECORDS
TOTAL 0.0
24 HR TOTAL MM
TOTALS 0.0 0.0 0.0 0.0
SINCE 7/1 0.4 20.2 -19.8 MM
SNOWDEPTH AVG. 0 0
DAYS >= 1.0 0 0.0 0.0 0
GREATEST
SNOW DEPTH 0 0 MM
24 HR TOTAL 0.0 0.0
DEGREE DAYS
HEATING TOTAL 99 122 -23 78
SINCE 7/1 3905 4634 -729 MM
COOLING TOTAL 36 74 -38 114
SINCE 1/1 74 87 -13 MM
................................................................
WIND (MPH)
AVERAGE WIND SPEED 7.7
HIGHEST WIND SPEED/DIRECTION 26/260 DATE 05/01
HIGHEST GUST SPEED/DIRECTION 37/280 DATE 05/02
SKY COVER
POSSIBLE SUNSHINE (PERCENT) MM
AVERAGE SKY COVER 0.22
NUMBER OF DAYS FAIR 23
NUMBER OF DAYS PC 6
NUMBER OF DAYS CLOUDY 2
AVERAGE RH (PERCENT) 59
WEATHER CONDITIONS. NUMBER OF DAYS WITH
THUNDERSTORM 0 MIXED PRECIP 0
HEAVY RAIN 0 RAIN 1
LIGHT RAIN 8 FREEZING RAIN 0
LT FREEZING RAIN 0 HEAVY SNOW 0
SNOW 0 LIGHT SNOW 0
SLEET 0 FOG 6
FOG W/VIS <= 1/4 MILE 1 HAZE 6
- INDICATES NEGATIVE NUMBERS.
R INDICATES RECORD WAS SET OR TIED.
MM INDICATES DATA IS MISSING.
T INDICATES TRACE AMOUNT.
$$