000
CXUS52 KILM 011930
CF6ILM
PRELIMINARY LOCAL CLIMATOLOGICAL DATA (WS FORM: F-6)
STATION: WILMINGTON NORTH CAROLINA
MONTH: SEPTEMBER
YEAR: 2022
LATITUDE: 34 16 N
LONGITUDE: 77 55 W
TEMPERATURE IN F: :PCPN: SNOW: WIND :SUNSHINE: SKY :PK WND
================================================================================
1 2 3 4 5 6A 6B 7 8 9 10 11 12 13 14 15 16 17 18
12Z AVG MX 2MIN
DY MAX MIN AVG DEP HDD CDD WTR SNW DPTH SPD SPD DIR MIN PSBL S-S WX SPD DR
================================================================================
1 92 72 82 4 0 17 0.00 0.0 0 2.1 9 120 M M 0 12 120
2 89 69 79 1 0 14 0.00 0.0 0 2.8 10 110 M M 1 14 110
3 88 71 80 2 0 15 0.00 0.0 0 5.4 14 110 M M 2 1 17 110
4 87 72 80 2 0 15 0.04 0.0 0 4.8 14 110 M M 3 17 110
5 87 70 79 1 0 14 0.00 0.0 0 5.4 16 120 M M 3 22 130
6 94 77 86 8 0 21 T 0.0 0 8.0 20 270 M M 3 24 270
7 92 72 82 5 0 17 0.18 0.0 0 4.1 24 20 M M 3 13 31 30
8 87 69 78 1 0 13 T 0.0 0 8.6 16 10 M M 4 1 21 20
9 87 66 77 0 0 12 T 0.0 0 9.8 18 60 M M 4 25 60
10 84 72 78 1 0 13 1.28 0.0 0 6.4 16 90 M M 7 1 22 130
11 90 74 82 5 0 17 0.17 0.0 0 5.3 24 290 M M 4 1238 30 280
12 91 76 84 8 0 19 0.00 0.0 0 7.3 16 190 M M 1 20 200
13 91 76 84 8 0 19 0.00 0.0 0 6.1 13 270 M M 2 17 260
14 86 67 77 1 0 12 0.00 0.0 0 4.9 10 340 M M 0 15 320
15 84 64 74 -2 0 9 0.00 0.0 0 7.2 17 20 M M 0 26 30
16 84 63 74 -1 0 9 0.00 0.0 0 6.2 18 30 M M 0 1 23 40
17 83 60 72 -3 0 7 0.00 0.0 0 6.4 14 80 M M 2 18 80
18 86 68 77 2 0 12 0.00 0.0 0 6.9 15 120 M M 2 20 110
19 87 68 78 3 0 13 0.00 0.0 0 3.9 12 110 M M 2 16 140
20 92 68 80 6 0 15 0.00 0.0 0 2.8 10 120 M M 0 1 15 130
21 88 68 78 4 0 13 0.00 0.0 0 3.1 12 120 M M 0 1 15 120
22 94 69 82 8 0 17 0.30 0.0 0 7.7 29 330 M M 2 13 38 330
23 76 53 65 -9 0 0 0.00 0.0 0 9.4 22 360 M M 1 30 350
24 79 49 64 -9 1 0 0.00 0.0 0 3.5 12 110 M M 0 17 140
25 85 60 73 0 0 8 0.00 0.0 0 8.2 20 200 M M 0 25 200
26 89 71 80 7 0 15 0.00 0.0 0 7.6 14 200 M M 2 19 190
27 78 60 69 -3 0 4 0.18 0.0 0 4.6 23 250 M M 1 13 32 250
28 76 58 67 -5 0 2 0.00 0.0 0 11.3 20 30 M M 2 26 40
29 67 61 64 -8 1 0 0.25 0.0 0 18.2 28 30 M M 10 1 36 20
30 79 63 71 0 0 6 2.75 0.0 0 23.5 36 30 M M 10 1 50 120
================================================================================
SM 2572 2006 2 348 5.15 0.0 211.5 M 71
================================================================================
AV 85.7 66.9 7.1 FASTST M M 2 MAX(MPH)
MISC ----> 36 30 50 120
================================================================================
NOTES:
# LAST OF SEVERAL OCCURRENCES
COLUMN 17 PEAK WIND IN M.P.H.
PRELIMINARY LOCAL CLIMATOLOGICAL DATA (WS FORM: F-6) , PAGE 2
STATION: WILMINGTON NORTH CAROLINA
MONTH: SEPTEMBER
YEAR: 2022
LATITUDE: 34 16 N
LONGITUDE: 77 55 W
[TEMPERATURE DATA] [PRECIPITATION DATA] SYMBOLS USED IN COLUMN 16
AVERAGE MONTHLY: 76.3 TOTAL FOR MONTH: 5.15 1 = FOG OR MIST
DPTR FM NORMAL: 1.0 DPTR FM NORMAL: -3.54 2 = FOG REDUCING VISIBILITY
HIGHEST: 94 ON 22, 6 GRTST 24HR 2.99 ON 29-30 TO 1/4 MILE OR LESS
LOWEST: 49 ON 24 3 = THUNDER
SNOW, ICE PELLETS, HAIL 4 = ICE PELLETS
TOTAL MONTH: 0.0 INCH 5 = HAIL
GRTST 24HR 0.0 6 = FREEZING RAIN OR DRIZZLE
GRTST DEPTH: 0 7 = DUSTSTORM OR SANDSTORM:
VSBY 1/2 MILE OR LESS
8 = SMOKE OR HAZE
[NO. OF DAYS WITH] [WEATHER - DAYS WITH] 9 = BLOWING SNOW
X = TORNADO
MAX 32 OR BELOW: 0 0.01 INCH OR MORE: 8
MAX 90 OR ABOVE: 8 0.10 INCH OR MORE: 7
MIN 32 OR BELOW: 0 0.50 INCH OR MORE: 2
MIN 0 OR BELOW: 0 1.00 INCH OR MORE: 2
[HDD (BASE 65) ]
TOTAL THIS MO. 2 CLEAR (SCALE 0-3) 24
DPTR FM NORMAL -1 PTCLDY (SCALE 4-7) 4
TOTAL FM JUL 1 2 CLOUDY (SCALE 8-10) 2
DPTR FM NORMAL 2
[CDD (BASE 65) ]
TOTAL THIS MO. 348
DPTR FM NORMAL 36 [PRESSURE DATA]
TOTAL FM JAN 1 2330 HIGHEST SLP 30.22 ON 17
DPTR FM NORMAL 333 LOWEST SLP 29.39 ON 30
[REMARKS]
#FINAL-09-22#