000
CXUS52 KILM 011927
CLSILM
CLIMATE REPORT
NATIONAL WEATHER SERVICE WILMINGTON NC
227 PM EST TUE MAR 01 2022
...................................
...THE WILMINGTON NORTH CAROLINA CLIMATE SUMMARY FOR THE SEASON, FROM
12/1/2021 TO 2/28/2022...
CLIMATE NORMAL PERIOD 1991 TO 2020
CLIMATE RECORD PERIOD 1871 TO 2022
WEATHER OBSERVED NORMAL DEPART LAST YEAR`S
VALUE DATE(S) VALUE FROM VALUE DATE(S)
NORMAL
................................................................
TEMPERATURE (F)
RECORD
HIGH 85 02/28/1962
LOW 0 12/25/1989
HIGHEST 82 02/23 MM MM 82
LOWEST 19 01/30 MM MM 25
AVG. MAXIMUM 63.7 59.3 4.4 58.3
AVG. MINIMUM 40.1 37.9 2.2 38.2
MEAN 51.9 48.6 3.3 48.3
DAYS MAX >= 90 0 0.0 0.0 0
DAYS MAX <= 32 0 1.0 -1.0 0
DAYS MIN <= 32 28 30.2 -2.2 25
DAYS MIN <= 0 0 0.0 0.0 0
PRECIPITATION (INCHES)
RECORD
MAXIMUM 23.34 1997
MINIMUM 2.99 1889
TOTALS 8.04 10.97 -2.93 13.49
DAILY AVG. 0.09 0.12 -0.03 0.15
DAYS >= .01 28 29.3 -1.3 42
DAYS >= .10 15 18.6 -3.6 27
DAYS >= .50 4 7.6 -3.6 10
DAYS >= 1.00 1 3.0 -2.0 3
GREATEST
24 HR. TOTAL 2.06 01/16 TO 01/16 1.45
SNOWFALL (INCHES)
RECORDS
TOTAL 18.4 1911
24 HR TOTAL 11.1
TOTALS 0.5 0.9 -0.4 0.0
SINCE 7/1 0.5 0.9 -0.4 MM
DAYS >= 1.0 0 0.0 0.0 0
GREATEST
SNOW DEPTH 0 0 MM
24 HR TOTAL 0.5 01/29 TO 01/29 MM
DEGREE DAYS
HEATING TOTAL 1218 1492 -274 1494
SINCE 7/1 1558 1866 -308 MM
COOLING TOTAL 67 14 53 13
SINCE 1/1 28 3 25 MM
................................................................
WIND (MPH)
AVERAGE WIND SPEED 7.7
RESULTANT WIND SPEED/DIRECTION 1/290
HIGHEST WIND SPEED/DIRECTION 36/320 DATE 01/03
HIGHEST GUST SPEED/DIRECTION 51/180 DATE 01/16
SKY COVER
POSSIBLE SUNSHINE (PERCENT) MM
AVERAGE SKY COVER 0.34
NUMBER OF DAYS FAIR 50
NUMBER OF DAYS PC 31
NUMBER OF DAYS CLOUDY 9
AVERAGE RH (PERCENT) 69
WEATHER CONDITIONS. NUMBER OF DAYS WITH
THUNDERSTORM 1 MIXED PRECIP 0
HEAVY RAIN 10 RAIN 14
LIGHT RAIN 30 FREEZING RAIN 0
LT FREEZING RAIN 3 HAIL 0
HEAVY SNOW 0 SNOW 0
LIGHT SNOW 1 SLEET 2
FOG 52 FOG W/VIS <= 1/4 MILE 12
HAZE 4
- INDICATES NEGATIVE NUMBERS.
R INDICATES RECORD WAS SET OR TIED.
MM INDICATES DATA IS MISSING.
T INDICATES TRACE AMOUNT.
$$