000
CXUS53 KILX 012300
CF6ILX
PRELIMINARY LOCAL CLIMATOLOGICAL DATA (WS FORM: F-6)
STATION: LINCOLN IL
MONTH: JULY
YEAR: 2020
LATITUDE: 40 9 N
LONGITUDE: 89 20 W
TEMPERATURE IN F: :PCPN: SNOW: WIND :SUNSHINE: SKY :PK WND
================================================================================
1 2 3 4 5 6A 6B 7 8 9 10 11 12 13 14 15 16 17 18
12Z AVG MX 2MIN
DY MAX MIN AVG DEP HDD CDD WTR SNW DPTH SPD SPD DIR MIN PSBL S-S WX SPD DR
================================================================================
1 86 66 76 1 0 11 0.00 0.0 0 M M M M M M 1 M M
2 90 69 80 5 0 15 0.00 0.0 0 M M M M M M 1 M M
3 90 66 78 3 0 13 0.00 0.0 0 M M M M M M M M
4 91 67 79 3 0 14 0.00 0.0 0 M M M M M M M M
5 92 67 80 4 0 15 T 0.0 0 M M M M M M M M
6 93 69 81 5 0 16 0.00 0.0 0 M M M M M M M M
7 93 70 82 6 0 17 0.19 0.0 0 M M M M M M 1 M M
8 92 69 81 5 0 16 0.10 0.0 0 M M M M M M 3 M M
9 91 70 81 5 0 16 0.83 0.0 0 M M M M M M 13 M M
10 86 69 78 2 0 13 0.00 0.0 0 M M M M M M M M
11 91 65 78 2 0 13 0.64 0.0 0 M M M M M M 3 M M
12 84 63 74 -1 0 9 0.00 0.0 0 M M M M M M M M
13 82 60 71 -4 0 6 0.00 0.0 0 M M M M M M M M
14 86 60 73 -2 0 8 0.00 0.0 0 M M M M M M M M
15 84 66 75 0 0 10 0.57 0.0 0 M M M M M M 13 M M
16 81 64 73 -2 0 8 0.00 0.0 0 M M M M M M 1 M M
17 87 62 75 0 0 10 0.00 0.0 0 M M M M M M 1 M M
18 90 70 80 5 0 15 T 0.0 0 M M M M M M M M
19 88 71 80 5 0 15 T 0.0 0 M M M M M M 3 M M
20 85 69 77 2 0 12 T 0.0 0 M M M M M M M M
21 83 69 76 1 0 11 1.03 0.0 0 M M M M M M 3 M M
22 86 65 76 1 0 11 0.00 0.0 0 M M M M M M M M
23 83 62 73 -2 0 8 0.00 0.0 0 M M M M M M M M
24 85 60 73 -1 0 8 0.00 0.0 0 M M M M M M M M
25 89 64 77 3 0 12 0.00 0.0 0 M M M M M M M M
26 92 71 82 8 0 17 0.00 0.0 0 M M M M M M M M
27 82 65 74 0 0 9 0.37 0.0 0 M M M M M M M M
28 85 63 74 0 0 9 0.00 0.0 0 M M M M M M M M
29 88 60 74 0 0 9 0.00 0.0 0 M M M M M M M M
30 76 70 73 -1 0 8 0.10 0.0 0 M M M M M M M M
31 79 66 73 -1 0 8 0.07 0.0 0 M M M M M M M M
================================================================================
SM 2690 2047 0 362 3.90 0.0 M M M
================================================================================
AV 86.8 66.0 M FASTST M M 2 MAX(MPH)
MISC ----> M M M M
================================================================================
NOTES:
# LAST OF SEVERAL OCCURRENCES
COLUMN 17 PEAK WIND IN M.P.H.
PRELIMINARY LOCAL CLIMATOLOGICAL DATA (WS FORM: F-6) , PAGE 2
STATION: LINCOLN IL
MONTH: JULY
YEAR: 2020
LATITUDE: 40 9 N
LONGITUDE: 89 20 W
[TEMPERATURE DATA] [PRECIPITATION DATA] SYMBOLS USED IN COLUMN 16
AVERAGE MONTHLY: 76.4 TOTAL FOR MONTH: 3.90 1 = FOG OR MIST
DPTR FM NORMAL: 1.4 DPTR FM NORMAL: -1.16 2 = FOG REDUCING VISIBILITY
HIGHEST: 93 ON 7, 6 GRTST 24HR 1.03 ON 21-21 TO 1/4 MILE OR LESS
LOWEST: 60 ON 29,24 3 = THUNDER
SNOW, ICE PELLETS, HAIL 4 = ICE PELLETS
TOTAL MONTH: 0.0 INCH 5 = HAIL
GRTST 24HR 0.0 6 = FREEZING RAIN OR DRIZZLE
GRTST DEPTH: 0 7 = DUSTSTORM OR SANDSTORM:
VSBY 1/2 MILE OR LESS
8 = SMOKE OR HAZE
[NO. OF DAYS WITH] [WEATHER - DAYS WITH] 9 = BLOWING SNOW
X = TORNADO
MAX 32 OR BELOW: 0 0.01 INCH OR MORE: 9
MAX 90 OR ABOVE: 11 0.10 INCH OR MORE: 8
MIN 32 OR BELOW: 0 0.50 INCH OR MORE: 4
MIN 0 OR BELOW: 0 1.00 INCH OR MORE: 1
[HDD (BASE 65) ]
TOTAL THIS MO. 0 CLEAR (SCALE 0-3) 0
DPTR FM NORMAL -2 PTCLDY (SCALE 4-7) 0
TOTAL FM JUL 1 0 CLOUDY (SCALE 8-10) 0
DPTR FM NORMAL -2
[CDD (BASE 65) ]
TOTAL THIS MO. 362
DPTR FM NORMAL 51 [PRESSURE DATA]
TOTAL FM JAN 1 729 HIGHEST SLP M ON M
DPTR FM NORMAL 95 LOWEST SLP M ON M
[REMARKS]
#FINAL-07-20#