000
CXUS54 KMAF 040137
CF6INK
PRELIMINARY LOCAL CLIMATOLOGICAL DATA (WS FORM: F-6)
STATION: WINK
MONTH: JULY
YEAR: 2021
LATITUDE: 31 46 N
LONGITUDE: 103 12 W
TEMPERATURE IN F: :PCPN: SNOW: WIND :SUNSHINE: SKY :PK WND
================================================================================
1 2 3 4 5 6A 6B 7 8 9 10 11 12 13 14 15 16 17 18
12Z AVG MX 2MIN
DY MAX MIN AVG DEP HDD CDD WTR SNW DPTH SPD SPD DIR MIN PSBL S-S WX SPD DR
================================================================================
1 89 70 80 -4 0 15 M M M 10.7 18 140 M M 4 22 140
2 93 70 82 -2 0 17 0.00 M M 7.6 28 110 M M 2 3 33 110
3 91 72 82 -2 0 17 0.00 M M 8.4 17 40 M M 4 3 21 50
4 96 73 85 1 0 20 0.00 M M 6.1 17 140 M M 0 21 130
5 90 72 81 -3 0 16 T M M 8.6 28 20 M M 2 35 20
6 90 70 80 -4 0 15 0.00 M M 8.8 18 80 M M 2 24 80
7 90 69 80 -4 0 15 0.00 M M 8.0 18 80 M M 3 24 80
8 93 68 81 -3 0 16 0.00 M M 6.2 16 110 M M 1 20 110
9 94 70 82 -2 0 17 0.00 M M 8.5 16 110 M M 0 21 120
10 92 70 81 -3 0 16 0.00 M M 10.1 17 140 M M 1 23 140
11 90 71 81 -3 0 16 0.00 M M 11.1 18 120 M M 1 24 140
12 92 69 81 -3 0 16 M M M 8.7 16 140 M M 1 23 140
13 93 69 81 -3 0 16 0.00 0.0 0 13.2 22 140 M M 0 28 150
14 95 68 82 -2 0 17 0.00 M M 15.5 25 160 M M 0 32 160
15 100 71 86 2 0 21 0.00 M M 13.1 23 170 M M 0 30 160
16 100 73 87 3 0 22 0.00 M M 11.3 23 160 M M 1 3 29 120
17 99 76 88 4 0 23 0.00 M M 14.7 23 160 M M 0 28 160
18 93 75 84 0 0 19 0.52 M M 8.5 26 10 M M 3 3 38 360
19 91 71 81 -4 0 16 0.03 M M 7.8 31 30 M M 2 3 37 30
20 91 70 81 -4 0 16 0.00 M M 8.3 20 90 M M 3 24 90
21 91 67 79 -6 0 14 0.00 M M 7.1 16 110 M M 2 25 90
22 93 70 82 -3 0 17 0.00 M M 11.9 26 160 M M 1 31 160
23 98 72 85 0 0 20 0.00 M M 11.1 24 170 M M 1 38 30 170
24 101 72 87 2 0 22 0.00 M M 7.4 24 170 M M 2 31 170
25 97 75 86 1 0 21 0.00 M M 7.6 23 290 M M 0 29 290
26 102 73 88 3 0 23 0.00 M M 9.1 22 10 M M 1 29 110
27 101 68 85 0 0 20 0.00 M M 6.0 16 130 M M 0 22 130
28 87 69 78 -7 0 13 0.08 M M 10.2 26 110 M M 2 1 36 120
29 95 65 80 -5 0 15 0.00 M M 9.3 20 130 M M 1 26 130
30 97 70 84 -1 0 19 0.00 M M 9.3 22 20 M M 1 26 160
31 100 71 86 1 0 21 0.00 M M 7.8 16 150 M M 1 21 140
================================================================================
SM 2924 2189 0 551 0.63 0.0 292.0 M 42
================================================================================
AV 94.3 70.6 9.4 FASTST M M 1 MAX(MPH)
MISC ----> 31 30 38 360
================================================================================
NOTES:
# LAST OF SEVERAL OCCURRENCES
COLUMN 17 PEAK WIND IN M.P.H.
PRELIMINARY LOCAL CLIMATOLOGICAL DATA (WS FORM: F-6) , PAGE 2
STATION: WINK
MONTH: JULY
YEAR: 2021
LATITUDE: 31 46 N
LONGITUDE: 103 12 W
[TEMPERATURE DATA] [PRECIPITATION DATA] SYMBOLS USED IN COLUMN 16
AVERAGE MONTHLY: 82.5 TOTAL FOR MONTH: 0.63 1 = FOG OR MIST
DPTR FM NORMAL: -2.1 DPTR FM NORMAL: -0.90 2 = FOG REDUCING VISIBILITY
HIGHEST: 102 ON 26 GRTST 24HR 0.55 ON 18-19 TO 1/4 MILE OR LESS
LOWEST: 65 ON 29 3 = THUNDER
SNOW, ICE PELLETS, HAIL 4 = ICE PELLETS
TOTAL MONTH: 0.0 INCH 5 = HAIL
GRTST 24HR 0.0 6 = FREEZING RAIN OR DRIZZLE
GRTST DEPTH: 0 7 = DUSTSTORM OR SANDSTORM:
VSBY 1/2 MILE OR LESS
8 = SMOKE OR HAZE
[NO. OF DAYS WITH] [WEATHER - DAYS WITH] 9 = BLOWING SNOW
X = TORNADO
MAX 32 OR BELOW: 0 0.01 INCH OR MORE: 3
MAX 90 OR ABOVE: 29 0.10 INCH OR MORE: 1
MIN 32 OR BELOW: 0 0.50 INCH OR MORE: 1
MIN 0 OR BELOW: 0 1.00 INCH OR MORE: 0
[HDD (BASE 65) ]
TOTAL THIS MO. 0 CLEAR (SCALE 0-3) 29
DPTR FM NORMAL 0 PTCLDY (SCALE 4-7) 2
TOTAL FM JUL 1 0 CLOUDY (SCALE 8-10) 0
DPTR FM NORMAL 0
[CDD (BASE 65) ]
TOTAL THIS MO. 551
DPTR FM NORMAL -55 [PRESSURE DATA]
TOTAL FM JAN 1 1477 HIGHEST SLP 30.09 ON 28
DPTR FM NORMAL -141 LOWEST SLP 29.72 ON 16
[REMARKS]
#FINAL-07-21#