000
CXUS53 KDLH 010920
CF6INL
PRELIMINARY LOCAL CLIMATOLOGICAL DATA (WS FORM: F-6)
STATION: INTERNATIONAL FALLS
MONTH: JUNE
YEAR: 2020
LATITUDE: 48 34 N
LONGITUDE: 93 23 W
TEMPERATURE IN F: :PCPN: SNOW: WIND :SUNSHINE: SKY :PK WND
================================================================================
1 2 3 4 5 6A 6B 7 8 9 10 11 12 13 14 15 16 17 18
12Z AVG MX 2MIN
DY MAX MIN AVG DEP HDD CDD WTR SNW DPTH SPD SPD DIR MIN PSBL S-S WX SPD DR
================================================================================
1 85 49 67 10 0 2 0.22 0.0 0 6.0 21 150 M M 5 138 32 150
2 80 51 66 9 0 1 0.00 0.0 0 6.6 18 330 M M 1 26 310
3 76 51 64 7 1 0 0.00 0.0 0 6.3 15 340 M M 1 22 330
4 80 51 66 8 0 1 0.06 0.0 0 9.0 26 290 M M 2 1 42 280
5 67 51 59 1 6 0 0.01 0.0 0 10.0 23 290 M M 6 33 290
6 65 46 56 -2 9 0 T 0.0 0 8.1 16 100 M M 5 23 100
7 65 47 56 -3 9 0 0.88 0.0 0 15.0 24 120 M M 6 13 36 120
8 83 57 70 11 0 5 0.49 0.0 0 6.7 22 140 M M 8 138 29 140
9 81 56 69 10 0 4 0.14 0.0 0 8.8 21 120 M M 8 13 27 110
10 62 47 55 -5 10 0 0.19 0.0 0 14.1 25 330 M M 9 18 36 330
11 65 44 55 -5 10 0 0.00 0.0 0 9.7 20 300 M M 4 29 280
12 64 39 52 -8 13 0 0.00 0.0 0 4.6 13 50 M M 1 17 50
13 69 39 54 -6 11 0 0.00 0.0 0 9.2 21 110 M M 0 30 120
14 75 39 57 -4 8 0 0.00 0.0 0 12.4 23 140 M M 0 32 140
15 73 58 66 5 0 1 T 0.0 0 10.0 22 140 M M 2 33 140
16 91 68 80 19 0 15 0.00 0.0 0 7.5 15 200 M M 1 28 160
17 90 70 80 19 0 15 0.00 0.0 0 9.3 20 210 M M 0 33 220
18 81 57 69 7 0 4 0.70 0.0 0 5.3 18 270 M M 8 13 27 250
19 70 46 58 -4 7 0 0.00 0.0 0 5.9 14 280 M M 5 20 290
20 72 43 58 -4 7 0 0.02 0.0 0 3.7 12 140 M M 5 15 180
21 72 47 60 -2 5 0 0.10 0.0 0 7.5 17 280 M M 5 1 28 280
22 70 47 59 -4 6 0 0.04 0.0 0 5.5 14 310 M M 8 8 20 270
23 73 50 62 -1 3 0 0.03 0.0 0 7.3 23 10 M M 4 1 33 360
24 77 47 62 -1 3 0 0.00 0.0 0 4.3 14 30 M M 2 1 20 40
25 83 41 62 -1 3 0 T 0.0 0 2.4 10 230 M M 2 19 240
26 79 56 68 5 0 3 0.01 0.0 0 7.3 18 320 M M 6 1 28 300
27 85 50 68 4 0 3 0.00 0.0 0 2.0 9 120 M M 1 14 150
28 87 54 71 7 0 6 0.00 0.0 0 7.9 20 130 M M 0 28 140
29 76 61 69 5 0 4 0.04 0.0 0 6.9 15 110 M M 5 18 21 100
30 86 64 75 11 0 10 T 0.0 0 6.3 14 140 M M 6 1 21 130
================================================================================
SM 2282 1526 111 74 2.93 0.0 225.6 M 116
================================================================================
AV 76.1 50.9 7.5 FASTST M M 4 MAX(MPH)
MISC ----> 26 290 42 280
================================================================================
NOTES:
# LAST OF SEVERAL OCCURRENCES
COLUMN 17 PEAK WIND IN M.P.H.
PRELIMINARY LOCAL CLIMATOLOGICAL DATA (WS FORM: F-6) , PAGE 2
STATION: INTERNATIONAL FALLS
MONTH: JUNE
YEAR: 2020
LATITUDE: 48 34 N
LONGITUDE: 93 23 W
[TEMPERATURE DATA] [PRECIPITATION DATA] SYMBOLS USED IN COLUMN 16
AVERAGE MONTHLY: 63.5 TOTAL FOR MONTH: 2.93 1 = FOG OR MIST
DPTR FM NORMAL: 2.7 DPTR FM NORMAL: -0.99 2 = FOG REDUCING VISIBILITY
HIGHEST: 91 ON 16 GRTST 24HR 1.04 ON 7- 8 TO 1/4 MILE OR LESS
LOWEST: 39 ON 14,13 3 = THUNDER
SNOW, ICE PELLETS, HAIL 4 = ICE PELLETS
TOTAL MONTH: 0.0 INCH 5 = HAIL
GRTST 24HR 0.0 6 = FREEZING RAIN OR DRIZZLE
GRTST DEPTH: 0 7 = DUSTSTORM OR SANDSTORM:
VSBY 1/2 MILE OR LESS
8 = SMOKE OR HAZE
[NO. OF DAYS WITH] [WEATHER - DAYS WITH] 9 = BLOWING SNOW
X = TORNADO
MAX 32 OR BELOW: 0 0.01 INCH OR MORE: 14
MAX 90 OR ABOVE: 2 0.10 INCH OR MORE: 7
MIN 32 OR BELOW: 0 0.50 INCH OR MORE: 2
MIN 0 OR BELOW: 0 1.00 INCH OR MORE: 0
[HDD (BASE 65) ]
TOTAL THIS MO. 111 CLEAR (SCALE 0-3) 13
DPTR FM NORMAL -53 PTCLDY (SCALE 4-7) 16
TOTAL FM JUL 1 9906 CLOUDY (SCALE 8-10) 1
DPTR FM NORMAL -315
[CDD (BASE 65) ]
TOTAL THIS MO. 74
DPTR FM NORMAL 36 [PRESSURE DATA]
TOTAL FM JAN 1 81 HIGHEST SLP 30.43 ON 13
DPTR FM NORMAL 34 LOWEST SLP 29.50 ON 10
[REMARKS]
#FINAL-06-20#