000
CXUS55 KDVN 011000
CF6IOW
PRELIMINARY LOCAL CLIMATOLOGICAL DATA (WS FORM: F-6)
STATION: IOWA CITY IA
MONTH: SEPTEMBER
YEAR: 2020
LATITUDE: 41 37 N
LONGITUDE: 91 33 W
TEMPERATURE IN F: :PCPN: SNOW: WIND :SUNSHINE: SKY :PK WND
================================================================================
1 2 3 4 5 6A 6B 7 8 9 10 11 12 13 14 15 16 17 18
12Z AVG MX 2MIN
DY MAX MIN AVG DEP HDD CDD WTR SNW DPTH SPD SPD DIR MIN PSBL S-S WX SPD DR
================================================================================
1 73 60 67 -3 0 2 0.14 M M 6.7 16 70 M M 7 1 22 70
2 89 59 74 5 0 9 0.00 M M 5.5 16 290 M M 1 1 23 260
3 81 52 67 -2 0 2 0.00 M M 10.4 24 300 M M 1 34 310
4 84 48 66 -3 0 1 0.00 M M 4.8 21 270 M M 0 27 260
5 86 56 71 3 0 6 T M M 4.9 12 20 M M 0 16 200
6 91 64 78 10 0 13 0.93 M M 14.0 28 120 M M 6 13 40 200
7 77 54 66 -2 0 1 0.36 M M 11.8 25 50 M M 4 13 32 40
8 55 48 52 -15 13 0 1.55 M M 13.9 24 30 M M 10 13 34 10
9 54 49 52 -15 13 0 0.03 M M 10.9 17 20 M M 10 1 25 20
10 56 49 53 -14 12 0 0.96 M M 9.3 15 50 M M 10 1 21 70
11 65 55 60 -6 5 0 1.58 M M 6.6 12 70 M M 10 13 17 80
12 68 56 62 -4 3 0 0.23 M M 5.8 14 270 M M 10 13 19 170
13 77 50 64 -1 1 0 0.00 M M 4.4 12 280 M M 0 1 17 310
14 78 51 65 0 0 0 0.00 M M 3.3 13 180 M M 0 1 16 180
15 83 50 67 2 0 2 0.00 M M 4.8 14 220 M M 0 1 19 210
16 84 53 69 5 0 4 0.00 M M 8.0 17 260 M M 1 1 23 350
17 72 53 63 -1 2 0 0.00 M M 8.7 15 10 M M 0 19 30
18 67 48 58 -5 7 0 0.00 M M 6.6 12 70 M M 6 17 10
19 68 44 56 -7 9 0 0.00 M M 5.2 13 120 M M 1 17 170
20 72 45 59 -3 6 0 0.00 M M 6.9 17 150 M M 0 24 170
21 76 44 60 -2 5 0 0.00 M M 4.5 14 150 M M 0 19 150
22 79 51 65 3 0 0 0.00 M M 3.4 13 170 M M 0 18 190
23 79 50 65 4 0 0 0.00 M M 2.9 14 190 M M 0 12 19 220
24 79 52 66 5 0 1 0.00 M M 6.6 20 180 M M 5 12 25 170
25 82 57 70 10 0 5 0.00 M M 8.4 20 160 M M 1 29 160
26 82 60 71 11 0 6 0.00 M M 10.0 21 180 M M 0 29 180
27 73 51 62 3 3 0 0.44 M M 5.8 18 300 M M 5 1 24 300
28 62 46 54 -5 11 0 0.04 M M 10.3 24 290 M M 6 32 310
29 63 42 53 -5 12 0 0.00 M M 7.7 20 260 M M 6 26 260
30 67 47 57 -1 8 0 0.04 M M 12.0 30 320 M M 4 42 330
================================================================================
SM 2222 1544 110 52 6.30 M 224.1 M 104
================================================================================
AV 74.1 51.5 7.5 FASTST M M 3 MAX(MPH)
MISC ----> 30 320 42 330
================================================================================
NOTES:
# LAST OF SEVERAL OCCURRENCES
COLUMN 17 PEAK WIND IN M.P.H.
PRELIMINARY LOCAL CLIMATOLOGICAL DATA (WS FORM: F-6) , PAGE 2
STATION: IOWA CITY IA
MONTH: SEPTEMBER
YEAR: 2020
LATITUDE: 41 37 N
LONGITUDE: 91 33 W
[TEMPERATURE DATA] [PRECIPITATION DATA] SYMBOLS USED IN COLUMN 16
AVERAGE MONTHLY: 62.8 TOTAL FOR MONTH: 6.30 1 = FOG OR MIST
DPTR FM NORMAL: -1.4 DPTR FM NORMAL: 2.91 2 = FOG REDUCING VISIBILITY
HIGHEST: 91 ON 6 GRTST 24HR 1.77 ON 11-12 TO 1/4 MILE OR LESS
LOWEST: 42 ON 29 3 = THUNDER
SNOW, ICE PELLETS, HAIL 4 = ICE PELLETS
TOTAL MONTH: M 5 = HAIL
GRTST 24HR M ON M 6 = FREEZING RAIN OR DRIZZLE
GRTST DEPTH: M ON M 7 = DUSTSTORM OR SANDSTORM:
VSBY 1/2 MILE OR LESS
8 = SMOKE OR HAZE
[NO. OF DAYS WITH] [WEATHER - DAYS WITH] 9 = BLOWING SNOW
X = TORNADO
MAX 32 OR BELOW: 0 0.01 INCH OR MORE: 11
MAX 90 OR ABOVE: 1 0.10 INCH OR MORE: 8
MIN 32 OR BELOW: 0 0.50 INCH OR MORE: 4
MIN 0 OR BELOW: 0 1.00 INCH OR MORE: 2
[HDD (BASE 65) ]
TOTAL THIS MO. 110 CLEAR (SCALE 0-3) 16
DPTR FM NORMAL 6 PTCLDY (SCALE 4-7) 9
TOTAL FM JUL 1 110 CLOUDY (SCALE 8-10) 5
DPTR FM NORMAL -3
[CDD (BASE 65) ]
TOTAL THIS MO. 52
DPTR FM NORMAL -28 [PRESSURE DATA]
TOTAL FM JAN 1 973 HIGHEST SLP 30.40 ON 18
DPTR FM NORMAL 71 LOWEST SLP 29.56 ON 26
[REMARKS]
#FINAL-09-20#