000
CXUS53 KDVN 010754
CLSIOW
CLIMATE REPORT
NATIONAL WEATHER SERVICE QUAD CITIES IA IL
254 AM CDT THU JUN 01 2023
...................................
...THE IOWA CITY IA CLIMATE SUMMARY FOR THE SEASON, FROM
3/1/2023 TO 5/31/2023...
CLIMATE NORMAL PERIOD 1991 TO 2020
CLIMATE RECORD PERIOD 9999 TO 9999
WEATHER OBSERVED NORMAL DEPART LAST YEAR`S
VALUE DATE(S) VALUE FROM VALUE
NORMAL
..............................................................
TEMPERATURE (F)
HIGHEST 91 05/31 77 14
LOWEST 10 03/18 23 -13
03/19
AVG. MAXIMUM 63.4 61.8 1.6
AVG. MINIMUM 39.2 40.5 -1.3
MEAN 51.3 51.1 0.2
DAYS MAX >= 90 1
DAYS MAX <= 32 3
DAYS MIN <= 32 31
DAYS MIN <= 0 0
PRECIPITATION (INCHES)
TOTALS 5.63 10.45 -4.82
DAILY AVG. 0.06 0.11 -0.05
DAYS >= .01 24
DAYS >= .10 14
DAYS >= .50 4
DAYS >= 1.00 0
GREATEST
24 HR. TOTAL MM
DEGREE DAYS
HEATING TOTAL 1318 1357 -39
SINCE 7/1 5881 6102 -221
COOLING TOTAL 78 81 -3
SINCE 1/1 78 81 -3
..............................................................
WIND (MPH)
AVERAGE WIND SPEED 9.3
HIGHEST WIND SPEED/DIRECTION 54/300 DATE 05/07
HIGHEST GUST SPEED/DIRECTION 73/300 DATE 05/07
SKY COVER
POSSIBLE SUNSHINE (PERCENT) MM
AVERAGE SKY COVER 0.38
NUMBER OF DAYS FAIR 47
NUMBER OF DAYS PC 28
NUMBER OF DAYS CLOUDY 17
AVERAGE RH (PERCENT) 61
WEATHER CONDITIONS. NUMBER OF DAYS WITH
THUNDERSTORM 14 HAIL 0
SLEET 0 FOG 27
FOG W/VIS <= 1/4 MILE 2 HAZE 11
- INDICATES NEGATIVE NUMBERS.
R INDICATES RECORD WAS SET OR TIED.
MM INDICATES DATA IS MISSING.
T INDICATES TRACE AMOUNT.
$$