000
CXHW53 PHFO 011250
CF6ITO
PRELIMINARY LOCAL CLIMATOLOGICAL DATA (WS FORM: F-6)
STATION: HILO HI
MONTH: MARCH
YEAR: 2023
LATITUDE: 19 43 N
LONGITUDE: 155 4 W
TEMPERATURE IN F: :PCPN: SNOW: WIND :SUNSHINE: SKY :PK WND
================================================================================
1 2 3 4 5 6A 6B 7 8 9 10 11 12 13 14 15 16 17 18
12Z AVG MX 2MIN
DY MAX MIN AVG DEP HDD CDD WTR SNW DPTH SPD SPD DIR MIN PSBL S-S WX SPD DR
================================================================================
1 76 65 71 -1 0 6 1.49 M M 10.1 28 80 M M 9 18 34 80
2 78 65 72 0 0 7 0.81 M M 9.8 25 80 M M 9 1 30 70
3 72 65 69 -3 0 4 1.14 M M 3.6 15 80 M M 9 1 18 80
4 77 65 71 -1 0 6 0.41 M M 5.6 13 20 M M 6 1 16 20
5 80 62 71 -1 0 6 0.00 M M 5.0 13 50 M M 3 17 50
6 82 64 73 1 0 8 0.00 M M 5.1 10 80 M M 2 13 40
7 82 67 75 3 0 10 0.02 M M 6.1 20 90 M M 6 26 80
8 85 64 75 3 0 10 0.00 M M 5.8 16 350 M M 0 24 60
9 86 66 76 4 0 11 T M M 8.3 20 360 M M 5 27 350
10 79 66 73 1 0 8 0.15 M M 4.9 12 260 M M 9 1 17 20
11 76 65 71 -1 0 6 0.00 M M 4.6 14 180 M M 9 18 16 190
12 83 65 74 2 0 9 0.04 M M 4.4 13 10 M M 6 18 15 20
13 84 69 77 5 0 12 0.00 M M 4.0 10 140 M M 6 13 160
14 88 70 79 7 0 14 0.00 M M 6.9 18 340 M M 6 23 360
15 85 66 76 4 0 11 0.00 M M 6.0 20 350 M M 3 25 350
16 87 67 77 5 0 12 0.00 M M 6.6 18 120 M M 2 24 130
17 87 63 75 3 0 10 0.00 M M 7.4 23 120 M M 0 28 120
18 85 66 76 4 0 11 T M M 8.5 22 130 M M 4 28 130
19 87 66 77 5 0 12 0.00 M M 9.1 20 120 M M 2 24 100
20 86 66 76 4 0 11 0.11 M M 6.8 17 110 M M 5 1 22 90
21 86 69 78 6 0 13 0.23 M M 8.3 20 120 M M 6 1 22 120
22 76 70 73 1 0 8 1.08 M M 4.9 18 130 M M 10 18 24 130
23 82 71 77 5 0 12 0.82 M M 8.1 20 130 M M 7 1 25 130
24 84 70 77 5 0 12 0.00 M M 7.1 22 130 M M 5 27 110
25 84 64 74 2 0 9 0.09 M M 7.2 14 100 M M 5 1 18 150
26 82 66 74 2 0 9 0.43 M M 6.8 18 90 M M 9 18 22 90
27 81 68 75 3 0 10 0.14 M M 8.4 20 100 M M 8 1 26 120
28 79 69 74 2 0 9 0.09 M M 7.4 18 150 M M 7 18 24 120
29 81 70 76 4 0 11 T M M 9.0 20 130 M M 8 24 130
30 81 68 75 3 0 10 0.28 M M 6.3 17 120 M M 9 18 22 120
31 82 69 76 4 0 11 0.07 M M 8.4 20 130 M M 8 18 25 110
================================================================================
SM 2543 2066 0 298 7.40 M 210.5 M 183
================================================================================
AV 82.0 66.6 6.8 FASTST M M 6 MAX(MPH)
MISC ----> 28 80 34 80
================================================================================
NOTES:
# LAST OF SEVERAL OCCURRENCES
COLUMN 17 PEAK WIND IN M.P.H.
PRELIMINARY LOCAL CLIMATOLOGICAL DATA (WS FORM: F-6) , PAGE 2
STATION: HILO HI
MONTH: MARCH
YEAR: 2023
LATITUDE: 19 43 N
LONGITUDE: 155 4 W
[TEMPERATURE DATA] [PRECIPITATION DATA] SYMBOLS USED IN COLUMN 16
AVERAGE MONTHLY: 74.3 TOTAL FOR MONTH: 7.40 1 = FOG OR MIST
DPTR FM NORMAL: 2.4 DPTR FM NORMAL: -5.28 2 = FOG REDUCING VISIBILITY
HIGHEST: 88 ON 14 GRTST 24HR 1.71 ON 22-23 TO 1/4 MILE OR LESS
LOWEST: 62 ON 5 3 = THUNDER
SNOW, ICE PELLETS, HAIL 4 = ICE PELLETS
TOTAL MONTH: M 5 = HAIL
GRTST 24HR M ON M 6 = FREEZING RAIN OR DRIZZLE
GRTST DEPTH: M ON M 7 = DUSTSTORM OR SANDSTORM:
VSBY 1/2 MILE OR LESS
8 = SMOKE OR HAZE
[NO. OF DAYS WITH] [WEATHER - DAYS WITH] 9 = BLOWING SNOW
X = TORNADO
MAX 32 OR BELOW: 0 0.01 INCH OR MORE: 17
MAX 90 OR ABOVE: 0 0.10 INCH OR MORE: 12
MIN 32 OR BELOW: 0 0.50 INCH OR MORE: 5
MIN 0 OR BELOW: 0 1.00 INCH OR MORE: 3
[HDD (BASE 65) ]
TOTAL THIS MO. 0 CLEAR (SCALE 0-3) 7
DPTR FM NORMAL 0 PTCLDY (SCALE 4-7) 15
TOTAL FM JUL 1 0 CLOUDY (SCALE 8-10) 9
DPTR FM NORMAL 0
[CDD (BASE 65) ]
TOTAL THIS MO. 298
DPTR FM NORMAL 86 [PRESSURE DATA]
TOTAL FM JAN 1 758 HIGHEST SLP 30.20 ON 1
DPTR FM NORMAL 173 LOWEST SLP 29.70 ON 8
[REMARKS]
#FINAL-03-23#