000
CXUS55 KGLD 022008
CF6ITR
PRELIMINARY LOCAL CLIMATOLOGICAL DATA (WS FORM: F-6)
STATION: BURLINGTON CO
MONTH: JANUARY
YEAR: 2021
LATITUDE: 39 15 N
LONGITUDE: 102 17 W
TEMPERATURE IN F: :PCPN: SNOW: WIND :SUNSHINE: SKY :PK WND
================================================================================
1 2 3 4 5 6A 6B 7 8 9 10 11 12 13 14 15 16 17 18
12Z AVG MX 2MIN
DY MAX MIN AVG DEP HDD CDD WTR SNW DPTH SPD SPD DIR MIN PSBL S-S WX SPD DR
================================================================================
1 43 19 31 2 34 0 0.00 M M 11.0 20 360 M M 1 26 350
2 49 19 34 5 31 0 0.00 M M 9.0 16 330 M M 1 21 330
3 52 20 36 7 29 0 0.00 M M 9.0 14 350 M M 1 17 220
4 52 25 39 10 26 0 0.00 M M 10.7 20 190 M M 0 25 190
5 59 29 44 15 21 0 0.03 M M 17.1 35 340 M M 3 1 50 330
6 44 20 32 3 33 0 T M M 15.1 29 330 M M 1 1 40 330
7 42 15 29 0 36 0 0.00 M M 6.9 13 190 M M 1 16 180
8 44 20 32 3 33 0 0.00 M M 10.1 24 330 M M 2 1 33 330
9 35 17 26 -3 39 0 T M M 4.3 10 90 M M 10 128 13 100
10 40 20 30 1 35 0 0.00 M M 6.3 15 240 M M 6 19 230
11 49 14 32 3 33 0 0.00 M M 9.8 17 310 M M 0 25 310
12 58 16 37 8 28 0 0.00 M M 10.1 15 240 M M 0 18 240
13 64 33 49 20 16 0 0.00 M M 10.2 12 250 M M 0 M M
14 44 29 37 7 28 0 0.00 M M M M M M M M M M
15 41 21 31 1 34 0 0.00 M M 27.4 48 340 M M 0 8 69 330
16 50 24 37 7 28 0 T M M 17.7 35 340 M M 6 49 340
17 48 28 38 8 27 0 0.00 M M 11.2 22 320 M M 4 27 330
18 47 22 35 5 30 0 0.00 M M 15.1 30 340 M M 4 41 340
19 43 20 32 2 33 0 0.00 M M 10.4 21 330 M M 0 27 340
20 62 22 42 12 23 0 0.00 M M 11.4 25 240 M M 0 32 230
21 53 23 38 8 27 0 0.00 M M 10.4 21 20 M M 1 28 10
22 44 18 31 1 34 0 0.00 M M 15.9 26 160 M M 1 36 170
23 49 24 37 7 28 0 T M M 14.6 29 160 M M 5 8 36 160
24 35 22 29 -1 36 0 0.00 M M 10.4 17 140 M M 9 1 21 350
25 26 18 22 -8 43 0 0.14 M M 10.2 16 360 M M 10 128 21 340
26 18 4 11 -19 54 0 0.23 M M 7.4 18 30 M M 7 128 21 30
27 29 -5 12 -18 53 0 0.00 M M 11.3 23 180 M M 2 8 27 180
28 39 10 25 -5 40 0 0.00 M M 8.5 22 190 M M 0 26 190
29 45 21 33 3 32 0 0.00 M M 10.0 24 220 M M 0 8 32 230
30 50 31 41 11 24 0 0.00 M M 17.2 33 330 M M 1 44 320
31 50 27 39 9 26 0 0.00 M M 10.2 20 350 M M 0 28 320
================================================================================
SM 1404 626 994 0 0.40 M 348.9 M 76
================================================================================
AV 45.3 20.2 11.6 FASTST M M 3 MAX(MPH)
MISC ----> 48 340 69 330
================================================================================
NOTES:
# LAST OF SEVERAL OCCURRENCES
COLUMN 17 PEAK WIND IN M.P.H.
PRELIMINARY LOCAL CLIMATOLOGICAL DATA (WS FORM: F-6) , PAGE 2
STATION: BURLINGTON CO
MONTH: JANUARY
YEAR: 2021
LATITUDE: 39 15 N
LONGITUDE: 102 17 W
[TEMPERATURE DATA] [PRECIPITATION DATA] SYMBOLS USED IN COLUMN 16
AVERAGE MONTHLY: 32.7 TOTAL FOR MONTH: 0.40 1 = FOG OR MIST
DPTR FM NORMAL: 3.3 DPTR FM NORMAL: 0.02 2 = FOG REDUCING VISIBILITY
HIGHEST: 64 ON 13 GRTST 24HR 0.23 ON 24-25 TO 1/4 MILE OR LESS
LOWEST: -5 ON 27 3 = THUNDER
SNOW, ICE PELLETS, HAIL 4 = ICE PELLETS
TOTAL MONTH: M 5 = HAIL
GRTST 24HR M ON M 6 = FREEZING RAIN OR DRIZZLE
GRTST DEPTH: M ON M 7 = DUSTSTORM OR SANDSTORM:
VSBY 1/2 MILE OR LESS
8 = SMOKE OR HAZE
[NO. OF DAYS WITH] [WEATHER - DAYS WITH] 9 = BLOWING SNOW
X = TORNADO
MAX 32 OR BELOW: 3 0.01 INCH OR MORE: 3
MAX 90 OR ABOVE: 0 0.10 INCH OR MORE: 2
MIN 32 OR BELOW: 30 0.50 INCH OR MORE: 0
MIN 0 OR BELOW: 1 1.00 INCH OR MORE: 0
[HDD (BASE 65) ]
TOTAL THIS MO. 994 CLEAR (SCALE 0-3) 20
DPTR FM NORMAL -105 PTCLDY (SCALE 4-7) 7
TOTAL FM JUL 1 3190 CLOUDY (SCALE 8-10) 4
DPTR FM NORMAL -421
[CDD (BASE 65) ]
TOTAL THIS MO. 0
DPTR FM NORMAL 0 [PRESSURE DATA]
TOTAL FM JAN 1 0 HIGHEST SLP 30.51 ON 19
DPTR FM NORMAL 0 LOWEST SLP 29.47 ON 30
[REMARKS]
#FINAL-01-21#