000
CXUS53 KIWX 011529
CF6IWX
PRELIMINARY LOCAL CLIMATOLOGICAL DATA (WS FORM: F-6)
STATION: NORTH WEBSTER WFO
MONTH: APRIL
YEAR: 2022
LATITUDE: 41 21 N
LONGITUDE: 85 42 W
TEMPERATURE IN F: :PCPN: SNOW: WIND :SUNSHINE: SKY :PK WND
================================================================================
1 2 3 4 5 6A 6B 7 8 9 10 11 12 13 14 15 16 17 18
12Z AVG MX 2MIN
DY MAX MIN AVG DEP HDD CDD WTR SNW DPTH SPD SPD DIR MIN PSBL S-S WX SPD DR
================================================================================
1 40 28 34 -10 31 0 0.02 0.2 T M M M M M M M M
2 46 27 37 -7 28 0 0.28 0.0 0 M M M M M M M M
3 50 33 42 -3 23 0 0.01 0.0 0 M M M M M M M M
4 60 37 49 4 16 0 0.15 0.0 0 M M M M M M M M
5 57 30 44 -2 21 0 0.02 0.0 0 M M M M M M M M
6 54 43 49 3 16 0 0.57 0.0 0 M M M M M M M M
7 45 37 41 -5 24 0 0.04 T 0 M M M M M M M M
8 43 33 38 -9 27 0 0.08 T 0 M M M M M M M M
9 41 31 36 -11 29 0 0.04 0.2 T M M M M M M M M
10 59 30 45 -3 20 0 0.00 0.0 0 M M M M M M M M
11 64 47 56 8 9 0 0.02 0.0 0 M M M M M M M M
12 68 38 53 5 12 0 0.00 0.0 0 M M M M M M M M
13 66 52 59 10 6 0 0.96 0.0 0 M M M M M M 1 M M
14 55 35 45 -4 20 0 0.13 0.0 M M M M M M 0 1 M M
15 65 41 53 4 12 0 0.06 0.0 0 M M M M M M M M
16 52 31 42 -8 23 0 T 0.0 0 M M M M M M M M
17 46 26 36 -14 29 0 0.00 0.0 0 M M M M M M M M
18 38 31 35 -15 30 0 0.31 1.6 T M M M M M M 12 M M
19 46 31 39 -12 26 0 T 0.3 T M M M M M M M M
20 55 31 43 -8 22 0 0.05 0.0 0 M M M M M M M M
21 67 49 58 6 7 0 0.13 0.0 0 M M M M M M M M
22 57 44 51 -1 14 0 0.01 0.0 0 M M M M M M 3 M M
23 83 46 65 13 0 0 0.00 0.0 0 M M M M M M M M
24 79 62 71 18 0 6 0.42 0.0 0 M M M M M M 13 M M
25 63 42 53 0 12 0 0.02 0.0 0 M M M M M M M M
26 47 32 40 -13 25 0 0.00 0.0 0 M M M M M M M M
27 51 27 39 -15 26 0 T 0.0 0 M M M M M M M M
28 50 36 43 -11 22 0 T 0.0 0 M M M M M M M M
29 63 42 53 -1 12 0 T 0.0 0 M M M M M M M M
30 62 46 54 -1 11 0 0.34 0.0 0 M M M M M M M M
================================================================================
SM 1672 1118 553 6 3.66 2.3 M M 0
================================================================================
AV 55.7 37.3 M FASTST M M 0 MAX(MPH)
MISC ----> M M M M
================================================================================
NOTES:
# LAST OF SEVERAL OCCURRENCES
COLUMN 17 PEAK WIND IN M.P.H.
PRELIMINARY LOCAL CLIMATOLOGICAL DATA (WS FORM: F-6) , PAGE 2
STATION: NORTH WEBSTER WFO
MONTH: APRIL
YEAR: 2022
LATITUDE: 41 21 N
LONGITUDE: 85 42 W
[TEMPERATURE DATA] [PRECIPITATION DATA] SYMBOLS USED IN COLUMN 16
AVERAGE MONTHLY: 46.5 TOTAL FOR MONTH: 3.66 1 = FOG OR MIST
DPTR FM NORMAL: -3.1 DPTR FM NORMAL: -0.47 2 = FOG REDUCING VISIBILITY
HIGHEST: 83 ON 23 GRTST 24HR 0.96 ON 13-13 TO 1/4 MILE OR LESS
LOWEST: 26 ON 17 3 = THUNDER
SNOW, ICE PELLETS, HAIL 4 = ICE PELLETS
TOTAL MONTH: 2.3 INCHES 5 = HAIL
GRTST 24HR 1.6 ON 18-18 6 = FREEZING RAIN OR DRIZZLE
GRTST DEPTH: T 7 = DUSTSTORM OR SANDSTORM:
VSBY 1/2 MILE OR LESS
8 = SMOKE OR HAZE
[NO. OF DAYS WITH] [WEATHER - DAYS WITH] 9 = BLOWING SNOW
X = TORNADO
MAX 32 OR BELOW: 0 0.01 INCH OR MORE: 20
MAX 90 OR ABOVE: 0 0.10 INCH OR MORE: 9
MIN 32 OR BELOW: 12 0.50 INCH OR MORE: 2
MIN 0 OR BELOW: 0 1.00 INCH OR MORE: 0
[HDD (BASE 65) ]
TOTAL THIS MO. 553 CLEAR (SCALE 0-3) 1
DPTR FM NORMAL 84 PTCLDY (SCALE 4-7) 0
TOTAL FM JUL 1 5651 CLOUDY (SCALE 8-10) 29
DPTR FM NORMAL -281
[CDD (BASE 65) ]
TOTAL THIS MO. 6
DPTR FM NORMAL 0 [PRESSURE DATA]
TOTAL FM JAN 1 6 HIGHEST SLP M ON M
DPTR FM NORMAL -2 LOWEST SLP M ON M
[REMARKS]
#FINAL-04-22#
QC OF PRECIPITATION DATA.