000
CXUS53 KIWX 011303
CF6IWX
PRELIMINARY LOCAL CLIMATOLOGICAL DATA (WS FORM: F-6)
STATION: NORTH WEBSTER WFO
MONTH: DECEMBER
YEAR: 2023
LATITUDE: 41 21 N
LONGITUDE: 85 42 W
TEMPERATURE IN F: :PCPN: SNOW: WIND :SUNSHINE: SKY :PK WND
================================================================================
1 2 3 4 5 6A 6B 7 8 9 10 11 12 13 14 15 16 17 18
12Z AVG MX 2MIN
DY MAX MIN AVG DEP HDD CDD WTR SNW DPTH SPD SPD DIR MIN PSBL S-S WX SPD DR
================================================================================
1 44 38 41 7 24 0 0.51 0.0 0 M M M M M M M M
2 42 38 40 6 25 0 0.08 0.0 0 M M M M M M M M
3 42 35 39 5 26 0 0.15 0.0 0 M M M M M M M M
4 39 31 35 2 30 0 T 0.0 0 M M M M M M M M
5 36 32 34 1 31 0 0.16 0.2 0 M M M M M M M M
6 42 27 35 2 30 0 0.01 0.1 0 M M M M M M M M
7 49 34 42 10 23 0 0.00 0.0 0 M M M M M M M M
8 55 41 48 16 17 0 0.00 0.0 0 M M M M M M M M
9 58 38 48 16 17 0 T 0.0 0 M M M M M M M M
10 38 31 35 4 30 0 T T 0 M M M M M M M M
11 33 25 29 -2 36 0 0.00 0.0 0 M M M M M M M M
12 44 25 35 4 30 0 0.00 0.0 0 M M M M M M M M
13 43 21 32 2 33 0 0.00 0.0 0 M M M M M M M M
14 50 24 37 7 28 0 0.00 0.0 0 M M M M M M M M
15 55 30 43 13 22 0 0.00 0.0 0 M M M M M M M M
16 48 38 43 13 22 0 0.34 0.0 0 M M M M M M M M
17 44 34 39 10 26 0 0.13 0.0 0 M M M M M M 1 M M
18 34 24 29 0 36 0 0.07 0.7 0 M M M M M M 1 M M
19 31 20 26 -3 39 0 T T T M M M M M M M M
20 42 28 35 7 30 0 0.00 0.0 0 M M M M M M M M
21 44 29 37 9 28 0 T 0.0 0 M M M M M M M M
22 44 37 41 13 24 0 0.35 0.0 0 M M M M M M M M
23 47 40 44 16 21 0 0.22 0.0 0 M M M M M M M M
24 52 46 49 21 16 0 T 0.0 0 M M M M M M M M
25 58 44 51 24 14 0 0.21 0.0 0 M M M M M M 1 M M
26 52 34 43 16 22 0 0.01 0.0 0 M M M M M M M M
27 47 30 39 12 26 0 0.00 0.0 0 M M M M M M M M
28 40 35 38 11 27 0 0.70 0.0 0 M M M M M M M M
29 37 34 36 10 29 0 0.10 0.0 0 M M M M M M M M
30 35 28 32 6 33 0 T 0.0 0 M M M M M M M M
31 35 30 33 7 32 0 0.05 0.1 0 M M M M M M M M
================================================================================
SM 1360 1001 827 0 3.09 1.1 M M M
================================================================================
AV 43.9 32.3 M FASTST M M M MAX(MPH)
MISC ----> M M M M
================================================================================
NOTES:
# LAST OF SEVERAL OCCURRENCES
COLUMN 17 PEAK WIND IN M.P.H.
PRELIMINARY LOCAL CLIMATOLOGICAL DATA (WS FORM: F-6) , PAGE 2
STATION: NORTH WEBSTER WFO
MONTH: DECEMBER
YEAR: 2023
LATITUDE: 41 21 N
LONGITUDE: 85 42 W
[TEMPERATURE DATA] [PRECIPITATION DATA] SYMBOLS USED IN COLUMN 16
AVERAGE MONTHLY: 38.1 TOTAL FOR MONTH: 3.09 1 = FOG OR MIST
DPTR FM NORMAL: 8.3 DPTR FM NORMAL: 0.52 2 = FOG REDUCING VISIBILITY
HIGHEST: 58 ON 25, 9 GRTST 24HR 0.70 ON 28-28 TO 1/4 MILE OR LESS
LOWEST: 20 ON 19 3 = THUNDER
SNOW, ICE PELLETS, HAIL 4 = ICE PELLETS
TOTAL MONTH: 1.1 INCHES 5 = HAIL
GRTST 24HR 0.7 ON 18-18 6 = FREEZING RAIN OR DRIZZLE
GRTST DEPTH: T 7 = DUSTSTORM OR SANDSTORM:
VSBY 1/2 MILE OR LESS
8 = SMOKE OR HAZE
[NO. OF DAYS WITH] [WEATHER - DAYS WITH] 9 = BLOWING SNOW
X = TORNADO
MAX 32 OR BELOW: 1 0.01 INCH OR MORE: 15
MAX 90 OR ABOVE: 0 0.10 INCH OR MORE: 10
MIN 32 OR BELOW: 16 0.50 INCH OR MORE: 2
MIN 0 OR BELOW: 0 1.00 INCH OR MORE: 0
[HDD (BASE 65) ]
TOTAL THIS MO. 827 CLEAR (SCALE 0-3) 0
DPTR FM NORMAL -264 PTCLDY (SCALE 4-7) 0
TOTAL FM JUL 1 1960 CLOUDY (SCALE 8-10) 31
DPTR FM NORMAL -364
[CDD (BASE 65) ]
TOTAL THIS MO. 0
DPTR FM NORMAL 0 [PRESSURE DATA]
TOTAL FM JAN 1 658 HIGHEST SLP M ON M
DPTR FM NORMAL -86 LOWEST SLP M ON M
[REMARKS]
#FINAL-12-23#