000
CXUS55 KRIW 011425
CF6JAC
PRELIMINARY LOCAL CLIMATOLOGICAL DATA (WS FORM: F-6)
STATION: JACKSON WY
MONTH: MARCH
YEAR: 2021
LATITUDE: 43 35 N
LONGITUDE: 110 44 W
TEMPERATURE IN F: :PCPN: SNOW: WIND :SUNSHINE: SKY :PK WND
================================================================================
1 2 3 4 5 6A 6B 7 8 9 10 11 12 13 14 15 16 17 18
12Z AVG MX 2MIN
DY MAX MIN AVG DEP HDD CDD WTR SNW DPTH SPD SPD DIR MIN PSBL S-S WX SPD DR
================================================================================
1 34 -5 15 -7 50 0 T M M 6.6 13 20 M M 2 1 M M
2 38 -2 18 -4 47 0 0.00 M M 6.2 15 20 M M 0 M M
3 36 -1 18 -5 47 0 0.00 M M 5.8 14 10 M M 0 M M
4 38 -1 19 -4 46 0 0.00 M M 6.4 14 20 M M 0 M M
5 36 -1 18 -5 47 0 0.00 M M 6.7 14 20 M M 0 M M
6 45 2 24 0 41 0 T M M 10.7 27 230 M M 3 35 250
7 43 16 30 6 35 0 0.00 M M 6.8 15 200 M M 1 M M
8 46 10 28 3 37 0 0.00 M M 8.0 18 220 M M 4 23 220
9 36 24 30 5 35 0 T M M 9.9 16 200 M M 6 35 280
10 35 8 22 -3 43 0 T M M 4.7 14 230 M M 7 18 M M
11 32 -2 15 -11 50 0 0.00 M M 6.9 14 20 M M 0 M M
12 33 -7 13 -13 52 0 0.00 M M 6.7 23 20 M M 0 30 10
13 45 6 26 0 39 0 0.00 M M 15.8 28 10 M M 2 36 20
14 46 26 36 9 29 0 0.00 M M 13.7 21 20 M M 2 20 10
15 41 14 28 1 37 0 0.00 M M 5.8 18 20 M M 2 M M
16 41 24 33 5 32 0 0.00 M M 13.8 21 20 M M 4 M M
17 42 14 28 0 37 0 0.00 M M 5.2 12 200 M M 2 M M
18 47 15 31 3 34 0 0.00 M M 5.5 12 190 M M 3 M M
19 48 19 34 6 31 0 T M M 8.1 14 200 M M 5 M M
20 40 29 35 6 30 0 T M M 9.8 20 200 M M 9 1 M M
21 35 14 25 -4 40 0 0.02 M M 7.4 16 200 M M 5 18 20 310
22 30 15 23 -7 42 0 T M M 6.6 18 200 M M 9 1 M M
23 36 15 26 -4 39 0 T M M 12.0 18 20 M M 4 23 20
24 31 4 18 -12 47 0 0.00 M M 8.4 15 20 M M 4 M M
25 35 24 30 0 35 0 T M M 7.8 14 230 M M 8 1 M M
26 38 20 29 -2 36 0 T M M 4.8 12 200 M M 8 1 17 290
27 40 26 33 2 32 0 T M M 10.0 21 300 M M 5 27 220
28 46 27 37 6 28 0 0.00 M M 14.0 27 200 M M 1 32 200
29 46 18 32 0 33 0 T M M 17.6 39 230 M M 8 12 60 230
30 33 13 23 -9 42 0 T M M 7.4 20 250 M M 7 27 250
31 39 10 25 -7 40 0 0.00 M M 8.2 15 10 M M 0 M M
================================================================================
SM 1211 374 1213 0 0.02 M 267.3 M 111
================================================================================
AV 39.1 12.1 8.6 FASTST M M 4 MAX(MPH)
MISC ----> 39 230 60 230
================================================================================
NOTES:
# LAST OF SEVERAL OCCURRENCES
COLUMN 17 PEAK WIND IN M.P.H.
PRELIMINARY LOCAL CLIMATOLOGICAL DATA (WS FORM: F-6) , PAGE 2
STATION: JACKSON WY
MONTH: MARCH
YEAR: 2021
LATITUDE: 43 35 N
LONGITUDE: 110 44 W
[TEMPERATURE DATA] [PRECIPITATION DATA] SYMBOLS USED IN COLUMN 16
AVERAGE MONTHLY: 25.6 TOTAL FOR MONTH: 0.02 1 = FOG OR MIST
DPTR FM NORMAL: -1.8 DPTR FM NORMAL: -1.60 2 = FOG REDUCING VISIBILITY
HIGHEST: 48 ON 19 GRTST 24HR 0.02 ON 20-21 TO 1/4 MILE OR LESS
LOWEST: -7 ON 12 3 = THUNDER
SNOW, ICE PELLETS, HAIL 4 = ICE PELLETS
TOTAL MONTH: M 5 = HAIL
GRTST 24HR M ON M 6 = FREEZING RAIN OR DRIZZLE
GRTST DEPTH: M ON M 7 = DUSTSTORM OR SANDSTORM:
VSBY 1/2 MILE OR LESS
8 = SMOKE OR HAZE
[NO. OF DAYS WITH] [WEATHER - DAYS WITH] 9 = BLOWING SNOW
X = TORNADO
MAX 32 OR BELOW: 3 0.01 INCH OR MORE: 1
MAX 90 OR ABOVE: 0 0.10 INCH OR MORE: 0
MIN 32 OR BELOW: 31 0.50 INCH OR MORE: 0
MIN 0 OR BELOW: 7 1.00 INCH OR MORE: 0
[HDD (BASE 65) ]
TOTAL THIS MO. 1213 CLEAR (SCALE 0-3) 16
DPTR FM NORMAL 46 PTCLDY (SCALE 4-7) 11
TOTAL FM JUL 1 7984 CLOUDY (SCALE 8-10) 4
DPTR FM NORMAL -307
[CDD (BASE 65) ]
TOTAL THIS MO. 0
DPTR FM NORMAL 0 [PRESSURE DATA]
TOTAL FM JAN 1 0 HIGHEST SLP 30.42 ON 30
DPTR FM NORMAL 0 LOWEST SLP 29.52 ON 29
[REMARKS]
#FINAL-03-21#