000
CXUS52 KJAX 120156
CF6JAX
PRELIMINARY LOCAL CLIMATOLOGICAL DATA (WS FORM: F-6)
STATION: JACKSONVILLE
MONTH: FEBRUARY
YEAR: 2023
LATITUDE: 30 30 N
LONGITUDE: 81 42 W
TEMPERATURE IN F: :PCPN: SNOW: WIND :SUNSHINE: SKY :PK WND
================================================================================
1 2 3 4 5 6A 6B 7 8 9 10 11 12 13 14 15 16 17 18
12Z AVG MX 2MIN
DY MAX MIN AVG DEP HDD CDD WTR SNW DPTH SPD SPD DIR MIN PSBL S-S WX SPD DR
================================================================================
1 80 57 69 14 0 4 0.00 0.0 0 4.4 14 220 M M 6 12 18 260
2 83 55 69 14 0 4 0.00 0.0 0 6.6 17 230 M M 6 12 24 260
3 70 41 56 0 9 0 0.14 0.0 0 8.1 17 340 M M 6 1 28 310
4 63 40 52 -4 13 0 0.00 0.0 0 12.5 26 50 M M 3 37 40
5 74 48 61 5 4 0 0.00 0.0 0 4.8 13 70 M M 6 1 18 320
6 75 44 60 4 5 0 0.00 0.0 0 4.4 15 70 M M 2 1 20 340
7 76 39 58 2 7 0 0.00 0.0 0 4.6 16 150 M M 5 1 23 110
8 81 48 65 9 0 0 0.00 0.0 0 3.3 15 110 M M 4 1 18 120
9 83 59 71 14 0 6 T 0.0 0 6.2 18 170 M M 7 18 25 170
10 83 62 73 16 0 8 0.29 0.0 0 5.3 21 310 M M 9 13 29 310
11 71 61 66 9 0 1 0.87 0.0 0 10.3 29 240 M M 10 13 44 260
12 64 50 57 0 8 0 0.02 0.0 0 14.6 31 260 M M 8 42 240
13 72 41 57 0 8 0 0.00 0.0 0 7.3 17 310 M M 2 27 260
14 75 38 57 0 8 0 0.00 0.0 0 3.6 13 110 M M 3 19 170
15 81 47 64 6 1 0 0.00 0.0 0 6.7 15 110 M M 5 1 21 210
16 84 55 70 12 0 5 0.00 0.0 0 6.9 21 170 M M 4 1 29 170
17 86 52 69 11 0 4 0.10 0.0 0 12.3 31 240 M M 7 1 47 250
18 60 38 49 -9 16 0 0.00 0.0 0 10.4 20 40 M M 3 27 50
19 80 44 62 4 3 0 0.00 0.0 0 4.6 14 270 M M 4 1 20 270
20 79 50 65 6 0 0 0.00 0.0 0 10.5 22 240 M M 5 1 28 250
21 84 63 74 15 0 9 0.00 0.0 0 12.1 22 260 M M 8 30 270
22 87 59 73 14 0 8 0.00 0.0 0 7.3 21 220 M M 4 1 29 220
23 88 57 73 14 0 8 0.00 0.0 0 7.5 18 270 M M 5 1 24 200
24 88 63 76 17 0 11 0.00 0.0 0 6.0 14 280 M M 7 1 19 290
25 85 61 73 14 0 8 0.00 0.0 0 4.4 17 280 M M 7 1 23 270
26 86 60 73 13 0 8 0.00 0.0 0 6.2 17 270 M M 3 1 24 270
27 84 58 71 11 0 6 0.00 0.0 0 12.8 24 240 M M 5 1 35 250
28 87 71 79 19 0 14 0.00 0.0 0 13.3 24 260 M M 6 34 240
================================================================================
SM 2209 1461 82 104 1.42 0.0 217.0 M 150
================================================================================
AV 78.9 52.2 7.8 FASTST M M 5 MAX(MPH)
MISC ----> # 31 260 47 250
================================================================================
NOTES:
# LAST OF SEVERAL OCCURRENCES
COLUMN 17 PEAK WIND IN M.P.H.
PRELIMINARY LOCAL CLIMATOLOGICAL DATA (WS FORM: F-6) , PAGE 2
STATION: JACKSONVILLE
MONTH: FEBRUARY
YEAR: 2023
LATITUDE: 30 30 N
LONGITUDE: 81 42 W
[TEMPERATURE DATA] [PRECIPITATION DATA] SYMBOLS USED IN COLUMN 16
AVERAGE MONTHLY: 65.5 TOTAL FOR MONTH: 1.42 1 = FOG OR MIST
DPTR FM NORMAL: 8.0 DPTR FM NORMAL: -1.44 2 = FOG REDUCING VISIBILITY
HIGHEST: 88 ON 24,23 GRTST 24HR 0.87 ON 11-11 TO 1/4 MILE OR LESS
LOWEST: 38 ON 18,14 3 = THUNDER
SNOW, ICE PELLETS, HAIL 4 = ICE PELLETS
TOTAL MONTH: 0.0 INCH 5 = HAIL
GRTST 24HR 0.0 6 = FREEZING RAIN OR DRIZZLE
GRTST DEPTH: 0 7 = DUSTSTORM OR SANDSTORM:
VSBY 1/2 MILE OR LESS
8 = SMOKE OR HAZE
[NO. OF DAYS WITH] [WEATHER - DAYS WITH] 9 = BLOWING SNOW
X = TORNADO
MAX 32 OR BELOW: 0 0.01 INCH OR MORE: 5
MAX 90 OR ABOVE: 0 0.10 INCH OR MORE: 4
MIN 32 OR BELOW: 0 0.50 INCH OR MORE: 1
MIN 0 OR BELOW: 0 1.00 INCH OR MORE: 0
[HDD (BASE 65) ]
TOTAL THIS MO. 82 CLEAR (SCALE 0-3) 3
DPTR FM NORMAL -152 PTCLDY (SCALE 4-7) 22
TOTAL FM JUL 1 732 CLOUDY (SCALE 8-10) 3
DPTR FM NORMAL -307
[CDD (BASE 65) ]
TOTAL THIS MO. 104
DPTR FM NORMAL 80 [PRESSURE DATA]
TOTAL FM JAN 1 140 HIGHEST SLP 30.49 ON 4
DPTR FM NORMAL 101 LOWEST SLP 29.80 ON 12
[REMARKS]
#FINAL-02-23#