000
CXUS52 KJAX 011019
CF6JAX
PRELIMINARY LOCAL CLIMATOLOGICAL DATA (WS FORM: F-6)
STATION: JACKSONVILLE
MONTH: AUGUST
YEAR: 2023
LATITUDE: 30 30 N
LONGITUDE: 81 42 W
TEMPERATURE IN F: :PCPN: SNOW: WIND :SUNSHINE: SKY :PK WND
================================================================================
1 2 3 4 5 6A 6B 7 8 9 10 11 12 13 14 15 16 17 18
12Z AVG MX 2MIN
DY MAX MIN AVG DEP HDD CDD WTR SNW DPTH SPD SPD DIR MIN PSBL S-S WX SPD DR
================================================================================
1 93 73 83 0 0 18 0.00 0.0 0 4.3 14 60 M M 7 18 50
2 91 74 83 0 0 18 0.00 0.0 0 7.0 18 60 M M 7 29 80
3 91 74 83 0 0 18 T 0.0 0 5.7 15 110 M M 7 21 100
4 89 76 83 0 0 18 0.71 0.0 0 5.8 25 210 M M 8 13 35 200
5 95 75 85 2 0 20 0.72 0.0 0 3.8 23 290 M M 6 13 33 300
6 97 75 86 3 0 21 0.00 0.0 0 3.6 17 360 M M 6 13 24 360
7 98 75 87 4 0 22 T 0.0 0 6.5 14 240 M M 4 3 21 220
8 99 77 88 5 0 23 0.00 0.0 0 8.0 21 350 M M 5 28 360
9 98 76 87 4 0 22 0.00 0.0 0 5.3 15 270 M M 5 22 280
10 97 79 88 6 0 23 T 0.0 0 7.7 26 290 M M 6 3 33 290
11 99 79 89 7 0 24 T 0.0 0 6.3 18 260 M M 5 3 23 270
12 99 78 89 7 0 24 0.00 0.0 0 4.1 10 110 M M 6 13 15 120
13 99 77 88 6 0 23 0.00 0.0 0 5.5 15 120 M M 5 21 110
14 99 76 88 6 0 23 0.00 0.0 0 4.7 28 220 M M 5 3 37 230
15 95 75 85 3 0 20 T 0.0 0 5.5 25 260 M M 6 3 34 250
16 95 76 86 4 0 21 0.96 0.0 0 5.0 20 270 M M 8 13 24 280
17 89 74 82 0 0 17 1.71 0.0 0 4.7 20 350 M M 7 13 35 360
18 94 75 85 3 0 20 0.00 0.0 0 4.8 13 130 M M 6 18 140
19 92 76 84 2 0 19 0.00 0.0 0 5.0 15 110 M M 4 20 110
20 91 75 83 1 0 18 0.02 0.0 0 5.8 18 100 M M 5 13 26 100
21 92 75 84 2 0 19 0.00 0.0 0 5.1 14 80 M M 4 21 80
22 96 74 85 3 0 20 0.00 0.0 0 2.8 10 90 M M 5 14 360
23 92 75 84 2 0 19 0.00 0.0 0 7.9 23 50 M M 5 3 28 50
24 90 71 81 -1 0 16 T 0.0 0 6.0 17 70 M M 3 22 50
25 94 72 83 1 0 18 0.00 0.0 0 3.1 16 320 M M 3 21 330
26 93 74 84 2 0 19 0.00 0.0 0 4.0 14 130 M M 4 21 70
27 91 72 82 1 0 17 0.00 0.0 0 5.0 16 100 M M 2 21 70
28 92 75 84 3 0 19 0.01 0.0 0 6.1 16 70 M M 6 3 22 110
29 95 76 86 5 0 21 0.49 0.0 0 6.6 23 80 M M 9 13 30 80
30 84 76 80 -1 0 15 0.36 0.0 0 18.4 39 170 M M 9 1 60 190
31 93 72 83 2 0 18 0.00 0.0 0 6.1 15 100 M M 6 19 100
================================================================================
SM 2912 2327 0 613 4.98 0.0 180.2 M 174
================================================================================
AV 93.9 75.1 5.8 FASTST M M 6 MAX(MPH)
MISC ----> 39 170 60 190
================================================================================
NOTES:
# LAST OF SEVERAL OCCURRENCES
COLUMN 17 PEAK WIND IN M.P.H.
PRELIMINARY LOCAL CLIMATOLOGICAL DATA (WS FORM: F-6) , PAGE 2
STATION: JACKSONVILLE
MONTH: AUGUST
YEAR: 2023
LATITUDE: 30 30 N
LONGITUDE: 81 42 W
[TEMPERATURE DATA] [PRECIPITATION DATA] SYMBOLS USED IN COLUMN 16
AVERAGE MONTHLY: 84.5 TOTAL FOR MONTH: 4.98 1 = FOG OR MIST
DPTR FM NORMAL: 2.4 DPTR FM NORMAL: -1.90 2 = FOG REDUCING VISIBILITY
HIGHEST: 99 ON 14,13 GRTST 24HR 1.74 ON 16-17 TO 1/4 MILE OR LESS
LOWEST: 71 ON 24 3 = THUNDER
SNOW, ICE PELLETS, HAIL 4 = ICE PELLETS
TOTAL MONTH: 0.0 INCH 5 = HAIL
GRTST 24HR 0.0 6 = FREEZING RAIN OR DRIZZLE
GRTST DEPTH: 0 7 = DUSTSTORM OR SANDSTORM:
VSBY 1/2 MILE OR LESS
8 = SMOKE OR HAZE
[NO. OF DAYS WITH] [WEATHER - DAYS WITH] 9 = BLOWING SNOW
X = TORNADO
MAX 32 OR BELOW: 0 0.01 INCH OR MORE: 8
MAX 90 OR ABOVE: 28 0.10 INCH OR MORE: 6
MIN 32 OR BELOW: 0 0.50 INCH OR MORE: 4
MIN 0 OR BELOW: 0 1.00 INCH OR MORE: 1
[HDD (BASE 65) ]
TOTAL THIS MO. 0 CLEAR (SCALE 0-3) 2
DPTR FM NORMAL 0 PTCLDY (SCALE 4-7) 26
TOTAL FM JUL 1 0 CLOUDY (SCALE 8-10) 3
DPTR FM NORMAL 0
[CDD (BASE 65) ]
TOTAL THIS MO. 613
DPTR FM NORMAL 83 [PRESSURE DATA]
TOTAL FM JAN 1 2449 HIGHEST SLP 30.13 ON 21
DPTR FM NORMAL 366 LOWEST SLP 29.42 ON 30
[REMARKS]
#FINAL-08-23#