000
CXUS53 KLSX 011500
CF6JEF
PRELIMINARY LOCAL CLIMATOLOGICAL DATA (WS FORM: F-6)
STATION: JEFFERSON CITY
MONTH: DECEMBER
YEAR: 2023
LATITUDE: 38 35 N
LONGITUDE: 92 10 W
TEMPERATURE IN F: :PCPN: SNOW: WIND :SUNSHINE: SKY :PK WND
================================================================================
1 2 3 4 5 6A 6B 7 8 9 10 11 12 13 14 15 16 17 18
12Z AVG MX 2MIN
DY MAX MIN AVG DEP HDD CDD WTR SNW DPTH SPD SPD DIR MIN PSBL S-S WX SPD DR
================================================================================
1 53 40 47 7 18 0 0.61 0.0 0 7.6 14 80 M M 10 1 20 80
2 43 39 41 1 24 0 0.12 0.0 0 4.3 12 110 M M 10 1 17 90
3 53 39 46 7 19 0 0.02 0.0 0 7.0 16 250 M M 5 24 240
4 46 36 41 2 24 0 0.12 0.0 0 5.6 16 350 M M 7 1 23 330
5 45 37 41 2 24 0 0.00 0.0 0 8.2 21 310 M M 7 32 310
6 52 27 40 2 25 0 0.00 0.0 0 4.6 12 180 M M 1 1 16 170
7 71 37 54 16 11 0 0.00 0.0 0 8.4 20 200 M M 0 30 190
8 65 51 58 20 7 0 0.10 0.0 0 7.7 17 160 M M 7 3 25 190
9 55 39 47 9 18 0 0.03 0.0 0 10.0 22 330 M M 6 1 34 330
10 45 26 36 -1 29 0 0.00 0.0 0 5.8 16 310 M M 0 26 310
11 54 24 39 2 26 0 0.00 0.0 0 5.0 15 230 M M 1 20 230
12 53 25 39 2 26 0 0.00 0.0 0 2.7 10 50 M M 0 17 60
13 57 33 45 9 20 0 0.00 0.0 0 4.3 10 110 M M 1 16 110
14 61 26 44 8 21 0 0.00 0.0 0 3.9 10 130 M M 0 15 140
15 65 34 50 14 15 0 0.02 0.0 0 7.3 17 140 M M 2 8 23 180
16 51 40 46 10 19 0 0.13 0.0 0 7.7 16 300 M M 10 1 24 290
17 54 40 47 12 18 0 0.00 0.0 0 7.4 13 290 M M 5 17 260
18 40 21 31 -4 34 0 0.00 0.0 0 9.2 20 310 M M 0 32 310
19 48 18 33 -2 32 0 0.00 0.0 0 6.3 12 130 M M 0 18 120
20 63 36 50 15 15 0 0.00 0.0 0 6.2 14 190 M M 0 22 210
21 52 43 48 14 17 0 0.05 M M 5.4 9 170 M M 9 13 190
22 55 51 53 19 12 0 0.28 M M 4.6 8 180 M M 10 1 13 170
23 62 48 55 21 10 0 0.00 M M 5.9 10 170 M M 8 1 14 190
24 65 51 58 24 7 0 0.23 0.0 0 9.2 16 130 M M 7 1 27 140
25 57 37 47 13 18 0 0.40 0.0 0 11.1 21 250 M M 10 1 28 250
26 48 34 41 8 24 0 0.00 0.0 0 10.4 21 200 M M 8 32 210
27 44 34 39 6 26 0 0.05 M M 5.5 17 210 M M 10 1 24 190
28 46 34 40 7 25 0 0.08 M M 9.5 20 330 M M 9 1 32 300
29 39 31 35 2 30 0 0.12 M M 5.8 14 320 M M 9 1 21 330
30 50 27 39 6 26 0 0.00 M M 3.0 14 240 M M 0 1 20 260
31 40 34 37 5 28 0 0.00 M M 9.0 17 340 M M 8 24 280
================================================================================
SM 1632 1092 648 0 2.36 0.0 208.6 M 160
================================================================================
AV 52.6 35.2 6.7 FASTST M M 5 MAX(MPH)
MISC ----> 22 330 34 330
================================================================================
NOTES:
# LAST OF SEVERAL OCCURRENCES
COLUMN 17 PEAK WIND IN M.P.H.
PRELIMINARY LOCAL CLIMATOLOGICAL DATA (WS FORM: F-6) , PAGE 2
STATION: JEFFERSON CITY
MONTH: DECEMBER
YEAR: 2023
LATITUDE: 38 35 N
LONGITUDE: 92 10 W
[TEMPERATURE DATA] [PRECIPITATION DATA] SYMBOLS USED IN COLUMN 16
AVERAGE MONTHLY: 43.9 TOTAL FOR MONTH: 2.36 1 = FOG OR MIST
DPTR FM NORMAL: 8.1 DPTR FM NORMAL: 0.26 2 = FOG REDUCING VISIBILITY
HIGHEST: 71 ON 7 GRTST 24HR 0.79 ON 30- 1 TO 1/4 MILE OR LESS
LOWEST: 18 ON 19 3 = THUNDER
SNOW, ICE PELLETS, HAIL 4 = ICE PELLETS
TOTAL MONTH: 0.0 INCH 5 = HAIL
GRTST 24HR 0.0 6 = FREEZING RAIN OR DRIZZLE
GRTST DEPTH: 0 7 = DUSTSTORM OR SANDSTORM:
VSBY 1/2 MILE OR LESS
8 = SMOKE OR HAZE
[NO. OF DAYS WITH] [WEATHER - DAYS WITH] 9 = BLOWING SNOW
X = TORNADO
MAX 32 OR BELOW: 0 0.01 INCH OR MORE: 15
MAX 90 OR ABOVE: 0 0.10 INCH OR MORE: 9
MIN 32 OR BELOW: 9 0.50 INCH OR MORE: 1
MIN 0 OR BELOW: 0 1.00 INCH OR MORE: 0
[HDD (BASE 65) ]
TOTAL THIS MO. 648 CLEAR (SCALE 0-3) 12
DPTR FM NORMAL -257 PTCLDY (SCALE 4-7) 7
TOTAL FM JUL 1 1393 CLOUDY (SCALE 8-10) 12
DPTR FM NORMAL -405
[CDD (BASE 65) ]
TOTAL THIS MO. 0
DPTR FM NORMAL 0 [PRESSURE DATA]
TOTAL FM JAN 1 1767 HIGHEST SLP 30.69 ON 14
DPTR FM NORMAL 312 LOWEST SLP 29.57 ON 8
[REMARKS]
#FINAL-12-23#