000
CXUS55 KBOI 011002
CF6JER
PRELIMINARY LOCAL CLIMATOLOGICAL DATA (WS FORM: F-6)
STATION: JEROME ID
MONTH: APRIL
YEAR: 2023
LATITUDE: 42 43 N
LONGITUDE: 114 27 W
TEMPERATURE IN F: :PCPN: SNOW: WIND :SUNSHINE: SKY :PK WND
================================================================================
1 2 3 4 5 6A 6B 7 8 9 10 11 12 13 14 15 16 17 18
12Z AVG MX 2MIN
DY MAX MIN AVG DEP HDD CDD WTR SNW DPTH SPD SPD DIR MIN PSBL S-S WX SPD DR
================================================================================
1 47 33 40 -5 25 0 0.02 M M 11.7 37 300 M M 9 1 49 300
2 40 31 36 -10 29 0 0.13 M M 9.7 18 200 M M 10 1 25 240
3 37 28 33 -13 32 0 0.01 M M 19.4 33 280 M M 9 12 45 290
4 40 26 33 -13 32 0 T M M 20.6 32 270 M M 9 41 280
5 43 26 35 -11 30 0 0.00 M M 14.3 23 260 M M 6 30 290
6 50 23 37 -9 28 0 0.00 M M 12.2 25 70 M M 0 32 60
7 55 29 42 -4 23 0 T M M 16.7 30 70 M M 3 38 70
8 58 34 46 0 19 0 0.00 M M 8.8 18 80 M M 4 24 290
9 68 36 52 5 13 0 0.00 M M 10.3 21 50 M M 1 25 40
10 76 39 58 11 7 0 0.00 M M 16.8 25 70 M M 0 31 70
11 71 42 57 10 8 0 0.00 M M 11.6 28 240 M M 1 39 220
12 55 35 45 -2 20 0 0.00 M M 14.2 31 270 M M 2 39 270
13 47 27 37 -10 28 0 T M M 20.9 36 280 M M 5 1 46 260
14 51 27 39 -9 26 0 0.00 M M 8.5 23 290 M M 1 38 310
15 60 27 44 -4 21 0 0.00 M M 12.5 22 60 M M 0 29 40
16 72 35 54 6 11 0 0.00 M M 17.3 24 210 M M 0 35 210
17 61 39 50 2 15 0 0.00 M M 9.1 26 250 M M 2 36 250
18 44 26 35 -13 30 0 0.02 M M 16.8 37 270 M M 6 12 47 270
19 49 22 36 -13 29 0 0.00 M M 10.3 25 250 M M 2 32 240
20 48 26 37 -12 28 0 0.00 M M 12.3 29 260 M M 2 37 280
21 50 34 42 -7 23 0 T M M 19.0 37 280 M M 6 18 52 290
22 54 34 44 -5 21 0 0.00 M M 8.8 22 260 M M 5 27 250
23 64 30 47 -3 18 0 T M M 7.7 18 230 M M 3 28 220
24 59 39 49 -1 16 0 T M M 18.4 37 270 M M 3 52 300
25 60 32 46 -4 19 0 0.00 M M 11.5 20 270 M M 1 32 270
26 67 39 53 2 12 0 0.00 M M 9.2 20 270 M M 0 26 280
27 69 44 57 6 8 0 0.00 M M 17.4 35 270 M M 0 46 280
28 74 38 56 5 9 0 0.00 M M 12.6 23 80 M M 0 29 80
29 82 43 63 11 2 0 T M M 9.4 21 60 M M 0 24 50
30 87 49 68 16 0 3 T M M 12.5 24 140 M M 0 33 140
================================================================================
SM 1738 993 582 3 0.18 M 400.5 M 90
================================================================================
AV 57.9 33.1 13.4 FASTST M M 3 MAX(MPH)
MISC ----> # 37 300 # 52 290
================================================================================
NOTES:
# LAST OF SEVERAL OCCURRENCES
COLUMN 17 PEAK WIND IN M.P.H.
PRELIMINARY LOCAL CLIMATOLOGICAL DATA (WS FORM: F-6) , PAGE 2
STATION: JEROME ID
MONTH: APRIL
YEAR: 2023
LATITUDE: 42 43 N
LONGITUDE: 114 27 W
[TEMPERATURE DATA] [PRECIPITATION DATA] SYMBOLS USED IN COLUMN 16
AVERAGE MONTHLY: 45.5 TOTAL FOR MONTH: 0.18 1 = FOG OR MIST
DPTR FM NORMAL: -2.6 DPTR FM NORMAL: -0.88 2 = FOG REDUCING VISIBILITY
HIGHEST: 87 ON 30 GRTST 24HR 0.14 ON 2- 3 TO 1/4 MILE OR LESS
LOWEST: 22 ON 19 3 = THUNDER
SNOW, ICE PELLETS, HAIL 4 = ICE PELLETS
TOTAL MONTH: M 5 = HAIL
GRTST 24HR M ON M 6 = FREEZING RAIN OR DRIZZLE
GRTST DEPTH: M ON M 7 = DUSTSTORM OR SANDSTORM:
VSBY 1/2 MILE OR LESS
8 = SMOKE OR HAZE
[NO. OF DAYS WITH] [WEATHER - DAYS WITH] 9 = BLOWING SNOW
X = TORNADO
MAX 32 OR BELOW: 0 0.01 INCH OR MORE: 4
MAX 90 OR ABOVE: 0 0.10 INCH OR MORE: 1
MIN 32 OR BELOW: 14 0.50 INCH OR MORE: 0
MIN 0 OR BELOW: 0 1.00 INCH OR MORE: 0
[HDD (BASE 65) ]
TOTAL THIS MO. 582 CLEAR (SCALE 0-3) 18
DPTR FM NORMAL 74 PTCLDY (SCALE 4-7) 8
TOTAL FM JUL 1 6378 CLOUDY (SCALE 8-10) 4
DPTR FM NORMAL 666
[CDD (BASE 65) ]
TOTAL THIS MO. 3
DPTR FM NORMAL 2 [PRESSURE DATA]
TOTAL FM JAN 1 3 HIGHEST SLP 30.36 ON 20
DPTR FM NORMAL 2 LOWEST SLP 29.56 ON 30
[REMARKS]
#FINAL-04-23#