000
CXUS51 KOKX 011010
CF6JFK
PRELIMINARY LOCAL CLIMATOLOGICAL DATA (WS FORM: F-6)
STATION: KENNEDY NY
MONTH: FEBRUARY
YEAR: 2022
LATITUDE: 40 39 N
LONGITUDE: 73 47 W
TEMPERATURE IN F: :PCPN: SNOW: WIND :SUNSHINE: SKY :PK WND
================================================================================
1 2 3 4 5 6A 6B 7 8 9 10 11 12 13 14 15 16 17 18
12Z AVG MX 2MIN
DY MAX MIN AVG DEP HDD CDD WTR SNW DPTH SPD SPD DIR MIN PSBL S-S WX SPD DR
================================================================================
1 38 18 28 -4 37 0 0.00 0.0 8 7.0 15 40 M M 5 17 40
2 45 28 37 4 28 0 0.00 0.0 7 5.1 12 110 M M 9 12 14 110
3 46 37 42 9 23 0 0.33 0.0 2 6.2 18 180 M M 10 12 24 180
4 49 27 38 5 27 0 0.56 0.1 0 16.4 26 340 M M 10 16 32 190
5 30 19 25 -8 40 0 T T 0 18.4 30 320 M M 5 36 330
6 31 15 23 -10 42 0 0.00 0.0 0 7.3 14 340 M M 3 16 340
7 39 30 35 2 30 0 0.28 T 0 7.8 15 360 M M 10 1 17 350
8 48 32 40 7 25 0 0.12 0.0 0 14.4 25 310 M M 6 1 32 310
9 41 24 33 -1 32 0 0.00 0.0 0 7.8 17 270 M M 1 21 270
10 56 30 43 9 22 0 0.00 0.0 0 9.7 31 260 M M 4 1 40 230
11 52 34 43 9 22 0 0.00 0.0 0 12.4 24 170 M M 4 30 190
12 61 39 50 16 15 0 0.00 0.0 0 13.7 26 270 M M 8 33 270
13 43 25 34 0 31 0 0.25 2.8 1 10.6 23 340 M M 10 1 33 330
14 25 17 21 -13 44 0 0.00 0.0 3 18.6 29 330 M M 3 34 310
15 30 17 24 -10 41 0 0.00 0.0 2 12.0 21 320 M M 2 25 310
16 43 22 33 -2 32 0 0.00 0.0 T 11.3 18 190 M M 6 23 160
17 54 41 48 13 17 0 0.23 0.0 0 19.8 32 180 M M 9 12 39 180
18 58 27 43 8 22 0 0.39 0.0 0 23.8 41 190 M M 6 12 51 190
19 42 21 32 -3 33 0 T T 0 17.3 40 310 M M 3 50 290
20 34 21 28 -7 37 0 0.00 0.0 0 14.5 30 310 M M 2 38 300
21 48 30 39 3 26 0 0.00 0.0 0 7.6 15 230 M M 3 19 220
22 53 33 43 7 22 0 0.14 0.0 0 15.0 36 190 M M 9 1 45 190
23 69 35 52 16 13 0 0.00 0.0 0 13.9 32 330 M M 8 40 270
24 35 29 32 -4 33 0 0.00 0.0 0 10.7 23 330 M M 9 26 330
25 45 26 36 0 29 0 0.78 0.3 T 14.4 29 330 M M 8 146 39 290
26 38 24 31 -6 34 0 0.00 0.0 0 13.5 24 330 M M 6 29 330
27 48 29 39 2 26 0 0.00 0.0 0 19.0 33 310 M M 3 39 310
28 37 27 32 -5 33 0 0.00 0.0 0 12.4 28 320 M M 3 32 330
================================================================================
SM 1238 757 816 0 3.08 3.2 360.6 M 165
================================================================================
AV 44.2 27.0 12.9 FASTST M M 6 MAX(MPH)
MISC ----> 41 190 51 190
================================================================================
NOTES:
# LAST OF SEVERAL OCCURRENCES
COLUMN 17 PEAK WIND IN M.P.H.
PRELIMINARY LOCAL CLIMATOLOGICAL DATA (WS FORM: F-6) , PAGE 2
STATION: KENNEDY NY
MONTH: FEBRUARY
YEAR: 2022
LATITUDE: 40 39 N
LONGITUDE: 73 47 W
[TEMPERATURE DATA] [PRECIPITATION DATA] SYMBOLS USED IN COLUMN 16
AVERAGE MONTHLY: 35.6 TOTAL FOR MONTH: 3.08 1 = FOG OR MIST
DPTR FM NORMAL: 1.1 DPTR FM NORMAL: 0.32 2 = FOG REDUCING VISIBILITY
HIGHEST: 69 ON 23 GRTST 24HR 0.78 ON 24-25 TO 1/4 MILE OR LESS
LOWEST: 15 ON 6 3 = THUNDER
SNOW, ICE PELLETS, HAIL 4 = ICE PELLETS
TOTAL MONTH: 3.2 INCHES 5 = HAIL
GRTST 24HR 2.8 ON 13-13 6 = FREEZING RAIN OR DRIZZLE
GRTST DEPTH: 9 ON M 7 = DUSTSTORM OR SANDSTORM:
VSBY 1/2 MILE OR LESS
8 = SMOKE OR HAZE
[NO. OF DAYS WITH] [WEATHER - DAYS WITH] 9 = BLOWING SNOW
X = TORNADO
MAX 32 OR BELOW: 4 0.01 INCH OR MORE: 9
MAX 90 OR ABOVE: 0 0.10 INCH OR MORE: 9
MIN 32 OR BELOW: 22 0.50 INCH OR MORE: 2
MIN 0 OR BELOW: 0 1.00 INCH OR MORE: 0
[HDD (BASE 65) ]
TOTAL THIS MO. 816 CLEAR (SCALE 0-3) 8
DPTR FM NORMAL -37 PTCLDY (SCALE 4-7) 12
TOTAL FM JUL 1 3201 CLOUDY (SCALE 8-10) 8
DPTR FM NORMAL -310
[CDD (BASE 65) ]
TOTAL THIS MO. 0
DPTR FM NORMAL 0 [PRESSURE DATA]
TOTAL FM JAN 1 0 HIGHEST SLP M ON M
DPTR FM NORMAL 0 LOWEST SLP 29.35 ON 18
[REMARKS]
#FINAL-02-22#